{"id":88,"date":"2019-04-03T15:09:56","date_gmt":"2019-04-03T13:09:56","guid":{"rendered":"https:\/\/webs.uab.cat\/spl\/area-assistencial\/"},"modified":"2025-07-02T12:08:49","modified_gmt":"2025-07-02T10:08:49","slug":"area-assistencial","status":"publish","type":"page","link":"https:\/\/webs.uab.cat\/spl\/area-assistencial\/","title":{"rendered":"\u00c0REA ASSISTENCIAL"},"content":{"rendered":"\n<p><strong>L\u2019\u00c0rea Assistencial del Servei de Psicologia i Logop\u00e8dia <\/strong>\u00e9s un servei de transfer\u00e8ncia de coneixement i suport de pr\u00e0cticum (estudiants de Grau, de M\u00e1ster i de Doctorat) a la doc\u00e8ncia de la Facultat de Psicologia de la UAB, amb l\u2019objectiu principal d\u2019oferir a la comunitat universit\u00e0ria i a la societat en general un servei especialitzat i d\u2019alt nivell en l\u2019atenci\u00f3 en psicologia sanit\u00e0ria i cl\u00ednica, i de logop\u00e8dia. L\u2019activitat assistencial del Servei de Psicologia i Logop\u00e8dia s\u2019adre\u00e7a priorit\u00e0riament als membres de la comunitat universit\u00e0ria de la UAB, en un segon lloc a familiars i a persones de l\u2019entorn m\u00e9s proper de la UAB i, per \u00faltim, a qualsevol persona externa a la UAB que demani els seus serveis<\/p>\n\n\n\n<p><strong>L\u2019objectiu inicial <\/strong>de l\u2019\u00c0rea assistencial del Servei de Psicologia i Logop\u00e8dia \u00e9s arribar a ser conegut per la comunitat UAB, pels municipis propers i per les institucions sanit\u00e0ries, com un recurs assistencial complementari a l\u2019oferta existent, referent de qualitat en l\u2019atenci\u00f3 integral en psicologia sanit\u00e0ria, en salut mental i en logop\u00e8dia. La posici\u00f3 del Servei a <strong>llarg termini<\/strong> ha de consolidar-se com la d\u2019un centre de refer\u00e8ncia per la seva qualitat de servei a les persones i de contribuci\u00f3 a la xarxa d\u2019atenci\u00f3 psicol\u00f2gica i i logop\u00e8dica comunit\u00e0ria, en interacci\u00f3 amb les institucions p\u00fabliques i privades del territori. La cultura de servei del SPL est\u00e0 clarament orientada a les necessitats de salut i benestar psicol\u00f2gica i logop\u00e8dica de les persones, incorporant els factors del seu entorn concret de vida, com a claus pel diagn\u00f2stic i intervenci\u00f3 amb un enfoc integral inter i multidisciplinar.<\/p>\n\n\n\n<p>El SPL parteix d\u2019una concepci\u00f3 positiva de salut biopsicosocial que comporta l\u2019orientaci\u00f3 cap a la promoci\u00f3 de la salut, la prevenci\u00f3, l\u2019avaluaci\u00f3 i diagn\u00f2stic, l\u2019atenci\u00f3 i la intervenci\u00f3 amb una dimensi\u00f3 comunit\u00e0ria. Aix\u00ed, l\u2019actuaci\u00f3 assistencial no s\u2019adre\u00e7a \u00fanicament a les persones que pateixen qualsevol trastorn psicol\u00f2gic i\/o logop\u00e8dic, sin\u00f3 que tamb\u00e9 contempla l\u2019acompanyament, l\u2019orientaci\u00f3, el suport i la intervenci\u00f3 en els seus contextos de vida i amb les persones, grups i organitzacions que en formen part. Aquesta concepci\u00f3 de l\u2019atenci\u00f3 en salut psicol\u00f2gica i logop\u00e8dia comporta necess\u00e0riament l\u2019establiment d\u2019aliances funcionals amb les organitzacions socials necess\u00e0ries per a garantir la consecuci\u00f3 dels objectius del servei. Aix\u00ed doncs, el SPL establir\u00e0 convenis de prestaci\u00f3 de serveis amb professionals aut\u00f2noms qualificats o convenis de col\u00b7laboraci\u00f3 amb els professionals, les institucions i les organitzacions p\u00fabliques i privades que, tot garantint la independ\u00e8ncia d\u2019actuaci\u00f3 i compartint criteris de qualitat i bona pr\u00e0ctica, s\u2019orientin cap a objectius de salut psicol\u00f2gica i logop\u00e8dica, i benestar dels ciutadans.<\/p>\n\n\n\n<p>&nbsp;<\/p>\n\n\n\n<p><strong><em>Unitats assistencials<\/em><\/strong><\/p>\n\n\n\n<p><a href=\"https:\/\/webs.uab.cat\/spl\/uaic-unitat-davaluacio-i-intervencio-en-imatge-corporal\/\" data-type=\"page\" data-id=\"78\">Unitat d\u2019Avaluaci\u00f3 i Intervenci\u00f3 en Imatge Corporal, UAIC<\/a><\/p>\n\n\n\n<p><a href=\"https:\/\/webs.uab.cat\/spl\/unitat-destres-i-salut-ues\/\" data-type=\"page\" data-id=\"87\">Unitat d&#8217;Estr\u00e8s i Salut, UES<\/a><\/p>\n\n\n\n<p><a href=\"https:\/\/webs.uab.cat\/spl\/unitat-de-veu\/\" data-type=\"page\" data-id=\"44\">Unitat de Psicologia Cl\u00ednica i Neuropsicologia<\/a>, UPCN<\/p>\n\n\n\n<p><a href=\"https:\/\/webs.uab.cat\/spl\/umip\/\" data-type=\"page\" data-id=\"70\">Unitat de Psicologia Forense<\/a>, UPF<\/p>\n\n\n\n<p><a href=\"https:\/\/webs.uab.cat\/spl\/utccb\/\" data-type=\"page\" data-id=\"43\">Unitat de Trauma, Crisis i Conflictes de Barcelona, UTCCB<\/a><\/p>\n\n\n\n<p><a href=\"https:\/\/webs.uab.cat\/spl\/unitat-de-trastorns-de-la-veu\/\" data-type=\"page\" data-id=\"106\">Unitat de Trastorns de la Veu<\/a><\/p>\n\n\n\n<p><a href=\"https:\/\/webs.uab.cat\/spl\/unitat-de-trastorns-especifics-de-laprenentatge-i-del-llenguatge\/\" data-type=\"page\" data-id=\"103\">Unitat de Trastorns espec\u00edfics de l&#8217;aprenentatge i del llenguatge<\/a><\/p>\n\n\n\n<p><\/p>\n","protected":false},"excerpt":{"rendered":"<p>L\u2019\u00c0rea Assistencial del Servei de Psicologia i Logop\u00e8dia \u00e9s un servei de transfer\u00e8ncia de coneixement i suport de pr\u00e0cticum (estudiants de Grau, de M\u00e1ster i de Doctorat) a la doc\u00e8ncia de la Facultat de Psicologia de la UAB, amb l\u2019objectiu principal d\u2019oferir a la comunitat universit\u00e0ria i a la societat en general un servei especialitzat [&hellip;]<\/p>\n","protected":false},"author":20,"featured_media":0,"parent":0,"menu_order":0,"comment_status":"closed","ping_status":"closed","template":"","meta":{"footnotes":""},"class_list":["post-88","page","type-page","status-publish","hentry"],"_links":{"self":[{"href":"https:\/\/webs.uab.cat\/spl\/wp-json\/wp\/v2\/pages\/88","targetHints":{"allow":["GET"]}}],"collection":[{"href":"https:\/\/webs.uab.cat\/spl\/wp-json\/wp\/v2\/pages"}],"about":[{"href":"https:\/\/webs.uab.cat\/spl\/wp-json\/wp\/v2\/types\/page"}],"author":[{"embeddable":true,"href":"https:\/\/webs.uab.cat\/spl\/wp-json\/wp\/v2\/users\/20"}],"replies":[{"embeddable":true,"href":"https:\/\/webs.uab.cat\/spl\/wp-json\/wp\/v2\/comments?post=88"}],"version-history":[{"count":5,"href":"https:\/\/webs.uab.cat\/spl\/wp-json\/wp\/v2\/pages\/88\/revisions"}],"predecessor-version":[{"id":449,"href":"https:\/\/webs.uab.cat\/spl\/wp-json\/wp\/v2\/pages\/88\/revisions\/449"}],"wp:attachment":[{"href":"https:\/\/webs.uab.cat\/spl\/wp-json\/wp\/v2\/media?parent=88"}],"curies":[{"name":"wp","href":"https:\/\/api.w.org\/{rel}","templated":true}]}}

ÀREA ASSISTENCIAL

<p><strong>L’Àrea Assistencial del Servei de Psicologia i Logopèdia </strong>és un servei de transferència de coneixement i suport de pràcticum (estudiants de Grau, de Máster i de Doctorat) a la docència de la Facultat de Psicologia de la UAB, amb l’objectiu principal d’oferir a la comunitat universitària i a la societat en general un servei especialitzat i d’alt nivell en l’atenció en psicologia sanitària i clínica, i de logopèdia. L’activitat assistencial del Servei de Psicologia i Logopèdia s’adreça prioritàriament als membres de la comunitat universitària de la UAB, en un segon lloc a familiars i a persones de l’entorn més proper de la UAB i, per últim, a qualsevol persona externa a la UAB que demani els seus serveis</p>



<p><strong>L’objectiu inicial </strong>de l’Àrea assistencial del Servei de Psicologia i Logopèdia és arribar a ser conegut per la comunitat UAB, pels municipis propers i per les institucions sanitàries, com un recurs assistencial complementari a l’oferta existent, referent de qualitat en l’atenció integral en psicologia sanitària, en salut mental i en logopèdia. La posició del Servei a <strong>llarg termini</strong> ha de consolidar-se com la d’un centre de referència per la seva qualitat de servei a les persones i de contribució a la xarxa d’atenció psicològica i i logopèdica comunitària, en interacció amb les institucions públiques i privades del territori. La cultura de servei del SPL està clarament orientada a les necessitats de salut i benestar psicològica i logopèdica de les persones, incorporant els factors del seu entorn concret de vida, com a claus pel diagnòstic i intervenció amb un enfoc integral inter i multidisciplinar.</p>



<p>El SPL parteix d’una concepció positiva de salut biopsicosocial que comporta l’orientació cap a la promoció de la salut, la prevenció, l’avaluació i diagnòstic, l’atenció i la intervenció amb una dimensió comunitària. Així, l’actuació assistencial no s’adreça únicament a les persones que pateixen qualsevol trastorn psicològic i/o logopèdic, sinó que també contempla l’acompanyament, l’orientació, el suport i la intervenció en els seus contextos de vida i amb les persones, grups i organitzacions que en formen part. Aquesta concepció de l’atenció en salut psicològica i logopèdia comporta necessàriament l’establiment d’aliances funcionals amb les organitzacions socials necessàries per a garantir la consecució dels objectius del servei. Així doncs, el SPL establirà convenis de prestació de serveis amb professionals autònoms qualificats o convenis de col·laboració amb els professionals, les institucions i les organitzacions públiques i privades que, tot garantint la independència d’actuació i compartint criteris de qualitat i bona pràctica, s’orientin cap a objectius de salut psicològica i logopèdica, i benestar dels ciutadans.</p>



<p>&nbsp;</p>



<p><strong><em>Unitats assistencials</em></strong></p>



<p><a href="https://webs.uab.cat/spl/uaic-unitat-davaluacio-i-intervencio-en-imatge-corporal/" data-type="page" data-id="78">Unitat d’Avaluació i Intervenció en Imatge Corporal, UAIC</a></p>



<p><a href="https://webs.uab.cat/spl/unitat-destres-i-salut-ues/" data-type="page" data-id="87">Unitat d&#8217;Estrès i Salut, UES</a></p>



<p><a href="https://webs.uab.cat/spl/unitat-de-veu/" data-type="page" data-id="44">Unitat de Psicologia Clínica i Neuropsicologia</a>, UPCN</p>



<p><a href="https://webs.uab.cat/spl/umip/" data-type="page" data-id="70">Unitat de Psicologia Forense</a>, UPF</p>



<p><a href="https://webs.uab.cat/spl/utccb/" data-type="page" data-id="43">Unitat de Trauma, Crisis i Conflictes de Barcelona, UTCCB</a></p>



<p><a href="https://webs.uab.cat/spl/unitat-de-trastorns-de-la-veu/" data-type="page" data-id="106">Unitat de Trastorns de la Veu</a></p>



<p><a href="https://webs.uab.cat/spl/unitat-de-trastorns-especifics-de-laprenentatge-i-del-llenguatge/" data-type="page" data-id="103">Unitat de Trastorns específics de l&#8217;aprenentatge i del llenguatge</a></p>



<p></p>

<p>L’Àrea Assistencial del Servei de Psicologia i Logopèdia és un servei de transferència de coneixement i suport de pràcticum (estudiants de Grau, de Máster i de Doctorat) a la docència de la Facultat de Psicologia de la UAB, amb l’objectiu principal d’oferir a la comunitat universitària i a la societat en general un servei especialitzat [&hellip;]</p>
