{"id":94,"date":"2019-04-03T16:29:50","date_gmt":"2019-04-03T14:29:50","guid":{"rendered":"https:\/\/webs.uab.cat\/spl\/ambit-dintervencio-psicosocial-per-a-la-inclusio-social\/"},"modified":"2023-02-28T15:31:10","modified_gmt":"2023-02-28T13:31:10","slug":"ambit-dintervencio-psicosocial-per-a-la-inclusio-social","status":"publish","type":"page","link":"https:\/\/webs.uab.cat\/spl\/ambit-dintervencio-psicosocial-per-a-la-inclusio-social\/","title":{"rendered":"\u00c0mbit d&#8217;intervenci\u00f3 psicosocial per a la inclusi\u00f3 social"},"content":{"rendered":"\n<p>Estudis sobre processos de discriminaci\u00f3 i d\u2019exclusi\u00f3 social en relaci\u00f3 amb la diversitat cultural, social o funcional, i intervenci\u00f3 per a la promoci\u00f3 de la conviv\u00e8ncia, la inclusi\u00f3 social i educativa<\/p>\n\n\n\n<ul class=\"wp-block-list\"><li>Inclusi\u00f3 social de comunitats culturals no hegem\u00f2niques<\/li><li>Inclusi\u00f3 social d\u2019immigrants i asilats<\/li><li>Inclusi\u00f3 social i diversitat funcional<\/li><li>Inclusi\u00f3 educativa formal i no formal<\/li><li>Conviv\u00e8ncia intercultural<\/li><\/ul>\n\n\n\n<p><strong>&nbsp;Algunes activitats de transfer\u00e8ncia desenvolupades des d\u2019aquest \u00e0mbit:<\/strong><\/p>\n\n\n\n<p><em>(Nom del projecte \/ Entitat contractant \/ Investigadors i professionals)<\/em><\/p>\n\n\n\n<ul class=\"wp-block-list\"><li><em>Factores psicosociales en los procesos de ajuste a la discapacidad \/ Institute Guttmann Foundation \/ Joan Pujol i Laura Sanmiquel.<\/em><\/li><li><em>BRIDGES: Building inclusive societies: Diversifying knowledge and tackling discrimination through civil society participation in universities \/ UE: Erasmus+: Strategic Partneship Higher Education \/ Marisela Montenegro, \u00c1lvaro Ram\u00edrez, Catalina \u00c1lvarez i Francina Planas.<\/em><\/li><li><em>Drets, ciutadania i participaci\u00f3 a Barcelona: cap a una Ciutat Acollidora \/ Ajuntament de Barcelona \/ Marisela Montenegro, \u00c1lvaro Ram\u00edrez, Catalina \u00c1lvarez i Francina Planas.<\/em><\/li><li><em>Significats de la inserci\u00f3 sociolaboral i procesos d&#8217;intervenci\u00f3 social amb dones migrades en el territori catal\u00e0 \/ Institut Catal\u00e0 de les Dones \/ Marisela Montenegro, Caterine Galaz, Laura Yufra i Karla Montenegro.<\/em><\/li><li><em>Pol\u00edtiques, pr\u00e0ctiques i estrat\u00e8gies d&#8217;inserci\u00f3: Una mirada des de les traject\u00f2ries de les dones inmigrades \/ Ag\u00e8ncia de Gesti\u00f3 d&#8217;Ajuts Universitaris i de Recerca \/ Marisela Montenegro, Caterine Galaz, Laura Yufra i Karla Montenegro.<\/em><\/li><li><em>Mujeres inmigrantes y sistema educativo en la sociedad receptora: An\u00e1lisis y propuestas de mejoramiento del acceso y la satisfacci\u00f3n en los recursos de formaci\u00f3n para la inserci\u00f3n sociolaboral \/ Instituto de la Mujer \/ Marisela Montenegro, Caterine Galaz, Laura Yufra i Karla Montenegro.<\/em><\/li><li><em>Fons de coneixement i fons d\u2019identitat a l\u2019Institut-escola El Til\u00b7ler del barri de Bon Pastor \/ Ajuntament de Barcelona \/ Jos\u00e9 Luis Lalueza, David Garc\u00eda Romero, Cristina Zhang, Carola Mar\u00edn, S\u00edlvia Camps Orfila, Sarai Garc\u00eda.<\/em><\/li><li><em>Projecte Shere Rom. Intervenci\u00f3 socioeducativa per a la inclusi\u00f3 intercultural \/ Ajuntament de Barcelona \/ Jos\u00e9 Luis Lalueza, S\u00f2nia S\u00e1nchez, Marta Padr\u00f3s, Reme Rubio, Isabel Crespo, Mar\u00eda Jos\u00e9 Luque<\/em>s<\/li><li><em>Caf\u00e8 a la Lluna. Espai de trobada entre mares de la comunitat gitana, educadors de serveis socials i altres agents educatius del territori per discutir conjuntament sobre temes educatius i socials que afecten a la comunitat gitana de Gr\u00e0cia \/ Serveis Socials de la Vila de Gr\u00e0cia, Fundaci\u00f3 Pere Closa \/ Marta Padr\u00f3s<\/em>.<\/li><li><em>\u00das de les TIC per a la promoci\u00f3 de persones i col\u00b7lectius pertanyents a les comunitats del Poble Gitano de Barcelona \/ Uni\u00f3 Europea \/ Jos\u00e9 Luis Lalueza, S\u00f2nia S\u00e1nchez, Marta Padr\u00f3s, Reme Rubio, Isabel Crespo, Mar\u00eda Jos\u00e9 Luque, S\u00edlvia Camps Soler, Amaya Cazorla, Txell Portell<\/em><\/li><li>Elaboraci\u00f3 d&#8217;un diagn\u00f2stic comunitari de necessitats al barri de Sant Roc de Badalona \/Direcci\u00f3 General de Serveis Comunitaris \/ Generalittat de Catalunya \/ Jos\u00e9 Luis Lalueza<\/li><li>Realitzaci\u00f3 de l&#8217;estudi de necessitats per a l&#8217;elaboraci\u00f3 de plans de dinamitzaci\u00f3 comunit\u00e0ria als barris Nucli Antic, Montserrat i F\u00e0tima del municipi d&#8217;Igualada (Ajuntament d&#8217;Igualada \/ Jos\u00e9 Luis Lalueza<\/li><\/ul>\n\n\n\n<p><strong>Grups de recerca vinculats a aquest \u00e0mbit<\/strong><\/p>\n\n\n\n<p><a href=\"https:\/\/webs.uab.cat\/dehisi\/ca\">DEHISI<\/a>\u00a0(desenvolupament hum\u00e0, intervenci\u00f3 social i interculturalitat)<\/p>\n\n\n\n<p><a href=\"https:\/\/psicologiasocial.uab.cat\/fic\/\"><strong>Fractalidades en Investigaci\u00f3n Cr\u00edtica<\/strong><\/a><\/p>\n\n\n\n<p>&nbsp;<\/p>\n","protected":false},"excerpt":{"rendered":"<p>Estudis sobre processos de discriminaci\u00f3 i d\u2019exclusi\u00f3 social en relaci\u00f3 amb la diversitat cultural, social o funcional, i intervenci\u00f3 per a la promoci\u00f3 de la conviv\u00e8ncia, la inclusi\u00f3 social i educativa Inclusi\u00f3 social de comunitats culturals no hegem\u00f2niques Inclusi\u00f3 social d\u2019immigrants i asilats Inclusi\u00f3 social i diversitat funcional Inclusi\u00f3 educativa formal i no formal Conviv\u00e8ncia [&hellip;]<\/p>\n","protected":false},"author":20,"featured_media":0,"parent":0,"menu_order":0,"comment_status":"closed","ping_status":"closed","template":"","meta":{"footnotes":""},"class_list":["post-94","page","type-page","status-publish","hentry"],"_links":{"self":[{"href":"https:\/\/webs.uab.cat\/spl\/wp-json\/wp\/v2\/pages\/94","targetHints":{"allow":["GET"]}}],"collection":[{"href":"https:\/\/webs.uab.cat\/spl\/wp-json\/wp\/v2\/pages"}],"about":[{"href":"https:\/\/webs.uab.cat\/spl\/wp-json\/wp\/v2\/types\/page"}],"author":[{"embeddable":true,"href":"https:\/\/webs.uab.cat\/spl\/wp-json\/wp\/v2\/users\/20"}],"replies":[{"embeddable":true,"href":"https:\/\/webs.uab.cat\/spl\/wp-json\/wp\/v2\/comments?post=94"}],"version-history":[{"count":1,"href":"https:\/\/webs.uab.cat\/spl\/wp-json\/wp\/v2\/pages\/94\/revisions"}],"predecessor-version":[{"id":340,"href":"https:\/\/webs.uab.cat\/spl\/wp-json\/wp\/v2\/pages\/94\/revisions\/340"}],"wp:attachment":[{"href":"https:\/\/webs.uab.cat\/spl\/wp-json\/wp\/v2\/media?parent=94"}],"curies":[{"name":"wp","href":"https:\/\/api.w.org\/{rel}","templated":true}]}}