{"id":99,"date":"2019-04-04T09:01:44","date_gmt":"2019-04-04T07:01:44","guid":{"rendered":"https:\/\/webs.uab.cat\/spl\/ambit-de-ciencia-tecnologia-i-societat\/"},"modified":"2023-02-28T15:32:00","modified_gmt":"2023-02-28T13:32:00","slug":"ambit-de-ciencia-tecnologia-i-societat","status":"publish","type":"page","link":"https:\/\/webs.uab.cat\/spl\/ambit-de-ciencia-tecnologia-i-societat\/","title":{"rendered":"\u00c0mbit de ci\u00e8ncia. tecnologia i societat"},"content":{"rendered":"\n<p>Investigaci\u00f3 sobre la relaci\u00f3 entre la ci\u00e8ncia, la tecnologia i la societat i assessorament per a la implementaci\u00f3 de dispositius tecnol\u00f2gics. Estudi de les pr\u00e0ctiques d&#8217;\u00fas, d&#8217;apropiaci\u00f3 i de consum de les TIC per part de les persones joves i les dones, aix\u00ed com en els entorns familiars.<\/p>\n\n\n\n<ul class=\"wp-block-list\"><li>Processos participatius per a l&#8217;elaboraci\u00f3 i implementaci\u00f3 de tecnologies<\/li><li>Recerca i Innovaci\u00f3 Responsables per empreses i administraci\u00f3<\/li><li>Assessorament i avaluaci\u00f3 dels aspectes \u00e8tics i socials de les innovacions tecnol\u00f2giques<\/li><li>Estudis d\u2019usabilitat<\/li><li>Ci\u00e8ncia ciutadana<\/li><li>Dones i tecnologia<\/li><li>Fractura digital de g\u00e8nere<\/li><li>Viol\u00e8ncia de g\u00e8nere online<\/li><li>Infants, adolescents i consum de les TIC (Internet, videojocs, m\u00f2bils&#8230;)<\/li><\/ul>\n\n\n\n<p><strong>&nbsp;Algunes activitats de transfer\u00e8ncia desenvolupades des d\u2019aquest \u00e0mbit:<\/strong><\/p>\n\n\n\n<p><em>(Nom del projecte \/ Entitat contractant \/ Investigadors i professionals)<\/em><\/p>\n\n\n\n<ul class=\"wp-block-list\"><li><em>Definici\u00f3n de nuevos espacios comunitarios dedicados a compartir recursos. Projecte Triangulum \/ Ajuntament de Sabadell \/ Miquel Dom\u00e8nech i N\u00faria Vall\u00e8s<\/em><\/li><li><em>Participaci\u00f3n inclusiva y diversa. Dinamizaci\u00f3n y Relator\u00eda<strong>&nbsp;\/&nbsp;<\/strong>Ajuntament de Barcelona<strong>&nbsp;\/&nbsp;<\/strong>Miquel Dom\u00e8nech i N\u00faria Vall\u00e8s<\/em><\/li><li><em>En manos de m\u00e1quinas. El futuro de las tecnolog\u00edas del cuidado \/ Fundaci\u00f3 Banc\u00e0ria La Caixa<strong>&nbsp;\/&nbsp;<\/strong>Miquel Dom\u00e8nech i N\u00faria Vall\u00e8s<\/em><\/li><li><em>Participaci\u00f3n p\u00fablica en la evaluaci\u00f3n de investigaci\u00f3n sobre obesidad \/ Instituto de Gesti\u00f3n de la Innovaci\u00f3n y del Conocimiento, INGENIO<strong>&nbsp;(&nbsp;<\/strong>Miquel Dom\u00e8nech i N\u00faria Vall\u00e8s<\/em><\/li><li><em>An\u00e0lisi comparatiu de programes &#8220;Academy&#8221; del sector TIC \/ INLEA LLP<strong>&nbsp;\/&nbsp;<\/strong>Miquel Dom\u00e8nech i N\u00faria Vall\u00e8s<\/em><\/li><\/ul>\n\n\n\n<ul class=\"wp-block-list\"><li><em>Identitat i consum de les TIC en adolescents en espais p\u00fablics i privats de lleure \/ CIIMU &#8211; Institut d&#8217;Inf\u00e0ncia i Mon Urb\u00e0 \/ Adriana Gil Ju\u00e1rez, Joel Feliu, Montserrat Vall-llovera<\/em><\/li><li><em>Chicas y videojuegos: procesos de inclusi\u00f3n y exclusi\u00f3n de g\u00e9nero en la socializaci\u00f3n de las TIC \/ Ministerio de Educaci\u00f3n y Ciencia \/ Adriana Gil Ju\u00e1rez, Joel Feliu, Montserrat Vall-llovera<\/em><\/li><li><em>Trayectorias de vida tecnol\u00f3gica y g\u00e9nero: factores psicosociales implicados en el acceso a las titulaciones de ingenier\u00eda inform\u00e0tica \/ Instituto Nacional de la Mujer \/ Adriana Gil Ju\u00e1rez, Joel Feliu, Montserrat Vall-llovera<\/em><\/li><li><em>Trayectorias tecnol\u00f3gicas desde una perspectiva de g\u00e9nero: Factores implicados en el alejamiento de las mujeres de las especializaciones tecnol\u00f3gicas \/ Ministerio de Ciencia e Innovaci\u00f3n \/ Adriana Gil Ju\u00e1rez, Joel Feliu, Montserrat Vall-llovera<\/em><\/li><li><em>Visibilizar y dimensionar el problema de las violencias sexuales y de genero en las universidades \/ Ministerio de Ciencia, Innovaci\u00f3n y Universidades \/ Barbara Biglia i Adriana Gil Ju\u00e1rez<\/em><\/li><\/ul>\n\n\n\n<p><strong>Grup de recerca vinculat a aquest \u00e0mbit<\/strong><\/p>\n\n\n\n<p><a href=\"https:\/\/barcelonasts.wordpress.com\/\">Barcelona Science and Technology Studies Group (STS-b)<\/a><\/p>\n\n\n\n<p><a href=\"https:\/\/joventic.uoc.edu\/\">Grup de recerca JovenTIC<\/a>.<\/p>\n\n\n\n<p>&nbsp;<\/p>\n","protected":false},"excerpt":{"rendered":"<p>Investigaci\u00f3 sobre la relaci\u00f3 entre la ci\u00e8ncia, la tecnologia i la societat i assessorament per a la implementaci\u00f3 de dispositius tecnol\u00f2gics. Estudi de les pr\u00e0ctiques d&#8217;\u00fas, d&#8217;apropiaci\u00f3 i de consum de les TIC per part de les persones joves i les dones, aix\u00ed com en els entorns familiars. Processos participatius per a l&#8217;elaboraci\u00f3 i implementaci\u00f3 [&hellip;]<\/p>\n","protected":false},"author":20,"featured_media":0,"parent":0,"menu_order":0,"comment_status":"closed","ping_status":"closed","template":"","meta":{"footnotes":""},"class_list":["post-99","page","type-page","status-publish","hentry"],"_links":{"self":[{"href":"https:\/\/webs.uab.cat\/spl\/wp-json\/wp\/v2\/pages\/99","targetHints":{"allow":["GET"]}}],"collection":[{"href":"https:\/\/webs.uab.cat\/spl\/wp-json\/wp\/v2\/pages"}],"about":[{"href":"https:\/\/webs.uab.cat\/spl\/wp-json\/wp\/v2\/types\/page"}],"author":[{"embeddable":true,"href":"https:\/\/webs.uab.cat\/spl\/wp-json\/wp\/v2\/users\/20"}],"replies":[{"embeddable":true,"href":"https:\/\/webs.uab.cat\/spl\/wp-json\/wp\/v2\/comments?post=99"}],"version-history":[{"count":1,"href":"https:\/\/webs.uab.cat\/spl\/wp-json\/wp\/v2\/pages\/99\/revisions"}],"predecessor-version":[{"id":341,"href":"https:\/\/webs.uab.cat\/spl\/wp-json\/wp\/v2\/pages\/99\/revisions\/341"}],"wp:attachment":[{"href":"https:\/\/webs.uab.cat\/spl\/wp-json\/wp\/v2\/media?parent=99"}],"curies":[{"name":"wp","href":"https:\/\/api.w.org\/{rel}","templated":true}]}}