{"id":76,"date":"2010-06-22T16:25:15","date_gmt":"2010-06-22T16:25:15","guid":{"rendered":"https:\/\/webs.uab.cat\/sti\/escaneig-3d\/"},"modified":"2022-08-22T13:01:10","modified_gmt":"2022-08-22T13:01:10","slug":"escaneig-3d","status":"publish","type":"page","link":"https:\/\/webs.uab.cat\/sti\/escaneig-3d\/","title":{"rendered":"Escaneig 3D"},"content":{"rendered":"\n<figure class=\"wp-block-image\"><img decoding=\"async\" src=\"http:\/\/sct.uab.cat\/sti\/sites\/sct.uab.cat.sti\/files\/images\/vivid.jpg\" alt=\"\"\/><\/figure>\n\n\n\n<ul class=\"wp-block-list\"><li> Potser la caracter\u00edstica m\u00e9s destacable d&#8217;aquest esc\u00e0ner, respecte d&#8217;altres esc\u00e0ners 3D, \u00e9s que aquest \u00e9s capa\u00e7 de capturar les textures\/colors de l&#8217;objecte que est\u00e0 digitalitzant. <\/li><li> Com m\u00e9s complicada sigui la figura m\u00e9s dif\u00edcil ser\u00e0 fer-ne una r\u00e8plica exacta i m\u00e9s temps de post-processament necessitar\u00e0. Es pot arribar a l&#8217;extrem que una figura, tan complicada que tingui molts punts cecs per al l\u00e0ser de l&#8217;esc\u00e0ner, no sigui possible digitalitzar-la. <\/li><li> De l&#8217;esc\u00e0ner no obtenim una digitalitzaci\u00f3 immediata del objecte que li posem al davant, obtenim un n\u00favol de punts de les diverses cares, anomenem post-processament a tots els passos que hem de fer per obtenir la copia digital partint del n\u00favol de punts de cada una de les cares <a rel=\"noopener\" href=\"http:\/\/www.youtube.com\/watch?v=yg9BAR4EN0s\" target=\"_blank\">(en aquest video podeu veure el resultat inicial d&#8217;un escaneig abans del post-processament)<\/a>. <\/li><li> Si parlem de les textures, tal i com hem dit les r\u00e8pliques les obtenim de la uni\u00f3 de diverses cares de manera que la il\u00b7luminaci\u00f3 ambiental influir\u00e0 molt en la homogene\u00eftat de les textures i \u00e9s molt dif\u00edcil que sigui perfecte. A m\u00e9s, la c\u00e0mera que incorpora l&#8217;esc\u00e0ner no t\u00e9 una resoluci\u00f3 molt alta. <\/li><li> Podem veure les caracter\u00edstiques t\u00e8cniques de l&#8217;esc\u00e0ner a la seva <a rel=\"noopener\" href=\"http:\/\/www.konicaminolta.com\/sensingusa\/products\/3d\/non-contact\/vivid9i\/specifications.html\" target=\"_blank\">Fitxa t\u00e8cnica.<\/a> <\/li><\/ul>\n\n\n\n<ul class=\"wp-block-list\"><li> No \u00e9s possible escanejar qualsevol cosa, els objectes brillants (reflectants) fan que el laser reboti i l&#8217;esc\u00e0ner sigui incapa\u00e7 de veure res. <\/li><li> <a rel=\"noopener\" href=\"http:\/\/sct.uab.cat\/sti\/sites\/sct.uab.cat.sti\/files\/3d.rar\" target=\"_blank\">Exemple d&#8217;objecte digitalitzat<\/a> (\u00e9s necessari usar internet explorer i acceptar la instal\u00b7laci\u00f3 del plugin). <\/li><\/ul>\n","protected":false},"excerpt":{"rendered":"<p>Potser la caracter\u00edstica m\u00e9s destacable d&#8217;aquest esc\u00e0ner, respecte d&#8217;altres esc\u00e0ners 3D, \u00e9s que aquest \u00e9s capa\u00e7 de capturar les textures\/colors de l&#8217;objecte que est\u00e0 digitalitzant. Com m\u00e9s complicada sigui la figura m\u00e9s dif\u00edcil ser\u00e0 fer-ne una r\u00e8plica exacta i m\u00e9s temps de post-processament necessitar\u00e0. Es pot arribar a l&#8217;extrem que una figura, tan complicada que [&hellip;]<\/p>\n","protected":false},"author":20,"featured_media":0,"parent":0,"menu_order":0,"comment_status":"closed","ping_status":"closed","template":"","meta":{"footnotes":""},"class_list":["post-76","page","type-page","status-publish","hentry"],"_links":{"self":[{"href":"https:\/\/webs.uab.cat\/sti\/wp-json\/wp\/v2\/pages\/76","targetHints":{"allow":["GET"]}}],"collection":[{"href":"https:\/\/webs.uab.cat\/sti\/wp-json\/wp\/v2\/pages"}],"about":[{"href":"https:\/\/webs.uab.cat\/sti\/wp-json\/wp\/v2\/types\/page"}],"author":[{"embeddable":true,"href":"https:\/\/webs.uab.cat\/sti\/wp-json\/wp\/v2\/users\/20"}],"replies":[{"embeddable":true,"href":"https:\/\/webs.uab.cat\/sti\/wp-json\/wp\/v2\/comments?post=76"}],"version-history":[{"count":1,"href":"https:\/\/webs.uab.cat\/sti\/wp-json\/wp\/v2\/pages\/76\/revisions"}],"predecessor-version":[{"id":374,"href":"https:\/\/webs.uab.cat\/sti\/wp-json\/wp\/v2\/pages\/76\/revisions\/374"}],"wp:attachment":[{"href":"https:\/\/webs.uab.cat\/sti\/wp-json\/wp\/v2\/media?parent=76"}],"curies":[{"name":"wp","href":"https:\/\/api.w.org\/{rel}","templated":true}]}}