{"id":30,"date":"2009-05-08T11:23:04","date_gmt":"2009-05-08T09:23:04","guid":{"rendered":"https:\/\/webs.uab.cat\/stp\/equipaments\/"},"modified":"2024-01-15T17:59:17","modified_gmt":"2024-01-15T15:59:17","slug":"equipaments","status":"publish","type":"page","link":"https:\/\/webs.uab.cat\/stp\/equipaments\/","title":{"rendered":"Equipaments"},"content":{"rendered":"<p align=\"justify\"><strong>L\u2019STPS consta de dues sales d&#8217;enregistrament sonor, una sala de control i una sala de treball.<\/strong><\/p>\n<ul>\n<li>\n<p align=\"justify\">Dues sales d&#8217;enregistrament, de 16 m<sup>2 <\/sup>i\u00a0 de 9 m<sup>2<\/sup>, amb a\u00efllament ac\u00fastic.<\/p>\n<\/li>\n<li>\n<p align=\"justify\">Sala de control per a la monitoritzaci\u00f3\u00a0del procediment d&#8217;enregistrament\u00a0i per al control de qualitat dels resultats obtinguts.<\/p>\n<\/li>\n<li>\n<p align=\"justify\">Sala de treball o multim\u00e8dia. Entre d&#8217;altres activitats de recerca, en aquest espai duem a terme la digitalitzaci\u00f3 de suports sonors anal\u00f2gics.<\/p>\n<\/li>\n<\/ul>\n<p><strong>On \u00e9s l&#8217;STPS?<br \/>\n<\/strong>B11\/061<br \/>\nFacultat de Filosofia i Lletres<br \/>\nEdifici B, Campus de la UAB<br \/>\n08193 Bellaterra (Cerdanyola del Vall\u00e8s)<\/p>\n<div style=\"width: 580px;\" class=\"wp-video\"><video class=\"wp-video-shortcode\" id=\"video-30-1\" width=\"580\" height=\"464\" poster=\"https:\/\/webs.uab.cat\/stp\/wp-content\/uploads\/sites\/263\/2024\/01\/caratula.jpg\" preload=\"metadata\" controls=\"controls\"><source type=\"video\/mp4\" src=\"https:\/\/webs.uab.cat\/stp\/wp-content\/uploads\/sites\/263\/2024\/01\/Localitzacio-estudi-1.mp4?_=1\" \/><a href=\"https:\/\/webs.uab.cat\/stp\/wp-content\/uploads\/sites\/263\/2024\/01\/Localitzacio-estudi-1.mp4\">https:\/\/webs.uab.cat\/stp\/wp-content\/uploads\/sites\/263\/2024\/01\/Localitzacio-estudi-1.mp4<\/a><\/video><\/div>\n","protected":false},"excerpt":{"rendered":"<p>L\u2019STPS consta de dues sales d&#8217;enregistrament sonor, una sala de control i una sala de treball. Dues sales d&#8217;enregistrament, de 16 m2 i\u00a0 de 9 m2, amb a\u00efllament ac\u00fastic. Sala de control per a la monitoritzaci\u00f3\u00a0del procediment d&#8217;enregistrament\u00a0i per al control de qualitat dels resultats obtinguts. Sala de treball o multim\u00e8dia. Entre d&#8217;altres activitats de [&hellip;]<\/p>\n","protected":false},"author":20,"featured_media":0,"parent":0,"menu_order":0,"comment_status":"closed","ping_status":"closed","template":"","meta":{"footnotes":""},"class_list":["post-30","page","type-page","status-publish","hentry"],"_links":{"self":[{"href":"https:\/\/webs.uab.cat\/stp\/wp-json\/wp\/v2\/pages\/30","targetHints":{"allow":["GET"]}}],"collection":[{"href":"https:\/\/webs.uab.cat\/stp\/wp-json\/wp\/v2\/pages"}],"about":[{"href":"https:\/\/webs.uab.cat\/stp\/wp-json\/wp\/v2\/types\/page"}],"author":[{"embeddable":true,"href":"https:\/\/webs.uab.cat\/stp\/wp-json\/wp\/v2\/users\/20"}],"replies":[{"embeddable":true,"href":"https:\/\/webs.uab.cat\/stp\/wp-json\/wp\/v2\/comments?post=30"}],"version-history":[{"count":6,"href":"https:\/\/webs.uab.cat\/stp\/wp-json\/wp\/v2\/pages\/30\/revisions"}],"predecessor-version":[{"id":248,"href":"https:\/\/webs.uab.cat\/stp\/wp-json\/wp\/v2\/pages\/30\/revisions\/248"}],"wp:attachment":[{"href":"https:\/\/webs.uab.cat\/stp\/wp-json\/wp\/v2\/media?parent=30"}],"curies":[{"name":"wp","href":"https:\/\/api.w.org\/{rel}","templated":true}]}}