{"id":128,"date":"2017-03-17T11:18:15","date_gmt":"2017-03-17T09:18:15","guid":{"rendered":"https:\/\/webs.uab.cat\/supraterra\/supraterra\/"},"modified":"2022-10-26T14:39:46","modified_gmt":"2022-10-26T12:39:46","slug":"supraterra","status":"publish","type":"page","link":"https:\/\/webs.uab.cat\/supraterra\/","title":{"rendered":"SupraTerra"},"content":{"rendered":"\n<h2 class=\"wp-block-heading\">SupraTerra<\/h2>\n\n\n\n<p>El grup de recerca SUPRATERRA est\u00e0 compost per investigadors\/es del Departament de Geologia de la Universitat Aut\u00f2noma de Barcelona, amb col\u00b7laboradors externs d\u2019institucions espanyoles i estrangeres. Diversos membres del grup presenten una traject\u00f2ria comuna de recerca finan\u00e7ada per projectes competitius i convenis de fa m\u00e9s de 30 anys. El grup es va constituir com Grup de Recerca Consolidat SGR de la Generalitat de Catalunya des de l\u2019any 2009.<\/p>\n\n\n\n<p>&#8212;&#8212;&#8212;&#8212;&#8212;&#8212;&#8212;&#8212;&#8212;&#8212;&#8212;&#8212;&#8212;&#8211;<\/p>\n\n\n\n<p>The research group SUPRATERRA is formed by researchers of the Universitat Aut\u00f2noma de Barcelona Geology&nbsp;Department, and&nbsp;by collaborators of&nbsp;external Spanish and&nbsp;foreign&nbsp;institutions. Several members of this group share&nbsp;a common research career&nbsp;funded by competitive grant projects and contacts with companies for over&nbsp;30 years. The group established itself as Consolidated&nbsp;Group of Research SGR of the Catalonian Government since 2009.<\/p>\n\n\n\n<p>&#8212;&#8212;&#8212;&#8212;&#8212;&#8212;&#8212;&#8212;&#8212;&#8212;&#8212;&#8212;&#8212;&#8211;<\/p>\n\n\n\n<p>El grupo de investigaci\u00f3n&nbsp;SUPRATERRA est\u00e1&nbsp;compuesto por investigadores\/as&nbsp;del Departamento de Geolog\u00eda de la Universitat Aut\u00f2noma de Barcelona, con colaboradores externos de instituciones espa\u00f1olas y extranjeras. Varios miembros del grupo presentan una trayectoria com\u00fan de investigaci\u00f3n financiada por proyectos competitivos y convenios de hace m\u00e1s de 30 a\u00f1os. El grupo se constituy\u00f3 como Grupo de Investigaci\u00f3n Consolidado&nbsp;SGR&nbsp;de la Generalitat de Catalu\u00f1a desde el a\u00f1o 2009.&nbsp;<\/p>\n","protected":false},"excerpt":{"rendered":"<p>SupraTerra El grup de recerca SUPRATERRA est\u00e0 compost per investigadors\/es del Departament de Geologia de la Universitat Aut\u00f2noma de Barcelona, amb col\u00b7laboradors externs d\u2019institucions espanyoles i estrangeres. Diversos membres del grup presenten una traject\u00f2ria comuna de recerca finan\u00e7ada per projectes competitius i convenis de fa m\u00e9s de 30 anys. El grup es va constituir com [&hellip;]<\/p>\n","protected":false},"author":20,"featured_media":0,"parent":0,"menu_order":0,"comment_status":"closed","ping_status":"closed","template":"","meta":{"footnotes":""},"class_list":["post-128","page","type-page","status-publish","hentry"],"_links":{"self":[{"href":"https:\/\/webs.uab.cat\/supraterra\/wp-json\/wp\/v2\/pages\/128","targetHints":{"allow":["GET"]}}],"collection":[{"href":"https:\/\/webs.uab.cat\/supraterra\/wp-json\/wp\/v2\/pages"}],"about":[{"href":"https:\/\/webs.uab.cat\/supraterra\/wp-json\/wp\/v2\/types\/page"}],"author":[{"embeddable":true,"href":"https:\/\/webs.uab.cat\/supraterra\/wp-json\/wp\/v2\/users\/20"}],"replies":[{"embeddable":true,"href":"https:\/\/webs.uab.cat\/supraterra\/wp-json\/wp\/v2\/comments?post=128"}],"version-history":[{"count":2,"href":"https:\/\/webs.uab.cat\/supraterra\/wp-json\/wp\/v2\/pages\/128\/revisions"}],"predecessor-version":[{"id":384,"href":"https:\/\/webs.uab.cat\/supraterra\/wp-json\/wp\/v2\/pages\/128\/revisions\/384"}],"wp:attachment":[{"href":"https:\/\/webs.uab.cat\/supraterra\/wp-json\/wp\/v2\/media?parent=128"}],"curies":[{"name":"wp","href":"https:\/\/api.w.org\/{rel}","templated":true}]}}