{"id":144,"date":"2017-03-23T11:04:33","date_gmt":"2017-03-23T09:04:33","guid":{"rendered":"https:\/\/webs.uab.cat\/supraterra\/projectes-publics-competitius-0\/"},"modified":"2017-03-23T11:04:33","modified_gmt":"2017-03-23T09:04:33","slug":"projectes-publics-competitius-0","status":"publish","type":"page","link":"https:\/\/webs.uab.cat\/supraterra\/projectes-publics-competitius-0\/","title":{"rendered":"Projectes P\u00fablics Competitius"},"content":{"rendered":"<h2><strong>Projectes Actius:&nbsp;<\/strong><\/h2>\n<p>&nbsp;<\/p>\n<p><strong>1) Project title<\/strong>: From rifting to mountain building in inversion orogens: tectonic, sedimentary and geomorphologic records (RIFTINVERS).<\/p>\n<p>Principal Investigator: Antonio Teixell (UAB)<\/p>\n<p>Funding Agency: MINECO. Reference: CGL2014-54180-P<\/p>\n<p>Duration: 1\/1\/2015-31\/12\/2017<\/p>\n<p>&nbsp;<\/p>\n<p><strong>2) Project title:<\/strong>GEOPARK<\/p>\n<p>Principal Investigator: Jos\u00e9 Luis Brians\u00f3 Pe\u00f1alva (Partner UAB)<\/p>\n<p>Funding Agency: European Comission under H2020 programm, Marie Sklodvska Curie-RISE. Reference: 644015 H2020-MSCA-RISE<\/p>\n<p>Duration: 2015-2018<\/p>\n<p>Investigators of the team involved in the project: Antonio Teixell, David G\u00f3mez-Gras<\/p>\n<p>&nbsp;<\/p>\n<p><strong>3) Project title:<\/strong> FLUJO DE FLUIDOS Y REACTIVIDAD EN DOMINIOS CORTICALES Y SUS EFECTOS EN LA TRANSFERENCIA Y CONCENTRACION DE CO2 Y METALES<\/p>\n<p>Principal Investigator: Joan Reche Estrada<\/p>\n<p>Funding Agency: MINECO.&nbsp;Reference:&nbsp;CGL2015-66335-C2-2-R<\/p>\n<p>Duration: 2015-2018<\/p>\n<p>&nbsp;<\/p>\n<p><strong>4) Project title:<\/strong> Cataclasis y fracturaci\u00f3n en rocas de la corteza continental.<\/p>\n<p>Principal Investigator: Sergio LLana-F\u00fanez, Universidad de Oviedo<\/p>\n<p>Funding Agency: MINECO.&nbsp;Reference: CGL2014-53388-P.<\/p>\n<p>Duration:&nbsp;2015-2017.<\/p>\n<p>&nbsp;<\/p>\n<h2><strong>Projectes Inactius:<\/strong><\/h2>\n<p>&nbsp;<\/p>\n<p><strong>1) Project title:<\/strong> EVOLUCION DEL MANTO SUBCONTINENTAL LITOSFERICO EN EL NE DE ESPA\u00d1A A PARTIR&nbsp;&nbsp;DEL ESTUDIO DE XENOLITOS EN ROCAS VOLCANICAS NEOGENO-CUATERNARIAS&nbsp;&nbsp;<\/p>\n<p>Principal Investigator: Gumer Gal\u00e1n<\/p>\n<p>Funding Agency: MINECO. Reference:&nbsp;CGL2011-26700-BTE<\/p>\n<p>Duration:&nbsp;1-01-2012 al 31-12-2015<\/p>\n<p>&nbsp;<\/p>\n<p><strong>2) Project title:&nbsp;<\/strong>La transici\u00f3n fr\u00e1gil-d\u00factil en la corteza continental en el Noroeste Peninsular Ib\u00e9rico.<\/p>\n<p>Principal Investigator: Sergio Llana F\u00fanez; Univ. de Oviedo.<\/p>\n<p>Funding Agency:Ministerio de Educaci\u00f3n y Ciencia (MEC).&nbsp;Reference: CLG2010-14890.<\/p>\n<p>Duration: 2011-2013.&nbsp;<\/p>\n<p>&nbsp;<\/p>\n<p><strong>3) Project title:&nbsp;<\/strong>Evoluci\u00f3n del manto subcontinental litosf\u00e9rico en el NE de Espa\u00f1a a partir del estudio de xenolitos en rocas volc\u00e1nicas ne\u00f3geno-cuaternarias.<\/p>\n<p>Principal Investigator:&nbsp;Gumersinda Gal\u00e1n Garc\u00eda; Univ. Aut\u00f3noma de Barcelona.<\/p>\n<p>Funding Agency: Ministerio de Educaci\u00f3n y Ciencia (MEC).&nbsp;Reference: CLG2011-26700.<\/p>\n<p>Duration: 2012-2014.&nbsp;<\/p>\n<p>&nbsp;<\/p>\n<p><strong>4) Project title:<\/strong> Inversi\u00f3n tect\u00f3nica y din\u00e1mica de la erosi\u00f3n\/sedimentaci\u00f3n a largo plazo en cordilleras intracontinentales.<\/p>\n<p>Principal Investigator: Antonio Teixell (UAB)<\/p>\n<p>Funding Agency: MINECO. Reference: CGL2010-15416<\/p>\n<p>Duration: 1\/1\/2011-31\/12\/2014<\/p>\n<p>&nbsp;<\/p>\n<p><strong>5) Project title: <\/strong>Geociencias en Iberia: Estudios integrados de topograf\u00eda y evoluci\u00f3n 4D. \u201cTOPO-IBERIA\u201d<\/p>\n<p>Principal Investigator: Josep Gallart (CSIC)<\/p>\n<p>Funding Agency: MEC. Reference: CONSOLIDER-Ingenio CSD2006-00041<\/p>\n<p>Duration: 16\/10\/2006-15\/9\/2013<\/p>\n<p>&nbsp;<\/p>\n<p><strong>6) Project title:<\/strong> Estudio del estado de conservaci\u00f3n de los materiales de construcci\u00f3n de la torre espa\u00f1ola (Bizerta, T\u00fanez): metodolog\u00eda de salvaguardia y protecci\u00f3n.<\/p>\n<p>Principal Investigators: David G\u00f3mez Gras (UAB) and Karima Zoghlami (University of Tunisia)<\/p>\n<p>Funding Agency: Ministerio de Asuntos Exteriores, Agencia Espa\u00f1ola de Cooperaci\u00f3n Internacional (AECI). Reference: AECI A\/027819\/09+A\/030453\/10<\/p>\n<p>Duration 1-2-2010 &#8211; 1-2-2012&nbsp;&nbsp;&nbsp;&nbsp;&nbsp;&nbsp;&nbsp;&nbsp;&nbsp;<\/p>\n<p>&nbsp;<\/p>\n<p><strong>7) Project title:<\/strong> Controles Hidroquimicos Y Estructurales En La Formacion Y Evolucion De Reservorios Dolomiticos Mediante Modelos De Transporte Reactivo: El Area Del Rio Mundo (Albacete)<\/p>\n<p>Principal Investigator: M. Merc\u00e8 Corbella (UAB)<\/p>\n<p>Funding Agency: MINECO (Subprograma de investigaci\u00f3n fundamental no orientada). Reference: CGL2011-26488<\/p>\n<p>Duration: 01\/2012 hasta 12\/2014 (extended to&nbsp; 12\/2015)<\/p>\n<p>Investigators of the team involved in the project: Albert Griera, David G\u00f3mez-Gras<\/p>\n<p>&nbsp;<\/p>\n<p><strong>8) Project title:<\/strong> La Transicion Fragil-Ductil En La Corteza Continental En El Noroeste De Iberia (FRADUCSI)<\/p>\n<p>Funding Agency: Ministerio de Ciencia e Innovaci\u00f3n MINECO (Subprograma de investigaci\u00f3n fundamental no orientada). Reference: CGL2010-14890&nbsp;<\/p>\n<p>Principal Investigator: Sergio Llana-F\u00fanez (Dept. Geologia, Oviedo)<\/p>\n<p>Duration : 01\/2011 &#8211; 12\/2013 (extended to 12\/2014 )&nbsp;&nbsp;&nbsp;&nbsp;<\/p>\n<p>Investigators of the team involved in the project: Albert Griera<\/p>\n<p>&nbsp;<\/p>\n<p><strong>9) Project title: <\/strong>Diag\u00e9nesis, mecanismos de deformaci\u00f3n y arquitectura de las zonas de falla en contexto de tect\u00f3nica extensiva.<\/p>\n<p>Principal Investigator: Anna Trav\u00e9 Herrero (UB)<\/p>\n<p>Funding Agency: Ministerio de Educaci\u00f3n y Ciencia (Progr. Sect. de Prom. Gral. del Conoc.). Reference: CGL2010-08073<\/p>\n<p>Duration: 20-7-2010 &#8211;&nbsp; 20-7-2014&nbsp;&nbsp;&nbsp;<\/p>\n<p>Investigators of the team involved in the project: David G\u00f3mez-Gras<\/p>\n<p>&nbsp;<\/p>\n<p><strong>10) Project title:<\/strong> La tect\u00f3nica del Arco de Gibraltar y la Cordillera del Atlas: causas litosf\u00e9ricas y efectos topogr\u00e1ficos: (TOPOMED_SPAIN).<\/p>\n<p>Principal Investigator: Manuel Fern\u00e1ndez Ortiga (CSIC)<\/p>\n<p>Funding Agency: MICINN-DGI under the ESF EUROCORE program : \u201c4-D Topography Evolution in Europe: Uplift, Subsidence and Sea Level Change &#8211; The Geoscience of Coupled Deep Earth &#8211; Surface Processes TOPO-EUROPE\u201d ). Reference: CGL2008-03474-E\/BTE<\/p>\n<p>Duration: 12\/2008 \u2013 2011 (extended to&nbsp; 12\/2013)<\/p>\n<p>&nbsp;<\/p>\n<p><strong>11) Project title:<\/strong> Le Nord des Pyr\u00e9n\u00e9es: \u00e9valuation integr\u00e9e de l\u2019histoire de la migration des fluides, l\u2019inversion du rift, le r\u00f4le des processus de surface et la d\u00e9formation dans un r\u00e9troprisme orog\u00e9nique -PYRAMID.<\/p>\n<p>Principal Investigator: Mary Ford (CNRS &#8211; Univ. de Nancy, France)<\/p>\n<p>Funding Agency: Agence National de la Recherche (ANR), France<\/p>\n<p>Duration: 05\/2012-05\/2016<\/p>\n<p>Investigators of the team involved in the project: Antonio Teixell<\/p>\n","protected":false},"excerpt":{"rendered":"<p>Projectes Actius:&nbsp; &nbsp; 1) Project title: From rifting to mountain building in inversion orogens: tectonic, sedimentary and geomorphologic records (RIFTINVERS). Principal Investigator: Antonio Teixell (UAB) Funding Agency: MINECO. Reference: CGL2014-54180-P Duration: 1\/1\/2015-31\/12\/2017 &nbsp; 2) Project title:GEOPARK Principal Investigator: Jos\u00e9 Luis Brians\u00f3 Pe\u00f1alva (Partner UAB) Funding Agency: European Comission under H2020 programm, Marie Sklodvska Curie-RISE. Reference: [&hellip;]<\/p>\n","protected":false},"author":20,"featured_media":0,"parent":0,"menu_order":0,"comment_status":"closed","ping_status":"closed","template":"","meta":{"footnotes":""},"class_list":["post-144","page","type-page","status-publish","hentry"],"_links":{"self":[{"href":"https:\/\/webs.uab.cat\/supraterra\/wp-json\/wp\/v2\/pages\/144","targetHints":{"allow":["GET"]}}],"collection":[{"href":"https:\/\/webs.uab.cat\/supraterra\/wp-json\/wp\/v2\/pages"}],"about":[{"href":"https:\/\/webs.uab.cat\/supraterra\/wp-json\/wp\/v2\/types\/page"}],"author":[{"embeddable":true,"href":"https:\/\/webs.uab.cat\/supraterra\/wp-json\/wp\/v2\/users\/20"}],"replies":[{"embeddable":true,"href":"https:\/\/webs.uab.cat\/supraterra\/wp-json\/wp\/v2\/comments?post=144"}],"version-history":[{"count":0,"href":"https:\/\/webs.uab.cat\/supraterra\/wp-json\/wp\/v2\/pages\/144\/revisions"}],"wp:attachment":[{"href":"https:\/\/webs.uab.cat\/supraterra\/wp-json\/wp\/v2\/media?parent=144"}],"curies":[{"name":"wp","href":"https:\/\/api.w.org\/{rel}","templated":true}]}}