{"id":192,"date":"2024-12-11T12:27:43","date_gmt":"2024-12-11T10:27:43","guid":{"rendered":"https:\/\/webs.uab.cat\/tocarlahistoria\/?page_id=192"},"modified":"2025-07-28T12:28:17","modified_gmt":"2025-07-28T10:28:17","slug":"cartografia-presentacio","status":"publish","type":"page","link":"https:\/\/webs.uab.cat\/tocarlahistoria\/cartografia-presentacio\/","title":{"rendered":"Presentaci\u00f3"},"content":{"rendered":"<div class=\"wp-block-image is-style-rounded\">\n<figure class=\"alignleft size-full is-resized\"><img loading=\"lazy\" decoding=\"async\" width=\"354\" height=\"300\" src=\"https:\/\/webs.uab.cat\/tocarlahistoria\/wp-content\/uploads\/sites\/585\/2024\/12\/TOP-CARTOGRAFIA.png\" alt=\"Unitat Cartografia\" class=\"wp-image-1104\" style=\"aspect-ratio:16\/9;object-fit:cover;width:100px\" srcset=\"https:\/\/webs.uab.cat\/tocarlahistoria\/wp-content\/uploads\/sites\/585\/2024\/12\/TOP-CARTOGRAFIA.png 354w, https:\/\/webs.uab.cat\/tocarlahistoria\/wp-content\/uploads\/sites\/585\/2024\/12\/TOP-CARTOGRAFIA-300x254.png 300w\" sizes=\"auto, (max-width: 354px) 100vw, 354px\" \/><\/figure>\n<\/div>\n\n\n<p>Aquesta Unitat Did\u00e0ctica \u00e9s fruit de l\u2019inter\u00e8s i l\u2019experi\u00e8ncia d\u2019un grup de professors i professores de l\u2019\u00c0rea d\u2019Hist\u00f2ria Moderna de la Universitat Aut\u00f2noma de Barcelona, en col\u00b7laboraci\u00f3 amb la seva Cartoteca General, per utilitzar els mapes del Fons Gelabert\u00f3, que s\u2019han revelat un recurs pedag\u00f2gic de primer ordre a l\u2019assignatura \u00ab&nbsp;Fonaments del M\u00f3n Modern&nbsp;\u00bb del primer curs del Grau d\u2019Hist\u00f2ria. Confiem que la seva difusi\u00f3 permeti interessar tamb\u00e9 col\u00b7legues d\u2019altres disciplines, com per exemple la Geografia.<\/p>\n\n\n\n<p>El juliol de 2015, la Universitat Aut\u00f2noma de Barcelona va signar un acord amb l\u2019historiador Dr. Mart\u00ed Gelabert\u00f3 per incorporar el seu fons de 181 mapes, pl\u00e0nols i vistes, la majoria dels segles XVII i XVIII, a la Cartoteca General, coordinada aleshores pel Professor Dr. Pau Alegre. Tota aquesta documentaci\u00f3 va ser catalogada i digitalitzada i \u00e9s consultable en aquest enlla\u00e7: <a href=\"https:\/\/ddd.uab.cat\/collection\/mapesgelaberto\">Col\u00b7lecci\u00f3 Mart\u00ed Gelabert\u00f3 de mapes antics &#8211; Dip\u00f2sit Digital de Documents de la UAB<\/a><\/p>\n\n\n\n<p>La Col\u00b7lecci\u00f3 Gelabert\u00f3 cont\u00e9 mapes de Catalunya, per\u00f2 tamb\u00e9 d\u2019Espanya, Europa i, de manera puntual, d\u2019altres indrets del m\u00f3n, classificables b\u00e0sicament en tres grups: pl\u00e0nols de ciutats fortificades elaborats durant la Guerra de Successi\u00f3; diferents representacions publicades per importants cart\u00f2grafs dels segles XVII i XVIII, principalment francesos, i les vistes de ciutats, sobretot catalanes. En el seu conjunt, ens ofereix una visi\u00f3 prou \u00e0mplia de com evoluciona la representaci\u00f3 cartogr\u00e0fica de Catalunya durant 200 anys.<\/p>\n\n\n\n<p>A m\u00e9s dels aspectes t\u00e8cnics de la hist\u00f2ria de la cartografia, que l\u2019alumnat del Grau pot analitzar de primera m\u00e0 amb els mapes que t\u00e9 davant dels ulls, la Unitat permet posar en relaci\u00f3 aquestes fonts prim\u00e0ries amb alguns dels grans fen\u00f2mens que caracteritzen l\u2019Edat Moderna: els descobriments geogr\u00e0fics i l\u2019expansi\u00f3 colonial, la formaci\u00f3 del capitalisme comercial, les revolucions militar i cient\u00edfica.<\/p>\n\n\n\n<p>L\u2019usuari que vulgui navegar per les diverses parts d\u2019aquesta Unitat Did\u00e0ctica podr\u00e0 veure-hi tots aquests elements. Per\u00f2, per sobre de tot, voldr\u00edem transmetre-li l\u2019emoci\u00f3 dels\/de les estudiants que, a primer curs del Grau d\u2019Hist\u00f2ria, poden ja experimentar la sensaci\u00f3 de, literalment, \u201ctocar la hist\u00f2ria\u201d.<\/p>\n\n\n\n<p>Equip did\u00e0ctic: Luc\u00eda And\u00fajar, Ignasi Fern\u00e1ndez, Marta Gil.<\/p>\n","protected":false},"excerpt":{"rendered":"<p>Aquesta Unitat Did\u00e0ctica \u00e9s fruit de l\u2019inter\u00e8s i l\u2019experi\u00e8ncia d\u2019un grup de professors i professores de l\u2019\u00c0rea d\u2019Hist\u00f2ria Moderna de la Universitat Aut\u00f2noma de Barcelona, en col\u00b7laboraci\u00f3 amb la seva Cartoteca General, per utilitzar els mapes del Fons Gelabert\u00f3, que s\u2019han revelat un recurs pedag\u00f2gic de primer ordre a l\u2019assignatura \u00ab&nbsp;Fonaments del M\u00f3n Modern&nbsp;\u00bb del [&hellip;]<\/p>\n","protected":false},"author":1605,"featured_media":0,"parent":0,"menu_order":0,"comment_status":"closed","ping_status":"closed","template":"","meta":{"footnotes":""},"class_list":["post-192","page","type-page","status-publish","hentry"],"yoast_head":"<!-- This site is optimized with the Yoast SEO plugin v26.8 - https:\/\/yoast.com\/product\/yoast-seo-wordpress\/ -->\n<title>Presentaci\u00f3 Unitat Did\u00e0ctica Cartografia - TOCAR LA HIST\u00d2RIA<\/title>\n<meta name=\"description\" content=\"Presentaci\u00f3 de la unitat did\u00e0ctica dedicada a la cartografia pensada per a alumnes de primer de grau d&#039;Hist\u00f2ria.\" \/>\n<meta name=\"robots\" content=\"index, follow, max-snippet:-1, max-image-preview:large, max-video-preview:-1\" \/>\n<link rel=\"canonical\" href=\"https:\/\/webs.uab.cat\/tocarlahistoria\/cartografia-presentacio\/\" \/>\n<meta property=\"og:locale\" content=\"ca_ES\" \/>\n<meta property=\"og:type\" content=\"article\" \/>\n<meta property=\"og:title\" content=\"Presentaci\u00f3 Unitat Did\u00e0ctica Cartografia - TOCAR LA HIST\u00d2RIA\" \/>\n<meta property=\"og:description\" content=\"Presentaci\u00f3 de la unitat did\u00e0ctica dedicada a la cartografia pensada per a alumnes de primer de grau d&#039;Hist\u00f2ria.\" \/>\n<meta property=\"og:url\" content=\"https:\/\/webs.uab.cat\/tocarlahistoria\/cartografia-presentacio\/\" \/>\n<meta property=\"og:site_name\" content=\"TOCAR LA HIST\u00d2RIA\" \/>\n<meta property=\"article:modified_time\" content=\"2025-07-28T10:28:17+00:00\" \/>\n<meta property=\"og:image\" content=\"https:\/\/webs.uab.cat\/tocarlahistoria\/wp-content\/uploads\/sites\/585\/2024\/12\/TOP-CARTOGRAFIA.png\" \/>\n\t<meta property=\"og:image:width\" content=\"354\" \/>\n\t<meta property=\"og:image:height\" content=\"300\" \/>\n\t<meta property=\"og:image:type\" content=\"image\/png\" \/>\n<meta name=\"twitter:card\" content=\"summary_large_image\" \/>\n<meta name=\"twitter:label1\" content=\"Temps estimat de lectura\" \/>\n\t<meta name=\"twitter:data1\" content=\"3 minuts\" \/>\n<script type=\"application\/ld+json\" class=\"yoast-schema-graph\">{\"@context\":\"https:\/\/schema.org\",\"@graph\":[{\"@type\":\"WebPage\",\"@id\":\"https:\/\/webs.uab.cat\/tocarlahistoria\/cartografia-presentacio\/\",\"url\":\"https:\/\/webs.uab.cat\/tocarlahistoria\/cartografia-presentacio\/\",\"name\":\"Presentaci\u00f3 Unitat Did\u00e0ctica Cartografia - TOCAR LA HIST\u00d2RIA\",\"isPartOf\":{\"@id\":\"https:\/\/webs.uab.cat\/tocarlahistoria\/#website\"},\"primaryImageOfPage\":{\"@id\":\"https:\/\/webs.uab.cat\/tocarlahistoria\/cartografia-presentacio\/#primaryimage\"},\"image\":{\"@id\":\"https:\/\/webs.uab.cat\/tocarlahistoria\/cartografia-presentacio\/#primaryimage\"},\"thumbnailUrl\":\"https:\/\/webs.uab.cat\/tocarlahistoria\/wp-content\/uploads\/sites\/585\/2024\/12\/TOP-CARTOGRAFIA.png\",\"datePublished\":\"2024-12-11T10:27:43+00:00\",\"dateModified\":\"2025-07-28T10:28:17+00:00\",\"description\":\"Presentaci\u00f3 de la unitat did\u00e0ctica dedicada a la cartografia pensada per a alumnes de primer de grau d'Hist\u00f2ria.\",\"breadcrumb\":{\"@id\":\"https:\/\/webs.uab.cat\/tocarlahistoria\/cartografia-presentacio\/#breadcrumb\"},\"inLanguage\":\"ca\",\"potentialAction\":[{\"@type\":\"ReadAction\",\"target\":[\"https:\/\/webs.uab.cat\/tocarlahistoria\/cartografia-presentacio\/\"]}]},{\"@type\":\"ImageObject\",\"inLanguage\":\"ca\",\"@id\":\"https:\/\/webs.uab.cat\/tocarlahistoria\/cartografia-presentacio\/#primaryimage\",\"url\":\"https:\/\/webs.uab.cat\/tocarlahistoria\/wp-content\/uploads\/sites\/585\/2024\/12\/TOP-CARTOGRAFIA.png\",\"contentUrl\":\"https:\/\/webs.uab.cat\/tocarlahistoria\/wp-content\/uploads\/sites\/585\/2024\/12\/TOP-CARTOGRAFIA.png\",\"width\":354,\"height\":300,\"caption\":\"Unitat de Cartografia\"},{\"@type\":\"BreadcrumbList\",\"@id\":\"https:\/\/webs.uab.cat\/tocarlahistoria\/cartografia-presentacio\/#breadcrumb\",\"itemListElement\":[{\"@type\":\"ListItem\",\"position\":1,\"name\":\"Inici\",\"item\":\"https:\/\/webs.uab.cat\/tocarlahistoria\/\"},{\"@type\":\"ListItem\",\"position\":2,\"name\":\"Presentaci\u00f3\"}]},{\"@type\":\"WebSite\",\"@id\":\"https:\/\/webs.uab.cat\/tocarlahistoria\/#website\",\"url\":\"https:\/\/webs.uab.cat\/tocarlahistoria\/\",\"name\":\"TOCAR LA HIST\u00d2RIA\",\"description\":\"\",\"potentialAction\":[{\"@type\":\"SearchAction\",\"target\":{\"@type\":\"EntryPoint\",\"urlTemplate\":\"https:\/\/webs.uab.cat\/tocarlahistoria\/?s={search_term_string}\"},\"query-input\":{\"@type\":\"PropertyValueSpecification\",\"valueRequired\":true,\"valueName\":\"search_term_string\"}}],\"inLanguage\":\"ca\"}]}<\/script>\n<!-- \/ Yoast SEO plugin. -->","yoast_head_json":{"title":"Presentaci\u00f3 Unitat Did\u00e0ctica Cartografia - TOCAR LA HIST\u00d2RIA","description":"Presentaci\u00f3 de la unitat did\u00e0ctica dedicada a la cartografia pensada per a alumnes de primer de grau d'Hist\u00f2ria.","robots":{"index":"index","follow":"follow","max-snippet":"max-snippet:-1","max-image-preview":"max-image-preview:large","max-video-preview":"max-video-preview:-1"},"canonical":"https:\/\/webs.uab.cat\/tocarlahistoria\/cartografia-presentacio\/","og_locale":"ca_ES","og_type":"article","og_title":"Presentaci\u00f3 Unitat Did\u00e0ctica Cartografia - TOCAR LA HIST\u00d2RIA","og_description":"Presentaci\u00f3 de la unitat did\u00e0ctica dedicada a la cartografia pensada per a alumnes de primer de grau d'Hist\u00f2ria.","og_url":"https:\/\/webs.uab.cat\/tocarlahistoria\/cartografia-presentacio\/","og_site_name":"TOCAR LA HIST\u00d2RIA","article_modified_time":"2025-07-28T10:28:17+00:00","og_image":[{"width":354,"height":300,"url":"https:\/\/webs.uab.cat\/tocarlahistoria\/wp-content\/uploads\/sites\/585\/2024\/12\/TOP-CARTOGRAFIA.png","type":"image\/png"}],"twitter_card":"summary_large_image","twitter_misc":{"Temps estimat de lectura":"3 minuts"},"schema":{"@context":"https:\/\/schema.org","@graph":[{"@type":"WebPage","@id":"https:\/\/webs.uab.cat\/tocarlahistoria\/cartografia-presentacio\/","url":"https:\/\/webs.uab.cat\/tocarlahistoria\/cartografia-presentacio\/","name":"Presentaci\u00f3 Unitat Did\u00e0ctica Cartografia - TOCAR LA HIST\u00d2RIA","isPartOf":{"@id":"https:\/\/webs.uab.cat\/tocarlahistoria\/#website"},"primaryImageOfPage":{"@id":"https:\/\/webs.uab.cat\/tocarlahistoria\/cartografia-presentacio\/#primaryimage"},"image":{"@id":"https:\/\/webs.uab.cat\/tocarlahistoria\/cartografia-presentacio\/#primaryimage"},"thumbnailUrl":"https:\/\/webs.uab.cat\/tocarlahistoria\/wp-content\/uploads\/sites\/585\/2024\/12\/TOP-CARTOGRAFIA.png","datePublished":"2024-12-11T10:27:43+00:00","dateModified":"2025-07-28T10:28:17+00:00","description":"Presentaci\u00f3 de la unitat did\u00e0ctica dedicada a la cartografia pensada per a alumnes de primer de grau d'Hist\u00f2ria.","breadcrumb":{"@id":"https:\/\/webs.uab.cat\/tocarlahistoria\/cartografia-presentacio\/#breadcrumb"},"inLanguage":"ca","potentialAction":[{"@type":"ReadAction","target":["https:\/\/webs.uab.cat\/tocarlahistoria\/cartografia-presentacio\/"]}]},{"@type":"ImageObject","inLanguage":"ca","@id":"https:\/\/webs.uab.cat\/tocarlahistoria\/cartografia-presentacio\/#primaryimage","url":"https:\/\/webs.uab.cat\/tocarlahistoria\/wp-content\/uploads\/sites\/585\/2024\/12\/TOP-CARTOGRAFIA.png","contentUrl":"https:\/\/webs.uab.cat\/tocarlahistoria\/wp-content\/uploads\/sites\/585\/2024\/12\/TOP-CARTOGRAFIA.png","width":354,"height":300,"caption":"Unitat de Cartografia"},{"@type":"BreadcrumbList","@id":"https:\/\/webs.uab.cat\/tocarlahistoria\/cartografia-presentacio\/#breadcrumb","itemListElement":[{"@type":"ListItem","position":1,"name":"Inici","item":"https:\/\/webs.uab.cat\/tocarlahistoria\/"},{"@type":"ListItem","position":2,"name":"Presentaci\u00f3"}]},{"@type":"WebSite","@id":"https:\/\/webs.uab.cat\/tocarlahistoria\/#website","url":"https:\/\/webs.uab.cat\/tocarlahistoria\/","name":"TOCAR LA HIST\u00d2RIA","description":"","potentialAction":[{"@type":"SearchAction","target":{"@type":"EntryPoint","urlTemplate":"https:\/\/webs.uab.cat\/tocarlahistoria\/?s={search_term_string}"},"query-input":{"@type":"PropertyValueSpecification","valueRequired":true,"valueName":"search_term_string"}}],"inLanguage":"ca"}]}},"_links":{"self":[{"href":"https:\/\/webs.uab.cat\/tocarlahistoria\/wp-json\/wp\/v2\/pages\/192","targetHints":{"allow":["GET"]}}],"collection":[{"href":"https:\/\/webs.uab.cat\/tocarlahistoria\/wp-json\/wp\/v2\/pages"}],"about":[{"href":"https:\/\/webs.uab.cat\/tocarlahistoria\/wp-json\/wp\/v2\/types\/page"}],"author":[{"embeddable":true,"href":"https:\/\/webs.uab.cat\/tocarlahistoria\/wp-json\/wp\/v2\/users\/1605"}],"replies":[{"embeddable":true,"href":"https:\/\/webs.uab.cat\/tocarlahistoria\/wp-json\/wp\/v2\/comments?post=192"}],"version-history":[{"count":11,"href":"https:\/\/webs.uab.cat\/tocarlahistoria\/wp-json\/wp\/v2\/pages\/192\/revisions"}],"predecessor-version":[{"id":1931,"href":"https:\/\/webs.uab.cat\/tocarlahistoria\/wp-json\/wp\/v2\/pages\/192\/revisions\/1931"}],"wp:attachment":[{"href":"https:\/\/webs.uab.cat\/tocarlahistoria\/wp-json\/wp\/v2\/media?parent=192"}],"curies":[{"name":"wp","href":"https:\/\/api.w.org\/{rel}","templated":true}]}}