{"id":643,"date":"2024-12-11T12:27:43","date_gmt":"2024-12-11T10:27:43","guid":{"rendered":"https:\/\/webs.uab.cat\/tocarlahistoria\/?page_id=643"},"modified":"2025-06-30T15:28:28","modified_gmt":"2025-06-30T13:28:28","slug":"cartografia","status":"publish","type":"page","link":"https:\/\/webs.uab.cat\/tocarlahistoria\/cartografia\/","title":{"rendered":"Mapes"},"content":{"rendered":"<div class=\"wp-block-image is-style-rounded\">\n<figure class=\"alignleft size-full is-resized\"><img loading=\"lazy\" decoding=\"async\" width=\"354\" height=\"300\" src=\"https:\/\/webs.uab.cat\/tocarlahistoria\/wp-content\/uploads\/sites\/585\/2024\/12\/TOP-CARTOGRAFIA.png\" alt=\"\" class=\"wp-image-1104\" style=\"aspect-ratio:16\/9;object-fit:cover;width:100px\" srcset=\"https:\/\/webs.uab.cat\/tocarlahistoria\/wp-content\/uploads\/sites\/585\/2024\/12\/TOP-CARTOGRAFIA.png 354w, https:\/\/webs.uab.cat\/tocarlahistoria\/wp-content\/uploads\/sites\/585\/2024\/12\/TOP-CARTOGRAFIA-300x254.png 300w\" sizes=\"auto, (max-width: 354px) 100vw, 354px\" \/><\/figure>\n<\/div>\n\n\n<p class=\"has-gris-londres-background-color has-background has-small-font-size\">Els mapes utilitzats pels alumnes es troben referenciats a  l&#8217;apartat &#8220;Recursos per l&#8217;activitat pr\u00e0ctica&#8221;. Us ampliem aqu\u00ed la informaci\u00f3 sobre el conjunt de la col\u00b7lecci\u00f3 a la qual pertanyen i us oferim altres recursos de mapes antics que poden ser d&#8217;utilitat si no \u00e9s possible l&#8217;acc\u00e9s a una col\u00b7lecci\u00f3 de documents originals. <\/p>\n\n\n\n<p>Els mapes de la <a href=\"https:\/\/ddd.uab.cat\/collection\/mapesgelaberto\" target=\"_blank\" rel=\"noreferrer noopener\">Col\u00b7lecci\u00f3 Mart\u00ed Gelabert\u00f3 de mapes antics<\/a> es troben digitalitzats al Dip\u00f2sit Digital de Documents de la Universitat Aut\u00f2noma de Barcelona. S\u00f3n consultables i descarregables sense cap tipus de restricci\u00f3, m\u00e9s que la citaci\u00f3 de la seva proced\u00e8ncia.<\/p>\n\n\n\n<p>Per con\u00e8ixer una mica l&#8217;origen i la composici\u00f3 del fons, podeu consultar la presentaci\u00f3 virtual que es va realitzar amb motiu de la donaci\u00f3:<\/p>\n\n\n\n<figure class=\"wp-block-image size-large\"><a href=\"https:\/\/arcg.is\/mOyWL\" target=\"_blank\" rel=\"noreferrer noopener\"><img loading=\"lazy\" decoding=\"async\" width=\"1024\" height=\"697\" src=\"https:\/\/webs.uab.cat\/tocarlahistoria\/wp-content\/uploads\/sites\/585\/2025\/06\/nova-expo-gelaberto-1024x697.png\" alt=\"Enlla\u00e7 a l'exposici\u00f3 virtual sobre la Col\u00b7lecci\u00f3 Gelabert\u00f3\" class=\"wp-image-1923\" srcset=\"https:\/\/webs.uab.cat\/tocarlahistoria\/wp-content\/uploads\/sites\/585\/2025\/06\/nova-expo-gelaberto-1024x697.png 1024w, https:\/\/webs.uab.cat\/tocarlahistoria\/wp-content\/uploads\/sites\/585\/2025\/06\/nova-expo-gelaberto-300x204.png 300w, https:\/\/webs.uab.cat\/tocarlahistoria\/wp-content\/uploads\/sites\/585\/2025\/06\/nova-expo-gelaberto-768x523.png 768w, https:\/\/webs.uab.cat\/tocarlahistoria\/wp-content\/uploads\/sites\/585\/2025\/06\/nova-expo-gelaberto.png 1085w\" sizes=\"auto, (max-width: 1024px) 100vw, 1024px\" \/><\/a><\/figure>\n\n\n\n<div style=\"height:20px\" aria-hidden=\"true\" class=\"wp-block-spacer\"><\/div>\n\n\n\n<p>Si l&#8217;acc\u00e9s a documentaci\u00f3 original no \u00e9s possible, existeixen molts repositoris digitals on trobar mapes antics. Podeu imprimir aquells que siguin d&#8217;inter\u00e8s o treballar-los directament en digital. Us relacionem alguns que poden cobrir les vostres necessitats:<\/p>\n\n\n\n<figure class=\"wp-block-gallery has-nested-images columns-default is-cropped wp-block-gallery-1 is-layout-flex wp-block-gallery-is-layout-flex\">\n<figure class=\"wp-block-image size-full\"><a href=\"https:\/\/cartotecadigital.icgc.cat\/\" target=\"_blank\" rel=\"noreferrer noopener\"><img loading=\"lazy\" decoding=\"async\" width=\"804\" height=\"476\" data-id=\"697\" src=\"https:\/\/webs.uab.cat\/tocarlahistoria\/wp-content\/uploads\/sites\/585\/2024\/11\/Screenshot-2024-11-18-at-16-10-17-Cartoteca-digital-mapes-i-fotografies-antigues-de-Catalunya-i-de-tot-el-mon.png\" alt=\"Enlla\u00e7 a la Cartoteca Digital de l'ICGC\" class=\"wp-image-697\" srcset=\"https:\/\/webs.uab.cat\/tocarlahistoria\/wp-content\/uploads\/sites\/585\/2024\/11\/Screenshot-2024-11-18-at-16-10-17-Cartoteca-digital-mapes-i-fotografies-antigues-de-Catalunya-i-de-tot-el-mon.png 804w, https:\/\/webs.uab.cat\/tocarlahistoria\/wp-content\/uploads\/sites\/585\/2024\/11\/Screenshot-2024-11-18-at-16-10-17-Cartoteca-digital-mapes-i-fotografies-antigues-de-Catalunya-i-de-tot-el-mon-300x178.png 300w, https:\/\/webs.uab.cat\/tocarlahistoria\/wp-content\/uploads\/sites\/585\/2024\/11\/Screenshot-2024-11-18-at-16-10-17-Cartoteca-digital-mapes-i-fotografies-antigues-de-Catalunya-i-de-tot-el-mon-768x455.png 768w\" sizes=\"auto, (max-width: 804px) 100vw, 804px\" \/><\/a><figcaption class=\"wp-element-caption\"><strong>CARTOTECA DIGITAL.<\/strong><br><strong> INSTITUT CARTOGR\u00c0FIC I GEOL\u00d2GIC DE CATALUNYA<\/strong><\/figcaption><\/figure>\n\n\n\n<figure class=\"wp-block-image size-full\"><a href=\"https:\/\/www.ign.es\/web\/catalogo-cartoteca\/\" target=\"_blank\" rel=\"noreferrer noopener\"><img loading=\"lazy\" decoding=\"async\" width=\"785\" height=\"661\" data-id=\"698\" src=\"https:\/\/webs.uab.cat\/tocarlahistoria\/wp-content\/uploads\/sites\/585\/2024\/11\/Screenshot-2024-11-18-at-16-12-10-Catalogo-de-la-Cartoteca-del-IGN-Buscador.png\" alt=\"Enlla\u00e7 a la Cartoteca Digital de l'IGN\" class=\"wp-image-698\" srcset=\"https:\/\/webs.uab.cat\/tocarlahistoria\/wp-content\/uploads\/sites\/585\/2024\/11\/Screenshot-2024-11-18-at-16-12-10-Catalogo-de-la-Cartoteca-del-IGN-Buscador.png 785w, https:\/\/webs.uab.cat\/tocarlahistoria\/wp-content\/uploads\/sites\/585\/2024\/11\/Screenshot-2024-11-18-at-16-12-10-Catalogo-de-la-Cartoteca-del-IGN-Buscador-300x253.png 300w, https:\/\/webs.uab.cat\/tocarlahistoria\/wp-content\/uploads\/sites\/585\/2024\/11\/Screenshot-2024-11-18-at-16-12-10-Catalogo-de-la-Cartoteca-del-IGN-Buscador-768x647.png 768w\" sizes=\"auto, (max-width: 785px) 100vw, 785px\" \/><\/a><figcaption class=\"wp-element-caption\"><strong>CARTOTECA DIGITAL. INSTITUTO GEOGR\u00c1FICO NACIONAL &#8211; ESPA\u00d1A<\/strong><\/figcaption><\/figure>\n\n\n\n<figure class=\"wp-block-image size-large\"><a href=\"https:\/\/www.davidrumsey.com\/\" target=\"_blank\" rel=\"noreferrer noopener\"><img loading=\"lazy\" decoding=\"async\" width=\"773\" height=\"589\" data-id=\"699\" src=\"https:\/\/webs.uab.cat\/tocarlahistoria\/wp-content\/uploads\/sites\/585\/2024\/11\/Screenshot-2024-11-18-at-16-13-08-David-Rumsey-Historical-Map-Collection-The-Collection.png\" alt=\"Enlla\u00e7 a la Cartoteca Digital de la David Rumsey Map Collection de l'Stanford University\" class=\"wp-image-699\" srcset=\"https:\/\/webs.uab.cat\/tocarlahistoria\/wp-content\/uploads\/sites\/585\/2024\/11\/Screenshot-2024-11-18-at-16-13-08-David-Rumsey-Historical-Map-Collection-The-Collection.png 773w, https:\/\/webs.uab.cat\/tocarlahistoria\/wp-content\/uploads\/sites\/585\/2024\/11\/Screenshot-2024-11-18-at-16-13-08-David-Rumsey-Historical-Map-Collection-The-Collection-300x229.png 300w, https:\/\/webs.uab.cat\/tocarlahistoria\/wp-content\/uploads\/sites\/585\/2024\/11\/Screenshot-2024-11-18-at-16-13-08-David-Rumsey-Historical-Map-Collection-The-Collection-768x585.png 768w\" sizes=\"auto, (max-width: 773px) 100vw, 773px\" \/><\/a><figcaption class=\"wp-element-caption\"><strong>DAVID RUMSEY MAP COLLECTION. STANFORD UNIVERSITY<\/strong><\/figcaption><\/figure>\n<\/figure>\n\n\n\n<p><\/p>\n","protected":false},"excerpt":{"rendered":"<p>Els mapes utilitzats pels alumnes es troben referenciats a l&#8217;apartat &#8220;Recursos per l&#8217;activitat pr\u00e0ctica&#8221;. Us ampliem aqu\u00ed la informaci\u00f3 sobre el conjunt de la col\u00b7lecci\u00f3 a la qual pertanyen i us oferim altres recursos de mapes antics que poden ser d&#8217;utilitat si no \u00e9s possible l&#8217;acc\u00e9s a una col\u00b7lecci\u00f3 de documents originals. Els mapes de [&hellip;]<\/p>\n","protected":false},"author":1605,"featured_media":0,"parent":0,"menu_order":0,"comment_status":"closed","ping_status":"closed","template":"","meta":{"footnotes":""},"class_list":["post-643","page","type-page","status-publish","hentry"],"yoast_head":"<!-- This site is optimized with the Yoast SEO plugin v26.8 - https:\/\/yoast.com\/product\/yoast-seo-wordpress\/ -->\n<title>Mapes antics disponibles a la xarxa - TOCAR LA HIST\u00d2RIA<\/title>\n<meta name=\"description\" content=\"Recull de recursos amb mapes antics digitalitzats a institucions oficials i acad\u00e8miques, disponibles gratu\u00eftament a Internet.\" \/>\n<meta name=\"robots\" content=\"index, follow, max-snippet:-1, max-image-preview:large, max-video-preview:-1\" \/>\n<link rel=\"canonical\" href=\"https:\/\/webs.uab.cat\/tocarlahistoria\/cartografia\/\" \/>\n<meta property=\"og:locale\" content=\"ca_ES\" \/>\n<meta property=\"og:type\" content=\"article\" \/>\n<meta property=\"og:title\" content=\"Mapes antics disponibles a la xarxa - TOCAR LA HIST\u00d2RIA\" \/>\n<meta property=\"og:description\" content=\"Recull de recursos amb mapes antics digitalitzats a institucions oficials i acad\u00e8miques, disponibles gratu\u00eftament a Internet.\" \/>\n<meta property=\"og:url\" content=\"https:\/\/webs.uab.cat\/tocarlahistoria\/cartografia\/\" \/>\n<meta property=\"og:site_name\" content=\"TOCAR LA HIST\u00d2RIA\" \/>\n<meta property=\"article:modified_time\" content=\"2025-06-30T13:28:28+00:00\" \/>\n<meta property=\"og:image\" content=\"https:\/\/webs.uab.cat\/tocarlahistoria\/wp-content\/uploads\/sites\/585\/2024\/12\/TOP-CARTOGRAFIA.png\" \/>\n\t<meta property=\"og:image:width\" content=\"354\" \/>\n\t<meta property=\"og:image:height\" content=\"300\" \/>\n\t<meta property=\"og:image:type\" content=\"image\/png\" \/>\n<meta name=\"twitter:card\" content=\"summary_large_image\" \/>\n<meta name=\"twitter:label1\" content=\"Temps estimat de lectura\" \/>\n\t<meta name=\"twitter:data1\" content=\"2 minuts\" \/>\n<script type=\"application\/ld+json\" class=\"yoast-schema-graph\">{\"@context\":\"https:\/\/schema.org\",\"@graph\":[{\"@type\":\"WebPage\",\"@id\":\"https:\/\/webs.uab.cat\/tocarlahistoria\/cartografia\/\",\"url\":\"https:\/\/webs.uab.cat\/tocarlahistoria\/cartografia\/\",\"name\":\"Mapes antics disponibles a la xarxa - TOCAR LA HIST\u00d2RIA\",\"isPartOf\":{\"@id\":\"https:\/\/webs.uab.cat\/tocarlahistoria\/#website\"},\"primaryImageOfPage\":{\"@id\":\"https:\/\/webs.uab.cat\/tocarlahistoria\/cartografia\/#primaryimage\"},\"image\":{\"@id\":\"https:\/\/webs.uab.cat\/tocarlahistoria\/cartografia\/#primaryimage\"},\"thumbnailUrl\":\"https:\/\/webs.uab.cat\/tocarlahistoria\/wp-content\/uploads\/sites\/585\/2024\/12\/TOP-CARTOGRAFIA.png\",\"datePublished\":\"2024-12-11T10:27:43+00:00\",\"dateModified\":\"2025-06-30T13:28:28+00:00\",\"description\":\"Recull de recursos amb mapes antics digitalitzats a institucions oficials i acad\u00e8miques, disponibles gratu\u00eftament a Internet.\",\"breadcrumb\":{\"@id\":\"https:\/\/webs.uab.cat\/tocarlahistoria\/cartografia\/#breadcrumb\"},\"inLanguage\":\"ca\",\"potentialAction\":[{\"@type\":\"ReadAction\",\"target\":[\"https:\/\/webs.uab.cat\/tocarlahistoria\/cartografia\/\"]}]},{\"@type\":\"ImageObject\",\"inLanguage\":\"ca\",\"@id\":\"https:\/\/webs.uab.cat\/tocarlahistoria\/cartografia\/#primaryimage\",\"url\":\"https:\/\/webs.uab.cat\/tocarlahistoria\/wp-content\/uploads\/sites\/585\/2024\/12\/TOP-CARTOGRAFIA.png\",\"contentUrl\":\"https:\/\/webs.uab.cat\/tocarlahistoria\/wp-content\/uploads\/sites\/585\/2024\/12\/TOP-CARTOGRAFIA.png\",\"width\":354,\"height\":300,\"caption\":\"Unitat de Cartografia\"},{\"@type\":\"BreadcrumbList\",\"@id\":\"https:\/\/webs.uab.cat\/tocarlahistoria\/cartografia\/#breadcrumb\",\"itemListElement\":[{\"@type\":\"ListItem\",\"position\":1,\"name\":\"Inici\",\"item\":\"https:\/\/webs.uab.cat\/tocarlahistoria\/\"},{\"@type\":\"ListItem\",\"position\":2,\"name\":\"Mapes\"}]},{\"@type\":\"WebSite\",\"@id\":\"https:\/\/webs.uab.cat\/tocarlahistoria\/#website\",\"url\":\"https:\/\/webs.uab.cat\/tocarlahistoria\/\",\"name\":\"TOCAR LA HIST\u00d2RIA\",\"description\":\"\",\"potentialAction\":[{\"@type\":\"SearchAction\",\"target\":{\"@type\":\"EntryPoint\",\"urlTemplate\":\"https:\/\/webs.uab.cat\/tocarlahistoria\/?s={search_term_string}\"},\"query-input\":{\"@type\":\"PropertyValueSpecification\",\"valueRequired\":true,\"valueName\":\"search_term_string\"}}],\"inLanguage\":\"ca\"}]}<\/script>\n<!-- \/ Yoast SEO plugin. -->","yoast_head_json":{"title":"Mapes antics disponibles a la xarxa - TOCAR LA HIST\u00d2RIA","description":"Recull de recursos amb mapes antics digitalitzats a institucions oficials i acad\u00e8miques, disponibles gratu\u00eftament a Internet.","robots":{"index":"index","follow":"follow","max-snippet":"max-snippet:-1","max-image-preview":"max-image-preview:large","max-video-preview":"max-video-preview:-1"},"canonical":"https:\/\/webs.uab.cat\/tocarlahistoria\/cartografia\/","og_locale":"ca_ES","og_type":"article","og_title":"Mapes antics disponibles a la xarxa - TOCAR LA HIST\u00d2RIA","og_description":"Recull de recursos amb mapes antics digitalitzats a institucions oficials i acad\u00e8miques, disponibles gratu\u00eftament a Internet.","og_url":"https:\/\/webs.uab.cat\/tocarlahistoria\/cartografia\/","og_site_name":"TOCAR LA HIST\u00d2RIA","article_modified_time":"2025-06-30T13:28:28+00:00","og_image":[{"width":354,"height":300,"url":"https:\/\/webs.uab.cat\/tocarlahistoria\/wp-content\/uploads\/sites\/585\/2024\/12\/TOP-CARTOGRAFIA.png","type":"image\/png"}],"twitter_card":"summary_large_image","twitter_misc":{"Temps estimat de lectura":"2 minuts"},"schema":{"@context":"https:\/\/schema.org","@graph":[{"@type":"WebPage","@id":"https:\/\/webs.uab.cat\/tocarlahistoria\/cartografia\/","url":"https:\/\/webs.uab.cat\/tocarlahistoria\/cartografia\/","name":"Mapes antics disponibles a la xarxa - TOCAR LA HIST\u00d2RIA","isPartOf":{"@id":"https:\/\/webs.uab.cat\/tocarlahistoria\/#website"},"primaryImageOfPage":{"@id":"https:\/\/webs.uab.cat\/tocarlahistoria\/cartografia\/#primaryimage"},"image":{"@id":"https:\/\/webs.uab.cat\/tocarlahistoria\/cartografia\/#primaryimage"},"thumbnailUrl":"https:\/\/webs.uab.cat\/tocarlahistoria\/wp-content\/uploads\/sites\/585\/2024\/12\/TOP-CARTOGRAFIA.png","datePublished":"2024-12-11T10:27:43+00:00","dateModified":"2025-06-30T13:28:28+00:00","description":"Recull de recursos amb mapes antics digitalitzats a institucions oficials i acad\u00e8miques, disponibles gratu\u00eftament a Internet.","breadcrumb":{"@id":"https:\/\/webs.uab.cat\/tocarlahistoria\/cartografia\/#breadcrumb"},"inLanguage":"ca","potentialAction":[{"@type":"ReadAction","target":["https:\/\/webs.uab.cat\/tocarlahistoria\/cartografia\/"]}]},{"@type":"ImageObject","inLanguage":"ca","@id":"https:\/\/webs.uab.cat\/tocarlahistoria\/cartografia\/#primaryimage","url":"https:\/\/webs.uab.cat\/tocarlahistoria\/wp-content\/uploads\/sites\/585\/2024\/12\/TOP-CARTOGRAFIA.png","contentUrl":"https:\/\/webs.uab.cat\/tocarlahistoria\/wp-content\/uploads\/sites\/585\/2024\/12\/TOP-CARTOGRAFIA.png","width":354,"height":300,"caption":"Unitat de Cartografia"},{"@type":"BreadcrumbList","@id":"https:\/\/webs.uab.cat\/tocarlahistoria\/cartografia\/#breadcrumb","itemListElement":[{"@type":"ListItem","position":1,"name":"Inici","item":"https:\/\/webs.uab.cat\/tocarlahistoria\/"},{"@type":"ListItem","position":2,"name":"Mapes"}]},{"@type":"WebSite","@id":"https:\/\/webs.uab.cat\/tocarlahistoria\/#website","url":"https:\/\/webs.uab.cat\/tocarlahistoria\/","name":"TOCAR LA HIST\u00d2RIA","description":"","potentialAction":[{"@type":"SearchAction","target":{"@type":"EntryPoint","urlTemplate":"https:\/\/webs.uab.cat\/tocarlahistoria\/?s={search_term_string}"},"query-input":{"@type":"PropertyValueSpecification","valueRequired":true,"valueName":"search_term_string"}}],"inLanguage":"ca"}]}},"_links":{"self":[{"href":"https:\/\/webs.uab.cat\/tocarlahistoria\/wp-json\/wp\/v2\/pages\/643","targetHints":{"allow":["GET"]}}],"collection":[{"href":"https:\/\/webs.uab.cat\/tocarlahistoria\/wp-json\/wp\/v2\/pages"}],"about":[{"href":"https:\/\/webs.uab.cat\/tocarlahistoria\/wp-json\/wp\/v2\/types\/page"}],"author":[{"embeddable":true,"href":"https:\/\/webs.uab.cat\/tocarlahistoria\/wp-json\/wp\/v2\/users\/1605"}],"replies":[{"embeddable":true,"href":"https:\/\/webs.uab.cat\/tocarlahistoria\/wp-json\/wp\/v2\/comments?post=643"}],"version-history":[{"count":15,"href":"https:\/\/webs.uab.cat\/tocarlahistoria\/wp-json\/wp\/v2\/pages\/643\/revisions"}],"predecessor-version":[{"id":1925,"href":"https:\/\/webs.uab.cat\/tocarlahistoria\/wp-json\/wp\/v2\/pages\/643\/revisions\/1925"}],"wp:attachment":[{"href":"https:\/\/webs.uab.cat\/tocarlahistoria\/wp-json\/wp\/v2\/media?parent=643"}],"curies":[{"name":"wp","href":"https:\/\/api.w.org\/{rel}","templated":true}]}}