{"id":721,"date":"2024-12-11T12:27:43","date_gmt":"2024-12-11T10:27:43","guid":{"rendered":"https:\/\/webs.uab.cat\/tocarlahistoria\/?page_id=721"},"modified":"2024-12-11T13:17:51","modified_gmt":"2024-12-11T11:17:51","slug":"la-impremta-i-la-premsa","status":"publish","type":"page","link":"https:\/\/webs.uab.cat\/tocarlahistoria\/la-impremta-i-la-premsa\/","title":{"rendered":"La impremta i la premsa"},"content":{"rendered":"<div class=\"wp-block-image is-style-rounded\">\n<figure class=\"alignleft size-full is-resized\"><img loading=\"lazy\" decoding=\"async\" width=\"354\" height=\"300\" src=\"https:\/\/webs.uab.cat\/tocarlahistoria\/wp-content\/uploads\/sites\/585\/2024\/12\/top-impremta.png\" alt=\"\" class=\"wp-image-1066\" style=\"aspect-ratio:16\/9;object-fit:cover;width:100px\" srcset=\"https:\/\/webs.uab.cat\/tocarlahistoria\/wp-content\/uploads\/sites\/585\/2024\/12\/top-impremta.png 354w, https:\/\/webs.uab.cat\/tocarlahistoria\/wp-content\/uploads\/sites\/585\/2024\/12\/top-impremta-300x254.png 300w\" sizes=\"auto, (max-width: 354px) 100vw, 354px\" \/><\/figure>\n<\/div>\n\n\n<p>Una altra de les grans aportacions de la impremta fou la de facilitar el naixement de la premsa. Ja des de molt abans de la invenci\u00f3 de la tipografia els mercaders acostumaven a enviar i rebre cartes que contenien informaci\u00f3 sobre la situaci\u00f3 pol\u00edtica i militar dels pa\u00efsos amb els quals comerciaven. Fins i tot, en algunes ciutats, com fou el cas de Ven\u00e8cia, hi havia individus que es dedicaven a recopilar aquesta informaci\u00f3 i a distribuir-la entre un grup selecte de clients, en forma de \u201cgasetes\u201d manuscrites. Amb l\u2019arribada de la tipografia, els impressors van veure en aquestes gasetes una oportunitat de fer negoci.<\/p>\n\n\n\n<div class=\"wp-block-media-text is-stacked-on-mobile\" style=\"grid-template-columns:36% auto\"><figure class=\"wp-block-media-text__media\"><a href=\"https:\/\/webs.uab.cat\/tocarlahistoria\/wp-content\/uploads\/sites\/585\/2024\/11\/relacions.png\" target=\"_blank\" rel=\"noreferrer noopener\"><img loading=\"lazy\" decoding=\"async\" width=\"509\" height=\"732\" src=\"https:\/\/webs.uab.cat\/tocarlahistoria\/wp-content\/uploads\/sites\/585\/2024\/11\/relacions.png\" alt=\"Portada de unes relacions. 1641.\" class=\"wp-image-828 size-full\" srcset=\"https:\/\/webs.uab.cat\/tocarlahistoria\/wp-content\/uploads\/sites\/585\/2024\/11\/relacions.png 509w, https:\/\/webs.uab.cat\/tocarlahistoria\/wp-content\/uploads\/sites\/585\/2024\/11\/relacions-209x300.png 209w\" sizes=\"auto, (max-width: 509px) 100vw, 509px\" \/><\/a><\/figure><div class=\"wp-block-media-text__content\">\n<p>A partir d\u2019aleshores les gasetes es van abaratir i, gr\u00e0cies a aix\u00f2, en van augmentar les vendes. En els or\u00edgens d\u2019aquesta premsa existien dos productes diferenciats: les relacions i les gasetes. Les relacions contenien la narraci\u00f3 d\u2019un \u00fanic esdeveniment i es publicaven a mesura que la informaci\u00f3 arribava a mans dels impressors. Les gasetes, en canvi, estaven formades per reculls de not\u00edcies, generalment breus, procedents de diferents ciutats. A difer\u00e8ncia de les relacions, les gasetes es publicaven regularment. <\/p>\n<\/div><\/div>\n\n\n\n<p>De fet, la posada en marxa del sistema de correu ordinari, a final del segle XVI, va propiciar que a principi del segle seg\u00fcent es publiqu\u00e9s, a Estrasburg, el primer setmanari de la hist\u00f2ria, cosa que va suposar el naixement de la premsa peri\u00f2dica.<\/p>\n\n\n\n<p>La premsa va ser utilitzada per molts estats com a instrument propagand\u00edstic. Destaca, en aquest sentit, l\u2019aparici\u00f3 de la <em>Gazette<\/em> francesa, l\u2019any 1631, per iniciativa del cardenal Richelieu. A Anglaterra, d\u2019igual forma, es publicava <em>The London Gazette<\/em>, que contenia informaci\u00f3 parlament\u00e0ria i governamental. Anglaterra i Holanda foren pa\u00efsos que van gaudir d\u2019una certa toler\u00e0ncia en relaci\u00f3 a la premsa. A Catalunya hi hagu\u00e9 un primer intent de publicar una gaseta peri\u00f2dica l\u2019any 1641, durant la Guerra dels Segadors, per\u00f2 la consolidaci\u00f3 d\u2019aquest fenomen no va arribar fins a la d\u00e8cada de 1680, coincidint amb la gran expectaci\u00f3 que la Gran Guerra Turca va generar a tot Europa.<\/p>\n\n\n\n<p>La difusi\u00f3 de la premsa a l\u2019\u00e8poca Moderna va assolir el seu moment m\u00e9s \u00e0lgid durant la Guerra de Successi\u00f3, entre 1701 i 1714. Aquest conflicte va destacar per la utilitzaci\u00f3 de la premsa com a arma de combat, una veritable \u201cguerra dels papers\u201d. <\/p>\n\n\n<div class=\"wp-block-image\">\n<figure class=\"aligncenter size-full\"><a href=\"https:\/\/webs.uab.cat\/tocarlahistoria\/wp-content\/uploads\/sites\/585\/2024\/11\/guerrasucce_8033_medium.jpg\" target=\"_blank\" rel=\"noreferrer noopener\"><img loading=\"lazy\" decoding=\"async\" width=\"430\" height=\"599\" src=\"https:\/\/webs.uab.cat\/tocarlahistoria\/wp-content\/uploads\/sites\/585\/2024\/11\/guerrasucce_8033_medium.jpg\" alt=\"Pamflet austriacista. 1707.\" class=\"wp-image-837\" srcset=\"https:\/\/webs.uab.cat\/tocarlahistoria\/wp-content\/uploads\/sites\/585\/2024\/11\/guerrasucce_8033_medium.jpg 430w, https:\/\/webs.uab.cat\/tocarlahistoria\/wp-content\/uploads\/sites\/585\/2024\/11\/guerrasucce_8033_medium-215x300.jpg 215w\" sizes=\"auto, (max-width: 430px) 100vw, 430px\" \/><\/a><figcaption class=\"wp-element-caption\">Exemple de pamflet austriacista durant la Guerra de Successi\u00f3<\/figcaption><\/figure>\n<\/div>\n\n\n<p>Pr\u00e0cticament tots els pa\u00efsos van fer \u00fas de la premsa per informar o desinformar la poblaci\u00f3 sobre el desenvolupament del conflicte. Durant aquests anys es van publicar un gran nombre de pamflets d\u2019opini\u00f3, que defensaven els plantejaments dels dos b\u00e0ndols que es disputaven el tron hisp\u00e0nic: els borb\u00f2nics i els austriacistes. A Catalunya va destacar sobretot la figura de l\u2019impressor Rafael Figuer\u00f3, creador de la <em>Gazeta de Barcelona<\/em>, que va rebre el t\u00edtol d\u2019impressor reial per part de l\u2019arxiduc Carles d\u2019\u00c0ustria.&nbsp;<\/p>\n\n\n\n<div style=\"height:26px\" aria-hidden=\"true\" class=\"wp-block-spacer\"><\/div>\n\n\n\n<p class=\"has-gris-londres-background-color has-background\"><strong>DOCUMENTS RELACIONATS<\/strong><\/p>\n\n\n\n<figure class=\"wp-block-gallery has-nested-images columns-default is-cropped wp-block-gallery-1 is-layout-flex wp-block-gallery-is-layout-flex\">\n<figure class=\"wp-block-image size-large\"><a href=\"https:\/\/webs.uab.cat\/tocarlahistoria\/document-1-fulls-de-noticies\/\" target=\"_blank\" rel=\"noreferrer noopener\"><img loading=\"lazy\" decoding=\"async\" width=\"461\" height=\"665\" data-id=\"853\" src=\"https:\/\/webs.uab.cat\/tocarlahistoria\/wp-content\/uploads\/sites\/585\/2024\/11\/Imatge1.jpg\" alt=\"\" class=\"wp-image-853\" srcset=\"https:\/\/webs.uab.cat\/tocarlahistoria\/wp-content\/uploads\/sites\/585\/2024\/11\/Imatge1.jpg 461w, https:\/\/webs.uab.cat\/tocarlahistoria\/wp-content\/uploads\/sites\/585\/2024\/11\/Imatge1-208x300.jpg 208w\" sizes=\"auto, (max-width: 461px) 100vw, 461px\" \/><\/a><figcaption class=\"wp-element-caption\"><strong>DOCUMENT 1: FULLS DE NOT\u00cdCIES<\/strong><\/figcaption><\/figure>\n\n\n\n<figure class=\"wp-block-image size-full\"><a href=\"https:\/\/webs.uab.cat\/tocarlahistoria\/document-2-la-gazeta-de-jaume-romeu\/\" target=\"_blank\" rel=\"noreferrer noopener\"><img loading=\"lazy\" decoding=\"async\" width=\"460\" height=\"633\" data-id=\"1020\" src=\"https:\/\/webs.uab.cat\/tocarlahistoria\/wp-content\/uploads\/sites\/585\/2024\/12\/fullBonsoms_119511_mediumGazeta.jpg\" alt=\"\" class=\"wp-image-1020\" srcset=\"https:\/\/webs.uab.cat\/tocarlahistoria\/wp-content\/uploads\/sites\/585\/2024\/12\/fullBonsoms_119511_mediumGazeta.jpg 460w, https:\/\/webs.uab.cat\/tocarlahistoria\/wp-content\/uploads\/sites\/585\/2024\/12\/fullBonsoms_119511_mediumGazeta-218x300.jpg 218w\" sizes=\"auto, (max-width: 460px) 100vw, 460px\" \/><\/a><figcaption class=\"wp-element-caption\"><strong>DOCUMENT 2: LA GAZETA DE JAUME ROMEU<\/strong><\/figcaption><\/figure>\n\n\n\n<figure class=\"wp-block-image size-full\"><a href=\"https:\/\/webs.uab.cat\/tocarlahistoria\/document-3-la-gazeta-de-barcelona\/\" target=\"_blank\" rel=\"noreferrer noopener\"><img loading=\"lazy\" decoding=\"async\" width=\"449\" height=\"572\" data-id=\"1024\" src=\"https:\/\/webs.uab.cat\/tocarlahistoria\/wp-content\/uploads\/sites\/585\/2024\/12\/fullBonsoms_57189_medium-Figuero.jpg\" alt=\"\" class=\"wp-image-1024\" srcset=\"https:\/\/webs.uab.cat\/tocarlahistoria\/wp-content\/uploads\/sites\/585\/2024\/12\/fullBonsoms_57189_medium-Figuero.jpg 449w, https:\/\/webs.uab.cat\/tocarlahistoria\/wp-content\/uploads\/sites\/585\/2024\/12\/fullBonsoms_57189_medium-Figuero-235x300.jpg 235w\" sizes=\"auto, (max-width: 449px) 100vw, 449px\" \/><\/a><figcaption class=\"wp-element-caption\"><strong>DOCUMENT 3: LA GAZETA DE BARCELONA<\/strong><\/figcaption><\/figure>\n<\/figure>\n\n\n\n<div style=\"height:26px\" aria-hidden=\"true\" class=\"wp-block-spacer\"><\/div>\n\n\n\n<details class=\"wp-block-details has-small-font-size is-layout-flow wp-block-details-is-layout-flow\"><summary>Cr\u00e8dits de les imatges<\/summary>\n<p><\/p>\n\n\n\n<ul class=\"wp-block-list\">\n<li><em>Relacio de las solemnissimas festas, que la molt lleal y fortissima Ciutat de Barcelona a fet a 31 de mars any 1641 a la noua de admetrens lo Christianissim Rey Lluys nostre senyor, debaix de la protectio com \u00e0 Comte de Barcelona, y Princep de Cathalunya<\/em>. En Barcelona : en la Estampa de Iaume Romeu, 1641. <a href=\"http:\/\/bdh.bne.es\/bnesearch\/detalle\/bdh0000296215\" target=\"_blank\" rel=\"noreferrer noopener\">Col\u00b7lecci\u00f3 de la Biblioteca Nacional de Espa\u00f1a<\/a>.<\/li>\n\n\n\n<li><em>Afectos barceloneses al llegar nvestro amado monarca Carlos Tercero, que Dios guarde, a la excelentisima ciudad de Barcelona : matizados con titvlos de comedias de este a\u00f1o de 1707<\/em>. [Barcelona : s.n., 1707?] <a href=\"https:\/\/mdc.csuc.cat\/digital\/collection\/guerrasucce\/id\/8033\/rec\/18\" target=\"_blank\" rel=\"noreferrer noopener\">Col\u00b7lecci\u00f3 Fons de la Guerra de Successi\u00f3 de la Universitat Pompeu Fabra a la MDC<\/a>.<\/li>\n<\/ul>\n<\/details>\n\n\n\n<p><\/p>\n","protected":false},"excerpt":{"rendered":"<p>Una altra de les grans aportacions de la impremta fou la de facilitar el naixement de la premsa. Ja des de molt abans de la invenci\u00f3 de la tipografia els mercaders acostumaven a enviar i rebre cartes que contenien informaci\u00f3 sobre la situaci\u00f3 pol\u00edtica i militar dels pa\u00efsos amb els quals comerciaven. Fins i tot, [&hellip;]<\/p>\n","protected":false},"author":1605,"featured_media":0,"parent":0,"menu_order":0,"comment_status":"closed","ping_status":"closed","template":"","meta":{"footnotes":""},"class_list":["post-721","page","type-page","status-publish","hentry"],"yoast_head":"<!-- This site is optimized with the Yoast SEO plugin v26.8 - https:\/\/yoast.com\/product\/yoast-seo-wordpress\/ -->\n<title>La impremta i la premsa - TOCAR LA HIST\u00d2RIA<\/title>\n<meta name=\"robots\" content=\"index, follow, max-snippet:-1, max-image-preview:large, max-video-preview:-1\" \/>\n<link rel=\"canonical\" href=\"https:\/\/webs.uab.cat\/tocarlahistoria\/la-impremta-i-la-premsa\/\" \/>\n<meta property=\"og:locale\" content=\"ca_ES\" \/>\n<meta property=\"og:type\" content=\"article\" \/>\n<meta property=\"og:title\" content=\"La impremta i la premsa - TOCAR LA HIST\u00d2RIA\" \/>\n<meta property=\"og:description\" content=\"Una altra de les grans aportacions de la impremta fou la de facilitar el naixement de la premsa. Ja des de molt abans de la invenci\u00f3 de la tipografia els mercaders acostumaven a enviar i rebre cartes que contenien informaci\u00f3 sobre la situaci\u00f3 pol\u00edtica i militar dels pa\u00efsos amb els quals comerciaven. Fins i tot, [&hellip;]\" \/>\n<meta property=\"og:url\" content=\"https:\/\/webs.uab.cat\/tocarlahistoria\/la-impremta-i-la-premsa\/\" \/>\n<meta property=\"og:site_name\" content=\"TOCAR LA HIST\u00d2RIA\" \/>\n<meta property=\"article:modified_time\" content=\"2024-12-11T11:17:51+00:00\" \/>\n<meta property=\"og:image\" content=\"https:\/\/webs.uab.cat\/tocarlahistoria\/wp-content\/uploads\/sites\/585\/2024\/12\/top-impremta.png\" \/>\n<meta name=\"twitter:card\" content=\"summary_large_image\" \/>\n<meta name=\"twitter:label1\" content=\"Temps estimat de lectura\" \/>\n\t<meta name=\"twitter:data1\" content=\"3 minuts\" \/>\n<script type=\"application\/ld+json\" class=\"yoast-schema-graph\">{\"@context\":\"https:\/\/schema.org\",\"@graph\":[{\"@type\":\"WebPage\",\"@id\":\"https:\/\/webs.uab.cat\/tocarlahistoria\/la-impremta-i-la-premsa\/\",\"url\":\"https:\/\/webs.uab.cat\/tocarlahistoria\/la-impremta-i-la-premsa\/\",\"name\":\"La impremta i la premsa - TOCAR LA HIST\u00d2RIA\",\"isPartOf\":{\"@id\":\"https:\/\/webs.uab.cat\/tocarlahistoria\/#website\"},\"primaryImageOfPage\":{\"@id\":\"https:\/\/webs.uab.cat\/tocarlahistoria\/la-impremta-i-la-premsa\/#primaryimage\"},\"image\":{\"@id\":\"https:\/\/webs.uab.cat\/tocarlahistoria\/la-impremta-i-la-premsa\/#primaryimage\"},\"thumbnailUrl\":\"https:\/\/webs.uab.cat\/tocarlahistoria\/wp-content\/uploads\/sites\/585\/2024\/12\/top-impremta.png\",\"datePublished\":\"2024-12-11T10:27:43+00:00\",\"dateModified\":\"2024-12-11T11:17:51+00:00\",\"breadcrumb\":{\"@id\":\"https:\/\/webs.uab.cat\/tocarlahistoria\/la-impremta-i-la-premsa\/#breadcrumb\"},\"inLanguage\":\"ca\",\"potentialAction\":[{\"@type\":\"ReadAction\",\"target\":[\"https:\/\/webs.uab.cat\/tocarlahistoria\/la-impremta-i-la-premsa\/\"]}]},{\"@type\":\"ImageObject\",\"inLanguage\":\"ca\",\"@id\":\"https:\/\/webs.uab.cat\/tocarlahistoria\/la-impremta-i-la-premsa\/#primaryimage\",\"url\":\"https:\/\/webs.uab.cat\/tocarlahistoria\/wp-content\/uploads\/sites\/585\/2024\/12\/top-impremta.png\",\"contentUrl\":\"https:\/\/webs.uab.cat\/tocarlahistoria\/wp-content\/uploads\/sites\/585\/2024\/12\/top-impremta.png\",\"width\":354,\"height\":300,\"caption\":\"Unitat de la impremta\"},{\"@type\":\"BreadcrumbList\",\"@id\":\"https:\/\/webs.uab.cat\/tocarlahistoria\/la-impremta-i-la-premsa\/#breadcrumb\",\"itemListElement\":[{\"@type\":\"ListItem\",\"position\":1,\"name\":\"Inici\",\"item\":\"https:\/\/webs.uab.cat\/tocarlahistoria\/\"},{\"@type\":\"ListItem\",\"position\":2,\"name\":\"La impremta i la premsa\"}]},{\"@type\":\"WebSite\",\"@id\":\"https:\/\/webs.uab.cat\/tocarlahistoria\/#website\",\"url\":\"https:\/\/webs.uab.cat\/tocarlahistoria\/\",\"name\":\"TOCAR LA HIST\u00d2RIA\",\"description\":\"\",\"potentialAction\":[{\"@type\":\"SearchAction\",\"target\":{\"@type\":\"EntryPoint\",\"urlTemplate\":\"https:\/\/webs.uab.cat\/tocarlahistoria\/?s={search_term_string}\"},\"query-input\":{\"@type\":\"PropertyValueSpecification\",\"valueRequired\":true,\"valueName\":\"search_term_string\"}}],\"inLanguage\":\"ca\"}]}<\/script>\n<!-- \/ Yoast SEO plugin. -->","yoast_head_json":{"title":"La impremta i la premsa - TOCAR LA HIST\u00d2RIA","robots":{"index":"index","follow":"follow","max-snippet":"max-snippet:-1","max-image-preview":"max-image-preview:large","max-video-preview":"max-video-preview:-1"},"canonical":"https:\/\/webs.uab.cat\/tocarlahistoria\/la-impremta-i-la-premsa\/","og_locale":"ca_ES","og_type":"article","og_title":"La impremta i la premsa - TOCAR LA HIST\u00d2RIA","og_description":"Una altra de les grans aportacions de la impremta fou la de facilitar el naixement de la premsa. Ja des de molt abans de la invenci\u00f3 de la tipografia els mercaders acostumaven a enviar i rebre cartes que contenien informaci\u00f3 sobre la situaci\u00f3 pol\u00edtica i militar dels pa\u00efsos amb els quals comerciaven. Fins i tot, [&hellip;]","og_url":"https:\/\/webs.uab.cat\/tocarlahistoria\/la-impremta-i-la-premsa\/","og_site_name":"TOCAR LA HIST\u00d2RIA","article_modified_time":"2024-12-11T11:17:51+00:00","og_image":[{"url":"https:\/\/webs.uab.cat\/tocarlahistoria\/wp-content\/uploads\/sites\/585\/2024\/12\/top-impremta.png","type":"","width":"","height":""}],"twitter_card":"summary_large_image","twitter_misc":{"Temps estimat de lectura":"3 minuts"},"schema":{"@context":"https:\/\/schema.org","@graph":[{"@type":"WebPage","@id":"https:\/\/webs.uab.cat\/tocarlahistoria\/la-impremta-i-la-premsa\/","url":"https:\/\/webs.uab.cat\/tocarlahistoria\/la-impremta-i-la-premsa\/","name":"La impremta i la premsa - TOCAR LA HIST\u00d2RIA","isPartOf":{"@id":"https:\/\/webs.uab.cat\/tocarlahistoria\/#website"},"primaryImageOfPage":{"@id":"https:\/\/webs.uab.cat\/tocarlahistoria\/la-impremta-i-la-premsa\/#primaryimage"},"image":{"@id":"https:\/\/webs.uab.cat\/tocarlahistoria\/la-impremta-i-la-premsa\/#primaryimage"},"thumbnailUrl":"https:\/\/webs.uab.cat\/tocarlahistoria\/wp-content\/uploads\/sites\/585\/2024\/12\/top-impremta.png","datePublished":"2024-12-11T10:27:43+00:00","dateModified":"2024-12-11T11:17:51+00:00","breadcrumb":{"@id":"https:\/\/webs.uab.cat\/tocarlahistoria\/la-impremta-i-la-premsa\/#breadcrumb"},"inLanguage":"ca","potentialAction":[{"@type":"ReadAction","target":["https:\/\/webs.uab.cat\/tocarlahistoria\/la-impremta-i-la-premsa\/"]}]},{"@type":"ImageObject","inLanguage":"ca","@id":"https:\/\/webs.uab.cat\/tocarlahistoria\/la-impremta-i-la-premsa\/#primaryimage","url":"https:\/\/webs.uab.cat\/tocarlahistoria\/wp-content\/uploads\/sites\/585\/2024\/12\/top-impremta.png","contentUrl":"https:\/\/webs.uab.cat\/tocarlahistoria\/wp-content\/uploads\/sites\/585\/2024\/12\/top-impremta.png","width":354,"height":300,"caption":"Unitat de la impremta"},{"@type":"BreadcrumbList","@id":"https:\/\/webs.uab.cat\/tocarlahistoria\/la-impremta-i-la-premsa\/#breadcrumb","itemListElement":[{"@type":"ListItem","position":1,"name":"Inici","item":"https:\/\/webs.uab.cat\/tocarlahistoria\/"},{"@type":"ListItem","position":2,"name":"La impremta i la premsa"}]},{"@type":"WebSite","@id":"https:\/\/webs.uab.cat\/tocarlahistoria\/#website","url":"https:\/\/webs.uab.cat\/tocarlahistoria\/","name":"TOCAR LA HIST\u00d2RIA","description":"","potentialAction":[{"@type":"SearchAction","target":{"@type":"EntryPoint","urlTemplate":"https:\/\/webs.uab.cat\/tocarlahistoria\/?s={search_term_string}"},"query-input":{"@type":"PropertyValueSpecification","valueRequired":true,"valueName":"search_term_string"}}],"inLanguage":"ca"}]}},"_links":{"self":[{"href":"https:\/\/webs.uab.cat\/tocarlahistoria\/wp-json\/wp\/v2\/pages\/721","targetHints":{"allow":["GET"]}}],"collection":[{"href":"https:\/\/webs.uab.cat\/tocarlahistoria\/wp-json\/wp\/v2\/pages"}],"about":[{"href":"https:\/\/webs.uab.cat\/tocarlahistoria\/wp-json\/wp\/v2\/types\/page"}],"author":[{"embeddable":true,"href":"https:\/\/webs.uab.cat\/tocarlahistoria\/wp-json\/wp\/v2\/users\/1605"}],"replies":[{"embeddable":true,"href":"https:\/\/webs.uab.cat\/tocarlahistoria\/wp-json\/wp\/v2\/comments?post=721"}],"version-history":[{"count":30,"href":"https:\/\/webs.uab.cat\/tocarlahistoria\/wp-json\/wp\/v2\/pages\/721\/revisions"}],"predecessor-version":[{"id":1359,"href":"https:\/\/webs.uab.cat\/tocarlahistoria\/wp-json\/wp\/v2\/pages\/721\/revisions\/1359"}],"wp:attachment":[{"href":"https:\/\/webs.uab.cat\/tocarlahistoria\/wp-json\/wp\/v2\/media?parent=721"}],"curies":[{"name":"wp","href":"https:\/\/api.w.org\/{rel}","templated":true}]}}