{"id":727,"date":"2024-12-11T12:27:43","date_gmt":"2024-12-11T10:27:43","guid":{"rendered":"https:\/\/webs.uab.cat\/tocarlahistoria\/?page_id=727"},"modified":"2025-02-26T13:45:51","modified_gmt":"2025-02-26T11:45:51","slug":"glossari-3","status":"publish","type":"page","link":"https:\/\/webs.uab.cat\/tocarlahistoria\/glossari-3\/","title":{"rendered":"Glossari"},"content":{"rendered":"<div class=\"wp-block-image is-style-rounded\">\n<figure class=\"alignleft size-full is-resized\"><img loading=\"lazy\" decoding=\"async\" width=\"354\" height=\"300\" src=\"https:\/\/webs.uab.cat\/tocarlahistoria\/wp-content\/uploads\/sites\/585\/2024\/12\/top-impremta.png\" alt=\"\" class=\"wp-image-1066\" style=\"aspect-ratio:16\/9;object-fit:cover;width:100px\" srcset=\"https:\/\/webs.uab.cat\/tocarlahistoria\/wp-content\/uploads\/sites\/585\/2024\/12\/top-impremta.png 354w, https:\/\/webs.uab.cat\/tocarlahistoria\/wp-content\/uploads\/sites\/585\/2024\/12\/top-impremta-300x254.png 300w\" sizes=\"auto, (max-width: 354px) 100vw, 354px\" \/><\/figure>\n<\/div>\n\n\n<div class=\"wp-block-media-text is-stacked-on-mobile\" style=\"grid-template-columns:25% auto\"><figure class=\"wp-block-media-text__media\"><img loading=\"lazy\" decoding=\"async\" width=\"772\" height=\"1024\" src=\"https:\/\/webs.uab.cat\/tocarlahistoria\/wp-content\/uploads\/sites\/585\/2024\/11\/A5-Becerola-772x1024.jpg\" alt=\"\" class=\"wp-image-908 size-full\" srcset=\"https:\/\/webs.uab.cat\/tocarlahistoria\/wp-content\/uploads\/sites\/585\/2024\/11\/A5-Becerola-772x1024.jpg 772w, https:\/\/webs.uab.cat\/tocarlahistoria\/wp-content\/uploads\/sites\/585\/2024\/11\/A5-Becerola-226x300.jpg 226w, https:\/\/webs.uab.cat\/tocarlahistoria\/wp-content\/uploads\/sites\/585\/2024\/11\/A5-Becerola-768x1019.jpg 768w, https:\/\/webs.uab.cat\/tocarlahistoria\/wp-content\/uploads\/sites\/585\/2024\/11\/A5-Becerola.jpg 840w\" sizes=\"auto, (max-width: 772px) 100vw, 772px\" \/><\/figure><div class=\"wp-block-media-text__content\">\n<p class=\"has-text-align-left has-gris-londres-background-color has-background\"><strong>BECEROLES<\/strong><\/p>\n\n\n\n<p>Llibrets de poques p\u00e0gines amb qu\u00e8 els nens s\u2019iniciaven en la lectura. Acostumaven a reproduir les lletres de l\u2019abecedari i tamb\u00e9 incorporaven un sil\u00b7labari i algunes oracions b\u00e0siques per practicar la lectura, com el Parenostre o l\u2019Avemaria.<\/p>\n<\/div><\/div>\n\n\n\n<div class=\"wp-block-media-text is-stacked-on-mobile\" style=\"grid-template-columns:24% auto\"><figure class=\"wp-block-media-text__media\"><img loading=\"lazy\" decoding=\"async\" width=\"650\" height=\"1024\" src=\"https:\/\/webs.uab.cat\/tocarlahistoria\/wp-content\/uploads\/sites\/585\/2024\/11\/IMPOSITIONS-650x1024.jpg\" alt=\"\" class=\"wp-image-877 size-full\" srcset=\"https:\/\/webs.uab.cat\/tocarlahistoria\/wp-content\/uploads\/sites\/585\/2024\/11\/IMPOSITIONS-650x1024.jpg 650w, https:\/\/webs.uab.cat\/tocarlahistoria\/wp-content\/uploads\/sites\/585\/2024\/11\/IMPOSITIONS-190x300.jpg 190w, https:\/\/webs.uab.cat\/tocarlahistoria\/wp-content\/uploads\/sites\/585\/2024\/11\/IMPOSITIONS-768x1210.jpg 768w, https:\/\/webs.uab.cat\/tocarlahistoria\/wp-content\/uploads\/sites\/585\/2024\/11\/IMPOSITIONS-975x1536.jpg 975w, https:\/\/webs.uab.cat\/tocarlahistoria\/wp-content\/uploads\/sites\/585\/2024\/11\/IMPOSITIONS-1300x2048.jpg 1300w, https:\/\/webs.uab.cat\/tocarlahistoria\/wp-content\/uploads\/sites\/585\/2024\/11\/IMPOSITIONS-1200x1890.jpg 1200w, https:\/\/webs.uab.cat\/tocarlahistoria\/wp-content\/uploads\/sites\/585\/2024\/11\/IMPOSITIONS-1980x3119.jpg 1980w, https:\/\/webs.uab.cat\/tocarlahistoria\/wp-content\/uploads\/sites\/585\/2024\/11\/IMPOSITIONS-scaled.jpg 1625w\" sizes=\"auto, (max-width: 650px) 100vw, 650px\" \/><\/figure><div class=\"wp-block-media-text__content\">\n<p class=\"has-gris-londres-background-color has-background\"><strong>IMPOSICIONS<\/strong><\/p>\n\n\n\n<p>Peces de metall o de fusta, de forma rectangular, usades per a separar i mantenir imm\u00f2bils les planes o trossos de composici\u00f3 que constitueixen la forma d&#8217;impremta. Es van comen\u00e7ar a fer servir durant el segle XVI i van facilitar la impressi\u00f3 de llibres en formats m\u00e9s petits.<\/p>\n<\/div><\/div>\n\n\n\n<div class=\"wp-block-media-text is-stacked-on-mobile\" style=\"grid-template-columns:22% auto\"><figure class=\"wp-block-media-text__media\"><img loading=\"lazy\" decoding=\"async\" width=\"703\" height=\"1024\" src=\"https:\/\/webs.uab.cat\/tocarlahistoria\/wp-content\/uploads\/sites\/585\/2024\/12\/incunableBC_9205_full-703x1024.jpg\" alt=\"\" class=\"wp-image-933 size-full\" srcset=\"https:\/\/webs.uab.cat\/tocarlahistoria\/wp-content\/uploads\/sites\/585\/2024\/12\/incunableBC_9205_full-703x1024.jpg 703w, https:\/\/webs.uab.cat\/tocarlahistoria\/wp-content\/uploads\/sites\/585\/2024\/12\/incunableBC_9205_full-206x300.jpg 206w, https:\/\/webs.uab.cat\/tocarlahistoria\/wp-content\/uploads\/sites\/585\/2024\/12\/incunableBC_9205_full-768x1119.jpg 768w, https:\/\/webs.uab.cat\/tocarlahistoria\/wp-content\/uploads\/sites\/585\/2024\/12\/incunableBC_9205_full-1054x1536.jpg 1054w, https:\/\/webs.uab.cat\/tocarlahistoria\/wp-content\/uploads\/sites\/585\/2024\/12\/incunableBC_9205_full.jpg 1086w\" sizes=\"auto, (max-width: 703px) 100vw, 703px\" \/><\/figure><div class=\"wp-block-media-text__content\">\n<p class=\"has-gris-londres-background-color has-background\"><strong>INCUNABLES<\/strong><\/p>\n\n\n\n<p>Llibres impresos entre 1450 i 1500. Eren normalment obres de gran qualitat que moltes vegades imitaven els manuscrits il\u00b7luminats<\/p>\n<\/div><\/div>\n\n\n\n<div class=\"wp-block-media-text is-stacked-on-mobile is-image-fill-element\" style=\"grid-template-columns:22% auto\"><figure class=\"wp-block-media-text__media\"><img loading=\"lazy\" decoding=\"async\" width=\"260\" height=\"324\" src=\"https:\/\/webs.uab.cat\/tocarlahistoria\/wp-content\/uploads\/sites\/585\/2025\/02\/ab-llic.jpg\" alt=\"\" class=\"wp-image-1499 size-full\" style=\"object-position:14% 62%\" srcset=\"https:\/\/webs.uab.cat\/tocarlahistoria\/wp-content\/uploads\/sites\/585\/2025\/02\/ab-llic.jpg 260w, https:\/\/webs.uab.cat\/tocarlahistoria\/wp-content\/uploads\/sites\/585\/2025\/02\/ab-llic-241x300.jpg 241w\" sizes=\"auto, (max-width: 260px) 100vw, 260px\" \/><\/figure><div class=\"wp-block-media-text__content\">\n<p class=\"has-gris-londres-background-color has-background\"><strong>LLIC\u00c8NCIA<\/strong><\/p>\n\n\n\n<p>Durant l\u2019\u00e8poca moderna, els llibres havien de sotmetre\u2019s a un procediment de censura civil per poder-se publicar. Per imprimir qualsevol llibre de manera legal, era necessari sol\u00b7licitar primer el perm\u00eds de l\u2019autoritat pertinent. Fins al segle XVIII, Catalunya va tenir el seu propi sistema de llic\u00e8ncies d\u2019impressi\u00f3, per\u00f2, a partir de l\u2019arribada dels Borbons, les llic\u00e8ncies catalanes van comen\u00e7ar a regir-se segons la tradici\u00f3 castellana.<\/p>\n<\/div><\/div>\n\n\n\n<div class=\"wp-block-media-text is-stacked-on-mobile\" style=\"grid-template-columns:20% auto\"><figure class=\"wp-block-media-text__media\"><img loading=\"lazy\" decoding=\"async\" width=\"461\" height=\"665\" src=\"https:\/\/webs.uab.cat\/tocarlahistoria\/wp-content\/uploads\/sites\/585\/2024\/11\/Imatge1.jpg\" alt=\"\" class=\"wp-image-853 size-full\" srcset=\"https:\/\/webs.uab.cat\/tocarlahistoria\/wp-content\/uploads\/sites\/585\/2024\/11\/Imatge1.jpg 461w, https:\/\/webs.uab.cat\/tocarlahistoria\/wp-content\/uploads\/sites\/585\/2024\/11\/Imatge1-208x300.jpg 208w\" sizes=\"auto, (max-width: 461px) 100vw, 461px\" \/><\/figure><div class=\"wp-block-media-text__content\">\n<p class=\"has-gris-londres-background-color has-background\"><strong>MENUDERIES<\/strong><\/p>\n\n\n\n<p>Documents menors de car\u00e0cter utilitari que van esdevenir el producte m\u00e9s rendible de les impremtes i que van facilitar les gestions quotidianes de la societat.<\/p>\n<\/div><\/div>\n\n\n\n<div class=\"wp-block-media-text is-stacked-on-mobile\" style=\"grid-template-columns:26% auto\"><figure class=\"wp-block-media-text__media\"><img loading=\"lazy\" decoding=\"async\" width=\"718\" height=\"1024\" src=\"https:\/\/webs.uab.cat\/tocarlahistoria\/wp-content\/uploads\/sites\/585\/2024\/12\/A1.-Privilegi-d_impremta-de-la-Universitat.-1-718x1024.jpg\" alt=\"\" class=\"wp-image-935 size-full\" srcset=\"https:\/\/webs.uab.cat\/tocarlahistoria\/wp-content\/uploads\/sites\/585\/2024\/12\/A1.-Privilegi-d_impremta-de-la-Universitat.-1-718x1024.jpg 718w, https:\/\/webs.uab.cat\/tocarlahistoria\/wp-content\/uploads\/sites\/585\/2024\/12\/A1.-Privilegi-d_impremta-de-la-Universitat.-1-210x300.jpg 210w, https:\/\/webs.uab.cat\/tocarlahistoria\/wp-content\/uploads\/sites\/585\/2024\/12\/A1.-Privilegi-d_impremta-de-la-Universitat.-1-768x1096.jpg 768w, https:\/\/webs.uab.cat\/tocarlahistoria\/wp-content\/uploads\/sites\/585\/2024\/12\/A1.-Privilegi-d_impremta-de-la-Universitat.-1.jpg 841w\" sizes=\"auto, (max-width: 718px) 100vw, 718px\" \/><\/figure><div class=\"wp-block-media-text__content\">\n<p class=\"has-gris-londres-background-color has-background\"><strong>PRIVILEGI<\/strong><\/p>\n\n\n\n<p>Concessi\u00f3 reial que atorgava la l\u2019exclusivitat per imprimir i vendre una obra concreta durant un per\u00edode de temps limitat. El seu objectiu era garantir que les edicions fossin econ\u00f2micament viables, ja que, en aquest context, encara no existien els drets d\u2019autor i totes les obres podien ser reimpreses en qualsevol moment per la compet\u00e8ncia.<\/p>\n<\/div><\/div>\n\n\n\n<div class=\"wp-block-media-text is-stacked-on-mobile\" style=\"grid-template-columns:24% auto\"><figure class=\"wp-block-media-text__media\"><img loading=\"lazy\" decoding=\"async\" width=\"318\" height=\"504\" src=\"https:\/\/webs.uab.cat\/tocarlahistoria\/wp-content\/uploads\/sites\/585\/2024\/11\/Long_S-I_Garamond_sort_001.png\" alt=\"\" class=\"wp-image-912 size-full\" srcset=\"https:\/\/webs.uab.cat\/tocarlahistoria\/wp-content\/uploads\/sites\/585\/2024\/11\/Long_S-I_Garamond_sort_001.png 318w, https:\/\/webs.uab.cat\/tocarlahistoria\/wp-content\/uploads\/sites\/585\/2024\/11\/Long_S-I_Garamond_sort_001-189x300.png 189w\" sizes=\"auto, (max-width: 318px) 100vw, 318px\" \/><\/figure><div class=\"wp-block-media-text__content\">\n<p class=\"has-gris-londres-background-color has-background\"><strong>TIPUS M\u00d2BILS<\/strong><\/p>\n\n\n\n<p>Petites peces met\u00e0l\u00b7liques fetes de plom, estany i antimoni, que representaven en relleu un car\u00e0cter tipogr\u00e0fic i que permetien reconstruir un text i estampar-lo sobre una superf\u00edcie. Estaven fets d\u2019un material tou que es desgastava amb l\u2019\u00fas, per la qual cosa calia anar-los renovant amb certa freq\u00fc\u00e8ncia.<\/p>\n<\/div><\/div>\n\n\n\n<div class=\"wp-block-media-text is-stacked-on-mobile is-image-fill-element\" style=\"grid-template-columns:25% auto\"><figure class=\"wp-block-media-text__media\"><img loading=\"lazy\" decoding=\"async\" width=\"616\" height=\"473\" src=\"https:\/\/webs.uab.cat\/tocarlahistoria\/wp-content\/uploads\/sites\/585\/2025\/02\/xilografia2.jpg\" alt=\"\" class=\"wp-image-1497 size-full\" style=\"object-position:19% 19%\" srcset=\"https:\/\/webs.uab.cat\/tocarlahistoria\/wp-content\/uploads\/sites\/585\/2025\/02\/xilografia2.jpg 616w, https:\/\/webs.uab.cat\/tocarlahistoria\/wp-content\/uploads\/sites\/585\/2025\/02\/xilografia2-300x230.jpg 300w\" sizes=\"auto, (max-width: 616px) 100vw, 616px\" \/><\/figure><div class=\"wp-block-media-text__content\">\n<p class=\"has-gris-londres-background-color has-background\"><strong>XILOGRAFIA<\/strong><\/p>\n\n\n\n<p>T\u00e8cnica de gravat sobre fusta que permetia estampar il\u00b7lustracions en relleu. Les planxes xilogr\u00e0fiques eren m\u00e9s barates i menys refinades que les calcogr\u00e0fiques, que es feien sobre coure. Les impremtes disposaven d\u2019un ampli repertori d\u2019aquests gravats i moltes vegades eren objecte de transaccions i eren reutilitzats en diversos tallers. Per elaborar-los, el seu autor tallava la imatge a m\u00e0 directament sobre la fusta, amb una g\u00fabia o bur\u00ed. Aix\u00f2 feia que cada un d\u2019aquests gravats fos \u00fanic i irrepetible, tot i que n\u2019hi ha alguns que s\u2019assemblen molt entre ells.<\/p>\n<\/div><\/div>\n","protected":false},"excerpt":{"rendered":"<p>BECEROLES Llibrets de poques p\u00e0gines amb qu\u00e8 els nens s\u2019iniciaven en la lectura. Acostumaven a reproduir les lletres de l\u2019abecedari i tamb\u00e9 incorporaven un sil\u00b7labari i algunes oracions b\u00e0siques per practicar la lectura, com el Parenostre o l\u2019Avemaria. IMPOSICIONS Peces de metall o de fusta, de forma rectangular, usades per a separar i mantenir imm\u00f2bils [&hellip;]<\/p>\n","protected":false},"author":1605,"featured_media":0,"parent":0,"menu_order":0,"comment_status":"closed","ping_status":"closed","template":"","meta":{"footnotes":""},"class_list":["post-727","page","type-page","status-publish","hentry"],"yoast_head":"<!-- This site is optimized with the Yoast SEO plugin v26.8 - https:\/\/yoast.com\/product\/yoast-seo-wordpress\/ -->\n<title>Glossari - TOCAR LA HIST\u00d2RIA<\/title>\n<meta name=\"robots\" content=\"index, follow, max-snippet:-1, max-image-preview:large, max-video-preview:-1\" \/>\n<link rel=\"canonical\" href=\"https:\/\/webs.uab.cat\/tocarlahistoria\/glossari-3\/\" \/>\n<meta property=\"og:locale\" content=\"ca_ES\" \/>\n<meta property=\"og:type\" content=\"article\" \/>\n<meta property=\"og:title\" content=\"Glossari - TOCAR LA HIST\u00d2RIA\" \/>\n<meta property=\"og:description\" content=\"BECEROLES Llibrets de poques p\u00e0gines amb qu\u00e8 els nens s\u2019iniciaven en la lectura. Acostumaven a reproduir les lletres de l\u2019abecedari i tamb\u00e9 incorporaven un sil\u00b7labari i algunes oracions b\u00e0siques per practicar la lectura, com el Parenostre o l\u2019Avemaria. IMPOSICIONS Peces de metall o de fusta, de forma rectangular, usades per a separar i mantenir imm\u00f2bils [&hellip;]\" \/>\n<meta property=\"og:url\" content=\"https:\/\/webs.uab.cat\/tocarlahistoria\/glossari-3\/\" \/>\n<meta property=\"og:site_name\" content=\"TOCAR LA HIST\u00d2RIA\" \/>\n<meta property=\"article:modified_time\" content=\"2025-02-26T11:45:51+00:00\" \/>\n<meta property=\"og:image\" content=\"https:\/\/webs.uab.cat\/tocarlahistoria\/wp-content\/uploads\/sites\/585\/2024\/12\/top-impremta.png\" \/>\n<meta name=\"twitter:card\" content=\"summary_large_image\" \/>\n<meta name=\"twitter:label1\" content=\"Temps estimat de lectura\" \/>\n\t<meta name=\"twitter:data1\" content=\"2 minuts\" \/>\n<script type=\"application\/ld+json\" class=\"yoast-schema-graph\">{\"@context\":\"https:\/\/schema.org\",\"@graph\":[{\"@type\":\"WebPage\",\"@id\":\"https:\/\/webs.uab.cat\/tocarlahistoria\/glossari-3\/\",\"url\":\"https:\/\/webs.uab.cat\/tocarlahistoria\/glossari-3\/\",\"name\":\"Glossari - TOCAR LA HIST\u00d2RIA\",\"isPartOf\":{\"@id\":\"https:\/\/webs.uab.cat\/tocarlahistoria\/#website\"},\"primaryImageOfPage\":{\"@id\":\"https:\/\/webs.uab.cat\/tocarlahistoria\/glossari-3\/#primaryimage\"},\"image\":{\"@id\":\"https:\/\/webs.uab.cat\/tocarlahistoria\/glossari-3\/#primaryimage\"},\"thumbnailUrl\":\"https:\/\/webs.uab.cat\/tocarlahistoria\/wp-content\/uploads\/sites\/585\/2024\/12\/top-impremta.png\",\"datePublished\":\"2024-12-11T10:27:43+00:00\",\"dateModified\":\"2025-02-26T11:45:51+00:00\",\"breadcrumb\":{\"@id\":\"https:\/\/webs.uab.cat\/tocarlahistoria\/glossari-3\/#breadcrumb\"},\"inLanguage\":\"ca\",\"potentialAction\":[{\"@type\":\"ReadAction\",\"target\":[\"https:\/\/webs.uab.cat\/tocarlahistoria\/glossari-3\/\"]}]},{\"@type\":\"ImageObject\",\"inLanguage\":\"ca\",\"@id\":\"https:\/\/webs.uab.cat\/tocarlahistoria\/glossari-3\/#primaryimage\",\"url\":\"https:\/\/webs.uab.cat\/tocarlahistoria\/wp-content\/uploads\/sites\/585\/2024\/12\/top-impremta.png\",\"contentUrl\":\"https:\/\/webs.uab.cat\/tocarlahistoria\/wp-content\/uploads\/sites\/585\/2024\/12\/top-impremta.png\",\"width\":354,\"height\":300,\"caption\":\"Unitat de la impremta\"},{\"@type\":\"BreadcrumbList\",\"@id\":\"https:\/\/webs.uab.cat\/tocarlahistoria\/glossari-3\/#breadcrumb\",\"itemListElement\":[{\"@type\":\"ListItem\",\"position\":1,\"name\":\"Inici\",\"item\":\"https:\/\/webs.uab.cat\/tocarlahistoria\/\"},{\"@type\":\"ListItem\",\"position\":2,\"name\":\"Glossari\"}]},{\"@type\":\"WebSite\",\"@id\":\"https:\/\/webs.uab.cat\/tocarlahistoria\/#website\",\"url\":\"https:\/\/webs.uab.cat\/tocarlahistoria\/\",\"name\":\"TOCAR LA HIST\u00d2RIA\",\"description\":\"\",\"potentialAction\":[{\"@type\":\"SearchAction\",\"target\":{\"@type\":\"EntryPoint\",\"urlTemplate\":\"https:\/\/webs.uab.cat\/tocarlahistoria\/?s={search_term_string}\"},\"query-input\":{\"@type\":\"PropertyValueSpecification\",\"valueRequired\":true,\"valueName\":\"search_term_string\"}}],\"inLanguage\":\"ca\"}]}<\/script>\n<!-- \/ Yoast SEO plugin. -->","yoast_head_json":{"title":"Glossari - TOCAR LA HIST\u00d2RIA","robots":{"index":"index","follow":"follow","max-snippet":"max-snippet:-1","max-image-preview":"max-image-preview:large","max-video-preview":"max-video-preview:-1"},"canonical":"https:\/\/webs.uab.cat\/tocarlahistoria\/glossari-3\/","og_locale":"ca_ES","og_type":"article","og_title":"Glossari - TOCAR LA HIST\u00d2RIA","og_description":"BECEROLES Llibrets de poques p\u00e0gines amb qu\u00e8 els nens s\u2019iniciaven en la lectura. Acostumaven a reproduir les lletres de l\u2019abecedari i tamb\u00e9 incorporaven un sil\u00b7labari i algunes oracions b\u00e0siques per practicar la lectura, com el Parenostre o l\u2019Avemaria. IMPOSICIONS Peces de metall o de fusta, de forma rectangular, usades per a separar i mantenir imm\u00f2bils [&hellip;]","og_url":"https:\/\/webs.uab.cat\/tocarlahistoria\/glossari-3\/","og_site_name":"TOCAR LA HIST\u00d2RIA","article_modified_time":"2025-02-26T11:45:51+00:00","og_image":[{"url":"https:\/\/webs.uab.cat\/tocarlahistoria\/wp-content\/uploads\/sites\/585\/2024\/12\/top-impremta.png","type":"","width":"","height":""}],"twitter_card":"summary_large_image","twitter_misc":{"Temps estimat de lectura":"2 minuts"},"schema":{"@context":"https:\/\/schema.org","@graph":[{"@type":"WebPage","@id":"https:\/\/webs.uab.cat\/tocarlahistoria\/glossari-3\/","url":"https:\/\/webs.uab.cat\/tocarlahistoria\/glossari-3\/","name":"Glossari - TOCAR LA HIST\u00d2RIA","isPartOf":{"@id":"https:\/\/webs.uab.cat\/tocarlahistoria\/#website"},"primaryImageOfPage":{"@id":"https:\/\/webs.uab.cat\/tocarlahistoria\/glossari-3\/#primaryimage"},"image":{"@id":"https:\/\/webs.uab.cat\/tocarlahistoria\/glossari-3\/#primaryimage"},"thumbnailUrl":"https:\/\/webs.uab.cat\/tocarlahistoria\/wp-content\/uploads\/sites\/585\/2024\/12\/top-impremta.png","datePublished":"2024-12-11T10:27:43+00:00","dateModified":"2025-02-26T11:45:51+00:00","breadcrumb":{"@id":"https:\/\/webs.uab.cat\/tocarlahistoria\/glossari-3\/#breadcrumb"},"inLanguage":"ca","potentialAction":[{"@type":"ReadAction","target":["https:\/\/webs.uab.cat\/tocarlahistoria\/glossari-3\/"]}]},{"@type":"ImageObject","inLanguage":"ca","@id":"https:\/\/webs.uab.cat\/tocarlahistoria\/glossari-3\/#primaryimage","url":"https:\/\/webs.uab.cat\/tocarlahistoria\/wp-content\/uploads\/sites\/585\/2024\/12\/top-impremta.png","contentUrl":"https:\/\/webs.uab.cat\/tocarlahistoria\/wp-content\/uploads\/sites\/585\/2024\/12\/top-impremta.png","width":354,"height":300,"caption":"Unitat de la impremta"},{"@type":"BreadcrumbList","@id":"https:\/\/webs.uab.cat\/tocarlahistoria\/glossari-3\/#breadcrumb","itemListElement":[{"@type":"ListItem","position":1,"name":"Inici","item":"https:\/\/webs.uab.cat\/tocarlahistoria\/"},{"@type":"ListItem","position":2,"name":"Glossari"}]},{"@type":"WebSite","@id":"https:\/\/webs.uab.cat\/tocarlahistoria\/#website","url":"https:\/\/webs.uab.cat\/tocarlahistoria\/","name":"TOCAR LA HIST\u00d2RIA","description":"","potentialAction":[{"@type":"SearchAction","target":{"@type":"EntryPoint","urlTemplate":"https:\/\/webs.uab.cat\/tocarlahistoria\/?s={search_term_string}"},"query-input":{"@type":"PropertyValueSpecification","valueRequired":true,"valueName":"search_term_string"}}],"inLanguage":"ca"}]}},"_links":{"self":[{"href":"https:\/\/webs.uab.cat\/tocarlahistoria\/wp-json\/wp\/v2\/pages\/727","targetHints":{"allow":["GET"]}}],"collection":[{"href":"https:\/\/webs.uab.cat\/tocarlahistoria\/wp-json\/wp\/v2\/pages"}],"about":[{"href":"https:\/\/webs.uab.cat\/tocarlahistoria\/wp-json\/wp\/v2\/types\/page"}],"author":[{"embeddable":true,"href":"https:\/\/webs.uab.cat\/tocarlahistoria\/wp-json\/wp\/v2\/users\/1605"}],"replies":[{"embeddable":true,"href":"https:\/\/webs.uab.cat\/tocarlahistoria\/wp-json\/wp\/v2\/comments?post=727"}],"version-history":[{"count":23,"href":"https:\/\/webs.uab.cat\/tocarlahistoria\/wp-json\/wp\/v2\/pages\/727\/revisions"}],"predecessor-version":[{"id":1812,"href":"https:\/\/webs.uab.cat\/tocarlahistoria\/wp-json\/wp\/v2\/pages\/727\/revisions\/1812"}],"wp:attachment":[{"href":"https:\/\/webs.uab.cat\/tocarlahistoria\/wp-json\/wp\/v2\/media?parent=727"}],"curies":[{"name":"wp","href":"https:\/\/api.w.org\/{rel}","templated":true}]}}