{"id":103,"date":"2019-02-19T12:41:06","date_gmt":"2019-02-19T10:41:06","guid":{"rendered":"https:\/\/webs.uab.cat\/topik\/niveles\/"},"modified":"2023-04-12T11:11:25","modified_gmt":"2023-04-12T09:11:25","slug":"niveles","status":"publish","type":"page","link":"https:\/\/webs.uab.cat\/topik\/niveles\/","title":{"rendered":"Niveles"},"content":{"rendered":"\n<h2 class=\"wp-block-heading\">Descripci\u00f3n de los niveles<\/h2>\n\n\n\n<p>El <strong>Examen Oficial de Lengua Coreana<\/strong> (TOPIK, Test of Proficiency in Korean \u2013 \ud55c\uad6d\uc5b4\ub2a5\ub825\uc2dc\ud5d8) tiene &nbsp;dos tipos de examen y seis niveles: N1, N2, N3, N4, N5 y N6.<\/p>\n\n\n\n<p>El nivel m\u00e1s f\u00e1cil es el N1 y el nivel m\u00e1s dif\u00edcil es el N6.<\/p>\n\n\n\n<p>En el TOPIK I, si se superan los 80 puntos, se aprueba el subnivel 1 mientras que si se superan los 140 puntos, se aprueba el subnivel 2. La puntuaci\u00f3n m\u00e1xima es 200 puntos.<\/p>\n\n\n\n<p>En el TOPIK II, si se superan los 120 puntos, se aprueba el subnivel 3; si se superan los 150, el subnivel 4;&nbsp; si se superan los 190, el subnivel 5 y si se superan los 230, el subnivel 6. La puntuaci\u00f3n m\u00e1xima es 300 puntos.<\/p>\n\n\n\n<p>&nbsp;<strong>\u00b7Topik 1 &#8211; Nivel 1 y 2&nbsp; (nivel b\u00e1sico, MCER A1 y A2)<\/strong><\/p>\n\n\n\n<p><strong>&nbsp;\u00b7Topik 2 \u2013 Nivel 3, 4, 5, 6&nbsp; (nivel intermedio, MCER B1, B2) y Nivel 5, 6 (nivel avanzado, MCER C1, C2)<\/strong><\/p>\n\n\n\n<h3 class=\"wp-block-heading\">Baremo para el aprobado o el suspenso <\/h3>\n\n\n\n<p><strong>Type and Level<\/strong><\/p>\n\n\n\n<ul class=\"wp-block-list\"><li>Test Type (level): TOPIK I(novice), TOPIK II(intermediate and advanced)<\/li><li>Level: Level 1 ~ Level 6 (from basic to advanced)<br>The level is determined by the total scores achieved in the respective test type, and range of total scores for each level is&nbsp; as follows:<\/li><\/ul>\n\n\n\n<figure class=\"wp-block-table\"><table><thead><tr><th>\n<p align=\"center\"><strong>Type<\/strong><\/p>\n<\/th><th>\n<p align=\"center\"><strong>TOPIK I<\/strong><\/p>\n<\/th><th>\n<p align=\"center\"><strong>TOPIK II<\/strong><\/p>\n<\/th><\/tr><\/thead><tbody><tr><td>\n<p align=\"center\"><strong>Level<\/strong><\/p>\n<\/td><td>\n<p>Fail<\/p>\n<\/td><td>\n<p>Level 1<\/p>\n<\/td><td>\n<p>Level 2<\/p>\n<\/td><td>\n<p>Fail<\/p>\n<\/td><td>\n<p>Level 3<\/p>\n<\/td><td>\n<p>Level 4<\/p>\n<\/td><td>\n<p>Level 5<\/p>\n<\/td><td>\n<p>Level 6<\/p>\n<\/td><\/tr><tr><td>\n<p>Score Range (ponits)<\/p>\n<\/td><td>\n<p>0 ~ 79<\/p>\n<\/td><td>\n<p>80 ~ 139<\/p>\n<\/td><td>\n<p>140 ~ 200<\/p>\n<\/td><td>\n<p>0 ~ 119<\/p>\n<\/td><td>\n<p>120 ~ 149<\/p>\n<\/td><td>\n<p>150 ~ 189<\/p>\n<\/td><td>\n<p>190 ~ 229<\/p>\n<\/td><td>\n<p>230 ~ 300<\/p>\n<\/td><\/tr><\/tbody><\/table><\/figure>\n\n\n\n<h3 class=\"wp-block-heading\">Testing Sections Breakdown<\/h3>\n\n\n\n<figure class=\"wp-block-table\"><table><thead><tr><th>\n<p align=\"center\"><strong>Test type<\/strong><\/p>\n<\/th><th>\n<p align=\"center\"><strong>Test period<\/strong><\/p>\n<\/th><th>\n<p align=\"center\"><strong>Test section (duration)<\/strong><\/p>\n<\/th><th>\n<p align=\"center\"><strong>Test item type<\/strong><\/p>\n<\/th><th>\n<p align=\"center\"><strong>Number of test item<\/strong><\/p>\n<\/th><th>\n<p align=\"center\"><strong>Range of score<\/strong><\/p>\n<\/th><th>\n<p align=\"center\"><strong>Total score<\/strong><\/p>\n<\/th><\/tr><\/thead><tbody><tr><td>\n<p>TOPIK I<\/p>\n<\/td><td>\n<p>1st<\/p>\n<\/td><td>\n<p>Listening(40mins)<\/p>\n<\/td><td>\n<p>Multiple-choice<\/p>\n<\/td><td>\n<p>30<\/p>\n<\/td><td>\n<p>0~100<\/p>\n<\/td><td>\n<p>0~200<\/p>\n<\/td><\/tr><tr><td>\n<p>Reading(60mins)<\/p>\n<\/td><td>\n<p>Multiple-choice<\/p>\n<\/td><td>\n<p>40<\/p>\n<\/td><td>\n<p>0~100<\/p>\n<\/td><\/tr><tr><td>\n<p>TOPIKII<\/p>\n<\/td><td>\n<p>1st<\/p>\n<\/td><td>\n<p>Listening(60mins)<\/p>\n<\/td><td>\n<p>Multiple-choice<\/p>\n<\/td><td>\n<p>50<\/p>\n<\/td><td>\n<p>0~100<\/p>\n<\/td><td>\n<p>0~300<\/p>\n<\/td><\/tr><tr><td>\n<p>Writing(50mins)<\/p>\n<\/td><td>\n<p>Supply type<\/p>\n<\/td><td>\n<p>4<\/p>\n<\/td><td>\n<p>0~100<\/p>\n<\/td><\/tr><tr><td>\n<p>2nd<\/p>\n<\/td><td>\n<p>Reading(70mins)<\/p>\n<\/td><td>\n<p>Multiple-choice<\/p>\n<\/td><td>\n<p>50<\/p>\n<\/td><td>\n<p>0~100<\/p>\n<\/td><\/tr><\/tbody><\/table><\/figure>\n\n\n\n<p>\u203b Test Item Type Description<\/p>\n\n\n\n<p>\u00b7Multiple-choice : Selecting 1 answer among the 4 choices.<\/p>\n\n\n\n<p>\u00b7Supply type question(writing part)<\/p>\n\n\n\n<p>\u00b7 Sentence completion type : 2 questions total<\/p>\n\n\n\n<p>\u00b7 Essay type<br>&nbsp; &#8211; I descriptive essay ranging from 200-300 letters (including spaces) for intermediate level.&nbsp;&nbsp;<br>&nbsp; &#8211; I argumentative essay ranging from 600-700 letters(including spaces) for advanced level.<\/p>\n","protected":false},"excerpt":{"rendered":"<p>Descripci\u00f3n de los niveles El Examen Oficial de Lengua Coreana (TOPIK, Test of Proficiency in Korean \u2013 \ud55c\uad6d\uc5b4\ub2a5\ub825\uc2dc\ud5d8) tiene &nbsp;dos tipos de examen y seis niveles: N1, N2, N3, N4, N5 y N6. El nivel m\u00e1s f\u00e1cil es el N1 y el nivel m\u00e1s dif\u00edcil es el N6. En el TOPIK I, si se superan [&hellip;]<\/p>\n","protected":false},"author":20,"featured_media":0,"parent":0,"menu_order":0,"comment_status":"closed","ping_status":"closed","template":"","meta":{"footnotes":""},"class_list":["post-103","page","type-page","status-publish","hentry"],"yoast_head":"<!-- This site is optimized with the Yoast SEO plugin v26.8 - https:\/\/yoast.com\/product\/yoast-seo-wordpress\/ -->\n<title>Niveles - TOPIK - Examen oficial de lengua coreana<\/title>\n<meta name=\"robots\" content=\"index, follow, max-snippet:-1, max-image-preview:large, max-video-preview:-1\" \/>\n<link rel=\"canonical\" href=\"https:\/\/webs.uab.cat\/topik\/niveles\/\" \/>\n<meta property=\"og:locale\" content=\"es_ES\" \/>\n<meta property=\"og:type\" content=\"article\" \/>\n<meta property=\"og:title\" content=\"Niveles - TOPIK - Examen oficial de lengua coreana\" \/>\n<meta property=\"og:description\" content=\"Descripci\u00f3n de los niveles El Examen Oficial de Lengua Coreana (TOPIK, Test of Proficiency in Korean \u2013 \ud55c\uad6d\uc5b4\ub2a5\ub825\uc2dc\ud5d8) tiene &nbsp;dos tipos de examen y seis niveles: N1, N2, N3, N4, N5 y N6. El nivel m\u00e1s f\u00e1cil es el N1 y el nivel m\u00e1s dif\u00edcil es el N6. En el TOPIK I, si se superan [&hellip;]\" \/>\n<meta property=\"og:url\" content=\"https:\/\/webs.uab.cat\/topik\/niveles\/\" \/>\n<meta property=\"og:site_name\" content=\"TOPIK - Examen oficial de lengua coreana\" \/>\n<meta property=\"article:modified_time\" content=\"2023-04-12T09:11:25+00:00\" \/>\n<meta name=\"twitter:card\" content=\"summary_large_image\" \/>\n<meta name=\"twitter:label1\" content=\"Tiempo de lectura\" \/>\n\t<meta name=\"twitter:data1\" content=\"2 minutos\" \/>\n<script type=\"application\/ld+json\" class=\"yoast-schema-graph\">{\"@context\":\"https:\/\/schema.org\",\"@graph\":[{\"@type\":\"WebPage\",\"@id\":\"https:\/\/webs.uab.cat\/topik\/niveles\/\",\"url\":\"https:\/\/webs.uab.cat\/topik\/niveles\/\",\"name\":\"Niveles - TOPIK - Examen oficial de lengua coreana\",\"isPartOf\":{\"@id\":\"https:\/\/webs.uab.cat\/topik\/#website\"},\"datePublished\":\"2019-02-19T10:41:06+00:00\",\"dateModified\":\"2023-04-12T09:11:25+00:00\",\"breadcrumb\":{\"@id\":\"https:\/\/webs.uab.cat\/topik\/niveles\/#breadcrumb\"},\"inLanguage\":\"es\",\"potentialAction\":[{\"@type\":\"ReadAction\",\"target\":[\"https:\/\/webs.uab.cat\/topik\/niveles\/\"]}]},{\"@type\":\"BreadcrumbList\",\"@id\":\"https:\/\/webs.uab.cat\/topik\/niveles\/#breadcrumb\",\"itemListElement\":[{\"@type\":\"ListItem\",\"position\":1,\"name\":\"Portada\",\"item\":\"https:\/\/webs.uab.cat\/topik\/\"},{\"@type\":\"ListItem\",\"position\":2,\"name\":\"Niveles\"}]},{\"@type\":\"WebSite\",\"@id\":\"https:\/\/webs.uab.cat\/topik\/#website\",\"url\":\"https:\/\/webs.uab.cat\/topik\/\",\"name\":\"TOPIK - Examen oficial de lengua coreana\",\"description\":\"Test of Proficiency in Korean\",\"potentialAction\":[{\"@type\":\"SearchAction\",\"target\":{\"@type\":\"EntryPoint\",\"urlTemplate\":\"https:\/\/webs.uab.cat\/topik\/?s={search_term_string}\"},\"query-input\":{\"@type\":\"PropertyValueSpecification\",\"valueRequired\":true,\"valueName\":\"search_term_string\"}}],\"inLanguage\":\"es\"}]}<\/script>\n<!-- \/ Yoast SEO plugin. -->","yoast_head_json":{"title":"Niveles - TOPIK - Examen oficial de lengua coreana","robots":{"index":"index","follow":"follow","max-snippet":"max-snippet:-1","max-image-preview":"max-image-preview:large","max-video-preview":"max-video-preview:-1"},"canonical":"https:\/\/webs.uab.cat\/topik\/niveles\/","og_locale":"es_ES","og_type":"article","og_title":"Niveles - TOPIK - Examen oficial de lengua coreana","og_description":"Descripci\u00f3n de los niveles El Examen Oficial de Lengua Coreana (TOPIK, Test of Proficiency in Korean \u2013 \ud55c\uad6d\uc5b4\ub2a5\ub825\uc2dc\ud5d8) tiene &nbsp;dos tipos de examen y seis niveles: N1, N2, N3, N4, N5 y N6. El nivel m\u00e1s f\u00e1cil es el N1 y el nivel m\u00e1s dif\u00edcil es el N6. En el TOPIK I, si se superan [&hellip;]","og_url":"https:\/\/webs.uab.cat\/topik\/niveles\/","og_site_name":"TOPIK - Examen oficial de lengua coreana","article_modified_time":"2023-04-12T09:11:25+00:00","twitter_card":"summary_large_image","twitter_misc":{"Tiempo de lectura":"2 minutos"},"schema":{"@context":"https:\/\/schema.org","@graph":[{"@type":"WebPage","@id":"https:\/\/webs.uab.cat\/topik\/niveles\/","url":"https:\/\/webs.uab.cat\/topik\/niveles\/","name":"Niveles - TOPIK - Examen oficial de lengua coreana","isPartOf":{"@id":"https:\/\/webs.uab.cat\/topik\/#website"},"datePublished":"2019-02-19T10:41:06+00:00","dateModified":"2023-04-12T09:11:25+00:00","breadcrumb":{"@id":"https:\/\/webs.uab.cat\/topik\/niveles\/#breadcrumb"},"inLanguage":"es","potentialAction":[{"@type":"ReadAction","target":["https:\/\/webs.uab.cat\/topik\/niveles\/"]}]},{"@type":"BreadcrumbList","@id":"https:\/\/webs.uab.cat\/topik\/niveles\/#breadcrumb","itemListElement":[{"@type":"ListItem","position":1,"name":"Portada","item":"https:\/\/webs.uab.cat\/topik\/"},{"@type":"ListItem","position":2,"name":"Niveles"}]},{"@type":"WebSite","@id":"https:\/\/webs.uab.cat\/topik\/#website","url":"https:\/\/webs.uab.cat\/topik\/","name":"TOPIK - Examen oficial de lengua coreana","description":"Test of Proficiency in Korean","potentialAction":[{"@type":"SearchAction","target":{"@type":"EntryPoint","urlTemplate":"https:\/\/webs.uab.cat\/topik\/?s={search_term_string}"},"query-input":{"@type":"PropertyValueSpecification","valueRequired":true,"valueName":"search_term_string"}}],"inLanguage":"es"}]}},"_links":{"self":[{"href":"https:\/\/webs.uab.cat\/topik\/wp-json\/wp\/v2\/pages\/103","targetHints":{"allow":["GET"]}}],"collection":[{"href":"https:\/\/webs.uab.cat\/topik\/wp-json\/wp\/v2\/pages"}],"about":[{"href":"https:\/\/webs.uab.cat\/topik\/wp-json\/wp\/v2\/types\/page"}],"author":[{"embeddable":true,"href":"https:\/\/webs.uab.cat\/topik\/wp-json\/wp\/v2\/users\/20"}],"replies":[{"embeddable":true,"href":"https:\/\/webs.uab.cat\/topik\/wp-json\/wp\/v2\/comments?post=103"}],"version-history":[{"count":5,"href":"https:\/\/webs.uab.cat\/topik\/wp-json\/wp\/v2\/pages\/103\/revisions"}],"predecessor-version":[{"id":193,"href":"https:\/\/webs.uab.cat\/topik\/wp-json\/wp\/v2\/pages\/103\/revisions\/193"}],"wp:attachment":[{"href":"https:\/\/webs.uab.cat\/topik\/wp-json\/wp\/v2\/media?parent=103"}],"curies":[{"name":"wp","href":"https:\/\/api.w.org\/{rel}","templated":true}]}}