{"id":104,"date":"2019-02-19T12:41:22","date_gmt":"2019-02-19T10:41:22","guid":{"rendered":"https:\/\/webs.uab.cat\/topik\/normas\/"},"modified":"2023-03-30T20:29:23","modified_gmt":"2023-03-30T18:29:23","slug":"normas","status":"publish","type":"page","link":"https:\/\/webs.uab.cat\/topik\/normas\/","title":{"rendered":"Normas"},"content":{"rendered":"\n<p><strong>Normas b\u00e1sicas<\/strong><\/p>\n\n\n\n<p>A. Es importante presentarse en el centro donde se realiza el examen <strong>30 minutos antes<\/strong> de la hora del examen para realizar el registro y poder subsanar alg\u00fan error o problema si existiera. Una vez empezado el examen, ya no puede acceder a la aula de examen, sin permiso del responsable (hasta 10 minutos).<\/p>\n\n\n\n<p>B. Recuerda imprimir y traer la tarjeta de insripion que habr\u00e1s recibido en tu e-mail antes del examen.<\/p>\n\n\n\n<p>Para poder realizar el examen es <strong>imprescindible<\/strong> traer:<\/p>\n\n\n\n<ul class=\"wp-block-list\"><li>La tarjeta de insripion: Test Voucher.<\/li><li>El documento de identificaci\u00f3n personal: DNI, NIF, Pasaporte (el mismo documento que utilizaste para la inscripci\u00f3n).<\/li><li>&nbsp;(antes del comienzo de examen, el supervisor distribuye el rotulador especial para el examen.)<\/li><\/ul>\n\n\n\n<p>Por favor, para favorecer la correcta realizaci\u00f3n del examen y no molestar al resto de examinantes ten en cuenta los puntos siguientes:<\/p>\n\n\n\n<ul class=\"wp-block-list\"><li><strong>Al acabar cada una de las pruebas, no se puede salir de la sala de examen hasta que el supervisor de la sala reciba la confirmaci\u00f3n de la oficina central.<\/strong><\/li><li>No se permitir\u00e1 la entrada de ning\u00fan acompa\u00f1ante a partir de la sala de registro.<\/li><li>Para evitar molestar a los dem\u00e1s examinates<strong>, <u>no se permitir\u00e1 la entrada en la aula despu\u00e9s de los 10 primeros minutos de cada parte del examen<\/u><\/strong>, a excepci\u00f3n de tener una causa justificada.<\/li><li><u>En la parte de comprensi\u00f3n oral (Listening) no se podr\u00e1 entrar ni salir de la aula una vez puesto en marcha el CD.<\/u><\/li><li>Antes de empezar el examen, el supervisor guardar\u00e1&nbsp; los <strong>tel\u00e9fonos m\u00f3viles<\/strong> de todos los examinandos y una vez acabado el examen, se puede recogerlo (inluso los relojes con alarma o cualquier aparato electr\u00f3nico que emita sonido).<\/li><\/ul>\n\n\n\n<h2 class=\"wp-block-heading\">Motivos de expulsi\u00f3n<\/h2>\n\n\n\n<p>Para evitar problemas durante la realizaci\u00f3n del examen observa los puntos siguientes:<\/p>\n\n\n\n<ul class=\"wp-block-list\"><li>Los <strong>tel\u00e9fonos m\u00f3viles<\/strong>, relojes con alarma o cualquier aparato electr\u00f3nico que emita sonido <strong>deben estar totalmente desconectados<\/strong> durante la realizaci\u00f3n de la prueba. No basta con silenciarlos, ya que podr\u00edan producir interferencias en el ejercicio de comprensi\u00f3n oral. <u><strong>Si suena alg\u00fan m\u00f3vil, el responsable ser\u00e1 expulsado de forma inmediata.<\/strong><\/u><\/li><li>Tener alg\u00fan tipo de <strong>apuntes, notas o diccionarios<\/strong> a la vista.<\/li><li><strong>Copiar o intercambiar informaci\u00f3n con otro examinado<\/strong>.<\/li><li><strong>Molestar a otros examinantes<\/strong><strong>.<\/strong><\/li><li><strong>No seguir las instrucciones del superisor o responsable de la sala<\/strong> tambi\u00e9n resultar\u00e1 motivo de expulsi\u00f3n.<\/li><\/ul>\n\n\n\n<h2 class=\"wp-block-heading\">Informaci\u00f3n adicional<\/h2>\n\n\n\n<p>Todas las comunicaciones y avisos importantes con la organizaci\u00f3n local se har\u00e1n a traves del correo electronico. En caso de cambio de dirrecci\u00f3n de e-mail, por favor comunicadlo cuanto antes con el organizador local.<\/p>\n\n\n\n<p>El examen se realizar\u00e1 en s\u00e1bado, por lo tanto no habr\u00e1 ning\u00fan servicio de cafeteria abierta excepto las maquinas expendedoras. Recomendamos traer comida y bebida de casa, porque no es seguro que las m\u00e1quinas expendedoras est\u00e9n bien provistas.<\/p>\n","protected":false},"excerpt":{"rendered":"<p>Normas b\u00e1sicas A. Es importante presentarse en el centro donde se realiza el examen 30 minutos antes de la hora del examen para realizar el registro y poder subsanar alg\u00fan error o problema si existiera. Una vez empezado el examen, ya no puede acceder a la aula de examen, sin permiso del responsable (hasta 10 [&hellip;]<\/p>\n","protected":false},"author":20,"featured_media":0,"parent":0,"menu_order":0,"comment_status":"closed","ping_status":"closed","template":"","meta":{"footnotes":""},"class_list":["post-104","page","type-page","status-publish","hentry"],"yoast_head":"<!-- This site is optimized with the Yoast SEO plugin v26.8 - https:\/\/yoast.com\/product\/yoast-seo-wordpress\/ -->\n<title>Normas - TOPIK - Examen oficial de lengua coreana<\/title>\n<meta name=\"robots\" content=\"index, follow, max-snippet:-1, max-image-preview:large, max-video-preview:-1\" \/>\n<link rel=\"canonical\" href=\"https:\/\/webs.uab.cat\/topik\/normas\/\" \/>\n<meta property=\"og:locale\" content=\"es_ES\" \/>\n<meta property=\"og:type\" content=\"article\" \/>\n<meta property=\"og:title\" content=\"Normas - TOPIK - Examen oficial de lengua coreana\" \/>\n<meta property=\"og:description\" content=\"Normas b\u00e1sicas A. Es importante presentarse en el centro donde se realiza el examen 30 minutos antes de la hora del examen para realizar el registro y poder subsanar alg\u00fan error o problema si existiera. Una vez empezado el examen, ya no puede acceder a la aula de examen, sin permiso del responsable (hasta 10 [&hellip;]\" \/>\n<meta property=\"og:url\" content=\"https:\/\/webs.uab.cat\/topik\/normas\/\" \/>\n<meta property=\"og:site_name\" content=\"TOPIK - Examen oficial de lengua coreana\" \/>\n<meta property=\"article:modified_time\" content=\"2023-03-30T18:29:23+00:00\" \/>\n<meta name=\"twitter:card\" content=\"summary_large_image\" \/>\n<meta name=\"twitter:label1\" content=\"Tiempo de lectura\" \/>\n\t<meta name=\"twitter:data1\" content=\"2 minutos\" \/>\n<script type=\"application\/ld+json\" class=\"yoast-schema-graph\">{\"@context\":\"https:\/\/schema.org\",\"@graph\":[{\"@type\":\"WebPage\",\"@id\":\"https:\/\/webs.uab.cat\/topik\/normas\/\",\"url\":\"https:\/\/webs.uab.cat\/topik\/normas\/\",\"name\":\"Normas - TOPIK - Examen oficial de lengua coreana\",\"isPartOf\":{\"@id\":\"https:\/\/webs.uab.cat\/topik\/#website\"},\"datePublished\":\"2019-02-19T10:41:22+00:00\",\"dateModified\":\"2023-03-30T18:29:23+00:00\",\"breadcrumb\":{\"@id\":\"https:\/\/webs.uab.cat\/topik\/normas\/#breadcrumb\"},\"inLanguage\":\"es\",\"potentialAction\":[{\"@type\":\"ReadAction\",\"target\":[\"https:\/\/webs.uab.cat\/topik\/normas\/\"]}]},{\"@type\":\"BreadcrumbList\",\"@id\":\"https:\/\/webs.uab.cat\/topik\/normas\/#breadcrumb\",\"itemListElement\":[{\"@type\":\"ListItem\",\"position\":1,\"name\":\"Portada\",\"item\":\"https:\/\/webs.uab.cat\/topik\/\"},{\"@type\":\"ListItem\",\"position\":2,\"name\":\"Normas\"}]},{\"@type\":\"WebSite\",\"@id\":\"https:\/\/webs.uab.cat\/topik\/#website\",\"url\":\"https:\/\/webs.uab.cat\/topik\/\",\"name\":\"TOPIK - Examen oficial de lengua coreana\",\"description\":\"Test of Proficiency in Korean\",\"potentialAction\":[{\"@type\":\"SearchAction\",\"target\":{\"@type\":\"EntryPoint\",\"urlTemplate\":\"https:\/\/webs.uab.cat\/topik\/?s={search_term_string}\"},\"query-input\":{\"@type\":\"PropertyValueSpecification\",\"valueRequired\":true,\"valueName\":\"search_term_string\"}}],\"inLanguage\":\"es\"}]}<\/script>\n<!-- \/ Yoast SEO plugin. -->","yoast_head_json":{"title":"Normas - TOPIK - Examen oficial de lengua coreana","robots":{"index":"index","follow":"follow","max-snippet":"max-snippet:-1","max-image-preview":"max-image-preview:large","max-video-preview":"max-video-preview:-1"},"canonical":"https:\/\/webs.uab.cat\/topik\/normas\/","og_locale":"es_ES","og_type":"article","og_title":"Normas - TOPIK - Examen oficial de lengua coreana","og_description":"Normas b\u00e1sicas A. Es importante presentarse en el centro donde se realiza el examen 30 minutos antes de la hora del examen para realizar el registro y poder subsanar alg\u00fan error o problema si existiera. Una vez empezado el examen, ya no puede acceder a la aula de examen, sin permiso del responsable (hasta 10 [&hellip;]","og_url":"https:\/\/webs.uab.cat\/topik\/normas\/","og_site_name":"TOPIK - Examen oficial de lengua coreana","article_modified_time":"2023-03-30T18:29:23+00:00","twitter_card":"summary_large_image","twitter_misc":{"Tiempo de lectura":"2 minutos"},"schema":{"@context":"https:\/\/schema.org","@graph":[{"@type":"WebPage","@id":"https:\/\/webs.uab.cat\/topik\/normas\/","url":"https:\/\/webs.uab.cat\/topik\/normas\/","name":"Normas - TOPIK - Examen oficial de lengua coreana","isPartOf":{"@id":"https:\/\/webs.uab.cat\/topik\/#website"},"datePublished":"2019-02-19T10:41:22+00:00","dateModified":"2023-03-30T18:29:23+00:00","breadcrumb":{"@id":"https:\/\/webs.uab.cat\/topik\/normas\/#breadcrumb"},"inLanguage":"es","potentialAction":[{"@type":"ReadAction","target":["https:\/\/webs.uab.cat\/topik\/normas\/"]}]},{"@type":"BreadcrumbList","@id":"https:\/\/webs.uab.cat\/topik\/normas\/#breadcrumb","itemListElement":[{"@type":"ListItem","position":1,"name":"Portada","item":"https:\/\/webs.uab.cat\/topik\/"},{"@type":"ListItem","position":2,"name":"Normas"}]},{"@type":"WebSite","@id":"https:\/\/webs.uab.cat\/topik\/#website","url":"https:\/\/webs.uab.cat\/topik\/","name":"TOPIK - Examen oficial de lengua coreana","description":"Test of Proficiency in Korean","potentialAction":[{"@type":"SearchAction","target":{"@type":"EntryPoint","urlTemplate":"https:\/\/webs.uab.cat\/topik\/?s={search_term_string}"},"query-input":{"@type":"PropertyValueSpecification","valueRequired":true,"valueName":"search_term_string"}}],"inLanguage":"es"}]}},"_links":{"self":[{"href":"https:\/\/webs.uab.cat\/topik\/wp-json\/wp\/v2\/pages\/104","targetHints":{"allow":["GET"]}}],"collection":[{"href":"https:\/\/webs.uab.cat\/topik\/wp-json\/wp\/v2\/pages"}],"about":[{"href":"https:\/\/webs.uab.cat\/topik\/wp-json\/wp\/v2\/types\/page"}],"author":[{"embeddable":true,"href":"https:\/\/webs.uab.cat\/topik\/wp-json\/wp\/v2\/users\/20"}],"replies":[{"embeddable":true,"href":"https:\/\/webs.uab.cat\/topik\/wp-json\/wp\/v2\/comments?post=104"}],"version-history":[{"count":1,"href":"https:\/\/webs.uab.cat\/topik\/wp-json\/wp\/v2\/pages\/104\/revisions"}],"predecessor-version":[{"id":144,"href":"https:\/\/webs.uab.cat\/topik\/wp-json\/wp\/v2\/pages\/104\/revisions\/144"}],"wp:attachment":[{"href":"https:\/\/webs.uab.cat\/topik\/wp-json\/wp\/v2\/media?parent=104"}],"curies":[{"name":"wp","href":"https:\/\/api.w.org\/{rel}","templated":true}]}}