{"id":109,"date":"2019-02-19T12:41:50","date_gmt":"2019-02-19T10:41:50","guid":{"rendered":"https:\/\/webs.uab.cat\/topik\/como-llegar\/"},"modified":"2023-04-12T18:02:46","modified_gmt":"2023-04-12T16:02:46","slug":"como-llegar","status":"publish","type":"page","link":"https:\/\/webs.uab.cat\/topik\/como-llegar\/","title":{"rendered":"C\u00f3mo llegar"},"content":{"rendered":"\n<h2 class=\"wp-block-heading\">Lugar del examen<\/h2>\n\n\n\n<p>El examen TOPIK en Barcelona se realiza en la <a href=\"https:\/\/www.uab.cat\/traducciointerpretacio\/\" target=\"_blank\" rel=\"noopener\">Facultad de Traducci\u00f3n e Interpretaci\u00f3n de la UAB<\/a> (FTI), Bellaterra.<\/p>\n\n\n\n<p>El campus de la Universitat Aut\u00f2noma de Barcelona se encuentra a unos 20 Km del centro de Barcelona, en Bellaterra (Cerdanyola del Vall\u00e8s, entre Sabadell y Sant Cugat). Se puede llegar f\u00e1cilmente tanto en ferrocarriles de generalitat (FGC) como en coche .<\/p>\n\n\n\n<p><strong>&#8211; Acceso en FGC<\/strong><\/p>\n\n\n\n<ul class=\"wp-block-list\"><li><a href=\"https:\/\/www.fgc.cat\/es\/red-fgc\/l-barcelona-valles\/es-lineas-y-horarios-barcelona-valles-s2-barcelona-placa-catalunya-sabadell\/\" data-type=\"URL\" data-id=\"https:\/\/www.fgc.cat\/es\/red-fgc\/l-barcelona-valles\/es-lineas-y-horarios-barcelona-valles-s2-barcelona-placa-catalunya-sabadell\/\" target=\"_blank\" rel=\"noreferrer noopener\">L\u00ednea S2 Barcelona &#8211; Sabadell<\/a><\/li><li>Bajar en la estaci\u00f3n \u201cUNIVERSITAT AUT\u00d2NOMA\u201d.<\/li><\/ul>\n\n\n\n<p><strong><u>Desde la estaci\u00f3n Pla\u00e7a Catalunya<\/u>, en Barcelona<\/strong>, el trayecto dura aproximadamente 35 minutos . Consulta <a href=\"https:\/\/webs.uab.cat\/topik\/wp-content\/uploads\/sites\/408\/2023\/04\/sabadell_bv07_s2.pdf\" data-type=\"URL\" data-id=\"https:\/\/webs.uab.cat\/topik\/wp-content\/uploads\/sites\/408\/2023\/04\/sabadell_bv07_s2.pdf\" target=\"_blank\" rel=\"noreferrer noopener\">los horarios <\/a>(l\u00ednea Barcelona-Vall\u00e8s) de FGC.<\/p>\n\n\n\n<figure class=\"wp-block-image\"><img loading=\"lazy\" decoding=\"async\" width=\"703\" height=\"295\" src=\"https:\/\/webs.uab.cat\/topik\/wp-content\/uploads\/sites\/408\/2019\/02\/linia_s2_ffgg_3.png\" alt=\"linia_s2_ffgg_3.png\" class=\"wp-image-105\" srcset=\"https:\/\/webs.uab.cat\/topik\/wp-content\/uploads\/sites\/408\/2019\/02\/linia_s2_ffgg_3.png 703w, https:\/\/webs.uab.cat\/topik\/wp-content\/uploads\/sites\/408\/2019\/02\/linia_s2_ffgg_3-300x126.png 300w\" sizes=\"auto, (max-width: 703px) 100vw, 703px\" \/><\/figure>\n\n\n\n<p>Para llegar, sigue los pasos siguientes: (el d\u00eda del examen, podais encontrar se\u00f1ales de indicaci\u00f3n desde la estaci\u00f3n de FFGG)<\/p>\n\n\n\n<figure class=\"wp-block-image\"><img loading=\"lazy\" decoding=\"async\" width=\"955\" height=\"630\" src=\"https:\/\/webs.uab.cat\/topik\/wp-content\/uploads\/sites\/408\/2019\/02\/mapa_topik_lugar.jpg\" alt=\"\" class=\"wp-image-107\" \/><\/figure>\n\n\n\n<p><strong><u>-RENFE no tiene servicio hasta el campus de la UAB los fines de semana.<\/u><\/strong><\/p>\n\n\n\n<p><strong>&#8211; Acceso en coche<\/strong><\/p>\n\n\n\n<ul class=\"wp-block-list\"><li><strong>Autopista A-7<\/strong> <strong>salida BELLATERRA-UAB<\/strong> (direcci\u00f3n Tarragona-Lleida si vienes del norte, o direcci\u00f3n Girona si vienes desde Barcelona) .<\/li><li><strong>Autopista C-58<\/strong>, Barcelona-Sabadell-Terrassa, <strong>salida BELLATERRA-UAB<\/strong>.<\/li><\/ul>\n\n\n\n<h2 class=\"wp-block-heading\">&nbsp;<\/h2>\n\n\n\n<h2 class=\"wp-block-heading\">&#8211; Informaci\u00f3n de inter\u00e9s<\/h2>\n\n\n\n<p><span lang=\"ES\"><a href=\"https:\/\/www.uab.cat\/web\/movilidad-y-transportes-1345796323392.html\" data-type=\"URL\" data-id=\"https:\/\/www.uab.cat\/web\/movilidad-y-transportes-1345796323392.html\" target=\"_blank\" rel=\"noreferrer noopener\">P\u00e1gina de Planos y Transportes de la UAB<\/a><\/span><\/p>\n\n\n\n<p><span lang=\"ES\"><a href=\"https:\/\/www.fgc.cat\/es\/red-fgc\/l-barcelona-valles\/\" data-type=\"URL\" data-id=\"https:\/\/www.fgc.cat\/es\/red-fgc\/l-barcelona-valles\/\" target=\"_blank\" rel=\"noreferrer noopener\">Ferrocarrils de la Generalitat de Catalunya<\/a><\/span><\/p>\n\n\n\n<p>Transportes Metropolitanos de Barcelona<\/p>\n\n\n\n<p><a href=\"https:\/\/www.tmb.cat\/es\/home\">https:\/\/www.tmb.cat\/es\/home<\/a><\/p>\n","protected":false},"excerpt":{"rendered":"<p>Lugar del examen El examen TOPIK en Barcelona se realiza en la Facultad de Traducci\u00f3n e Interpretaci\u00f3n de la UAB (FTI), Bellaterra. El campus de la Universitat Aut\u00f2noma de Barcelona se encuentra a unos 20 Km del centro de Barcelona, en Bellaterra (Cerdanyola del Vall\u00e8s, entre Sabadell y Sant Cugat). Se puede llegar f\u00e1cilmente tanto [&hellip;]<\/p>\n","protected":false},"author":20,"featured_media":0,"parent":0,"menu_order":0,"comment_status":"closed","ping_status":"closed","template":"","meta":{"footnotes":""},"class_list":["post-109","page","type-page","status-publish","hentry"],"yoast_head":"<!-- This site is optimized with the Yoast SEO plugin v26.8 - https:\/\/yoast.com\/product\/yoast-seo-wordpress\/ -->\n<title>C\u00f3mo llegar - TOPIK - Examen oficial de lengua coreana<\/title>\n<meta name=\"robots\" content=\"index, follow, max-snippet:-1, max-image-preview:large, max-video-preview:-1\" \/>\n<link rel=\"canonical\" href=\"https:\/\/webs.uab.cat\/topik\/como-llegar\/\" \/>\n<meta property=\"og:locale\" content=\"es_ES\" \/>\n<meta property=\"og:type\" content=\"article\" \/>\n<meta property=\"og:title\" content=\"C\u00f3mo llegar - TOPIK - Examen oficial de lengua coreana\" \/>\n<meta property=\"og:description\" content=\"Lugar del examen El examen TOPIK en Barcelona se realiza en la Facultad de Traducci\u00f3n e Interpretaci\u00f3n de la UAB (FTI), Bellaterra. El campus de la Universitat Aut\u00f2noma de Barcelona se encuentra a unos 20 Km del centro de Barcelona, en Bellaterra (Cerdanyola del Vall\u00e8s, entre Sabadell y Sant Cugat). Se puede llegar f\u00e1cilmente tanto [&hellip;]\" \/>\n<meta property=\"og:url\" content=\"https:\/\/webs.uab.cat\/topik\/como-llegar\/\" \/>\n<meta property=\"og:site_name\" content=\"TOPIK - Examen oficial de lengua coreana\" \/>\n<meta property=\"article:modified_time\" content=\"2023-04-12T16:02:46+00:00\" \/>\n<meta property=\"og:image\" content=\"https:\/\/webs.uab.cat\/topik\/wp-content\/uploads\/sites\/408\/2019\/02\/linia_s2_ffgg_3.png\" \/>\n\t<meta property=\"og:image:width\" content=\"703\" \/>\n\t<meta property=\"og:image:height\" content=\"295\" \/>\n\t<meta property=\"og:image:type\" content=\"image\/png\" \/>\n<meta name=\"twitter:card\" content=\"summary_large_image\" \/>\n<meta name=\"twitter:label1\" content=\"Tiempo de lectura\" \/>\n\t<meta name=\"twitter:data1\" content=\"1 minuto\" \/>\n<script type=\"application\/ld+json\" class=\"yoast-schema-graph\">{\"@context\":\"https:\/\/schema.org\",\"@graph\":[{\"@type\":\"WebPage\",\"@id\":\"https:\/\/webs.uab.cat\/topik\/como-llegar\/\",\"url\":\"https:\/\/webs.uab.cat\/topik\/como-llegar\/\",\"name\":\"C\u00f3mo llegar - TOPIK - Examen oficial de lengua coreana\",\"isPartOf\":{\"@id\":\"https:\/\/webs.uab.cat\/topik\/#website\"},\"primaryImageOfPage\":{\"@id\":\"https:\/\/webs.uab.cat\/topik\/como-llegar\/#primaryimage\"},\"image\":{\"@id\":\"https:\/\/webs.uab.cat\/topik\/como-llegar\/#primaryimage\"},\"thumbnailUrl\":\"https:\/\/webs.uab.cat\/topik\/wp-content\/uploads\/sites\/408\/2019\/02\/linia_s2_ffgg_3.png\",\"datePublished\":\"2019-02-19T10:41:50+00:00\",\"dateModified\":\"2023-04-12T16:02:46+00:00\",\"breadcrumb\":{\"@id\":\"https:\/\/webs.uab.cat\/topik\/como-llegar\/#breadcrumb\"},\"inLanguage\":\"es\",\"potentialAction\":[{\"@type\":\"ReadAction\",\"target\":[\"https:\/\/webs.uab.cat\/topik\/como-llegar\/\"]}]},{\"@type\":\"ImageObject\",\"inLanguage\":\"es\",\"@id\":\"https:\/\/webs.uab.cat\/topik\/como-llegar\/#primaryimage\",\"url\":\"https:\/\/webs.uab.cat\/topik\/wp-content\/uploads\/sites\/408\/2019\/02\/linia_s2_ffgg_3.png\",\"contentUrl\":\"https:\/\/webs.uab.cat\/topik\/wp-content\/uploads\/sites\/408\/2019\/02\/linia_s2_ffgg_3.png\",\"width\":703,\"height\":295,\"caption\":\"linia_s2_ffgg_3.png\"},{\"@type\":\"BreadcrumbList\",\"@id\":\"https:\/\/webs.uab.cat\/topik\/como-llegar\/#breadcrumb\",\"itemListElement\":[{\"@type\":\"ListItem\",\"position\":1,\"name\":\"Portada\",\"item\":\"https:\/\/webs.uab.cat\/topik\/\"},{\"@type\":\"ListItem\",\"position\":2,\"name\":\"C\u00f3mo llegar\"}]},{\"@type\":\"WebSite\",\"@id\":\"https:\/\/webs.uab.cat\/topik\/#website\",\"url\":\"https:\/\/webs.uab.cat\/topik\/\",\"name\":\"TOPIK - Examen oficial de lengua coreana\",\"description\":\"Test of Proficiency in Korean\",\"potentialAction\":[{\"@type\":\"SearchAction\",\"target\":{\"@type\":\"EntryPoint\",\"urlTemplate\":\"https:\/\/webs.uab.cat\/topik\/?s={search_term_string}\"},\"query-input\":{\"@type\":\"PropertyValueSpecification\",\"valueRequired\":true,\"valueName\":\"search_term_string\"}}],\"inLanguage\":\"es\"}]}<\/script>\n<!-- \/ Yoast SEO plugin. -->","yoast_head_json":{"title":"C\u00f3mo llegar - TOPIK - Examen oficial de lengua coreana","robots":{"index":"index","follow":"follow","max-snippet":"max-snippet:-1","max-image-preview":"max-image-preview:large","max-video-preview":"max-video-preview:-1"},"canonical":"https:\/\/webs.uab.cat\/topik\/como-llegar\/","og_locale":"es_ES","og_type":"article","og_title":"C\u00f3mo llegar - TOPIK - Examen oficial de lengua coreana","og_description":"Lugar del examen El examen TOPIK en Barcelona se realiza en la Facultad de Traducci\u00f3n e Interpretaci\u00f3n de la UAB (FTI), Bellaterra. El campus de la Universitat Aut\u00f2noma de Barcelona se encuentra a unos 20 Km del centro de Barcelona, en Bellaterra (Cerdanyola del Vall\u00e8s, entre Sabadell y Sant Cugat). Se puede llegar f\u00e1cilmente tanto [&hellip;]","og_url":"https:\/\/webs.uab.cat\/topik\/como-llegar\/","og_site_name":"TOPIK - Examen oficial de lengua coreana","article_modified_time":"2023-04-12T16:02:46+00:00","og_image":[{"width":703,"height":295,"url":"https:\/\/webs.uab.cat\/topik\/wp-content\/uploads\/sites\/408\/2019\/02\/linia_s2_ffgg_3.png","type":"image\/png"}],"twitter_card":"summary_large_image","twitter_misc":{"Tiempo de lectura":"1 minuto"},"schema":{"@context":"https:\/\/schema.org","@graph":[{"@type":"WebPage","@id":"https:\/\/webs.uab.cat\/topik\/como-llegar\/","url":"https:\/\/webs.uab.cat\/topik\/como-llegar\/","name":"C\u00f3mo llegar - TOPIK - Examen oficial de lengua coreana","isPartOf":{"@id":"https:\/\/webs.uab.cat\/topik\/#website"},"primaryImageOfPage":{"@id":"https:\/\/webs.uab.cat\/topik\/como-llegar\/#primaryimage"},"image":{"@id":"https:\/\/webs.uab.cat\/topik\/como-llegar\/#primaryimage"},"thumbnailUrl":"https:\/\/webs.uab.cat\/topik\/wp-content\/uploads\/sites\/408\/2019\/02\/linia_s2_ffgg_3.png","datePublished":"2019-02-19T10:41:50+00:00","dateModified":"2023-04-12T16:02:46+00:00","breadcrumb":{"@id":"https:\/\/webs.uab.cat\/topik\/como-llegar\/#breadcrumb"},"inLanguage":"es","potentialAction":[{"@type":"ReadAction","target":["https:\/\/webs.uab.cat\/topik\/como-llegar\/"]}]},{"@type":"ImageObject","inLanguage":"es","@id":"https:\/\/webs.uab.cat\/topik\/como-llegar\/#primaryimage","url":"https:\/\/webs.uab.cat\/topik\/wp-content\/uploads\/sites\/408\/2019\/02\/linia_s2_ffgg_3.png","contentUrl":"https:\/\/webs.uab.cat\/topik\/wp-content\/uploads\/sites\/408\/2019\/02\/linia_s2_ffgg_3.png","width":703,"height":295,"caption":"linia_s2_ffgg_3.png"},{"@type":"BreadcrumbList","@id":"https:\/\/webs.uab.cat\/topik\/como-llegar\/#breadcrumb","itemListElement":[{"@type":"ListItem","position":1,"name":"Portada","item":"https:\/\/webs.uab.cat\/topik\/"},{"@type":"ListItem","position":2,"name":"C\u00f3mo llegar"}]},{"@type":"WebSite","@id":"https:\/\/webs.uab.cat\/topik\/#website","url":"https:\/\/webs.uab.cat\/topik\/","name":"TOPIK - Examen oficial de lengua coreana","description":"Test of Proficiency in Korean","potentialAction":[{"@type":"SearchAction","target":{"@type":"EntryPoint","urlTemplate":"https:\/\/webs.uab.cat\/topik\/?s={search_term_string}"},"query-input":{"@type":"PropertyValueSpecification","valueRequired":true,"valueName":"search_term_string"}}],"inLanguage":"es"}]}},"_links":{"self":[{"href":"https:\/\/webs.uab.cat\/topik\/wp-json\/wp\/v2\/pages\/109","targetHints":{"allow":["GET"]}}],"collection":[{"href":"https:\/\/webs.uab.cat\/topik\/wp-json\/wp\/v2\/pages"}],"about":[{"href":"https:\/\/webs.uab.cat\/topik\/wp-json\/wp\/v2\/types\/page"}],"author":[{"embeddable":true,"href":"https:\/\/webs.uab.cat\/topik\/wp-json\/wp\/v2\/users\/20"}],"replies":[{"embeddable":true,"href":"https:\/\/webs.uab.cat\/topik\/wp-json\/wp\/v2\/comments?post=109"}],"version-history":[{"count":7,"href":"https:\/\/webs.uab.cat\/topik\/wp-json\/wp\/v2\/pages\/109\/revisions"}],"predecessor-version":[{"id":219,"href":"https:\/\/webs.uab.cat\/topik\/wp-json\/wp\/v2\/pages\/109\/revisions\/219"}],"wp:attachment":[{"href":"https:\/\/webs.uab.cat\/topik\/wp-json\/wp\/v2\/media?parent=109"}],"curies":[{"name":"wp","href":"https:\/\/api.w.org\/{rel}","templated":true}]}}