{"id":209,"date":"2009-11-26T09:45:34","date_gmt":"2009-11-26T07:45:34","guid":{"rendered":"https:\/\/webs.uab.cat\/trafil\/contacte\/"},"modified":"2009-11-26T09:45:34","modified_gmt":"2009-11-26T07:45:34","slug":"contacte","status":"publish","type":"page","link":"https:\/\/webs.uab.cat\/trafil\/contacte\/","title":{"rendered":"Contacte"},"content":{"rendered":"<p><strong>Dra. Nicole Mart\u00ednez Melis<\/strong><br \/><a href=\"mailto:Nicole.Martinez@uab.cat\">Nicole.Martinez@uab.cat<\/a><br \/><a href=\"http:\/\/webs2002.uab.es\/departament\">Departament de Traducci\u00f3 i d&#8217;Interpretaci\u00f3<\/a><br \/>Universitat Aut\u00f2noma de Barcelona<br \/>08193 Bellaterra SPAIN<\/p>\n","protected":false},"excerpt":{"rendered":"<p>Dra. Nicole Mart\u00ednez MelisNicole.Martinez@uab.catDepartament de Traducci\u00f3 i d&#8217;Interpretaci\u00f3Universitat Aut\u00f2noma de Barcelona08193 Bellaterra SPAIN<\/p>\n","protected":false},"author":20,"featured_media":0,"parent":0,"menu_order":0,"comment_status":"closed","ping_status":"closed","template":"","meta":{"footnotes":""},"class_list":["post-209","page","type-page","status-publish","hentry"],"_links":{"self":[{"href":"https:\/\/webs.uab.cat\/trafil\/wp-json\/wp\/v2\/pages\/209","targetHints":{"allow":["GET"]}}],"collection":[{"href":"https:\/\/webs.uab.cat\/trafil\/wp-json\/wp\/v2\/pages"}],"about":[{"href":"https:\/\/webs.uab.cat\/trafil\/wp-json\/wp\/v2\/types\/page"}],"author":[{"embeddable":true,"href":"https:\/\/webs.uab.cat\/trafil\/wp-json\/wp\/v2\/users\/20"}],"replies":[{"embeddable":true,"href":"https:\/\/webs.uab.cat\/trafil\/wp-json\/wp\/v2\/comments?post=209"}],"version-history":[{"count":0,"href":"https:\/\/webs.uab.cat\/trafil\/wp-json\/wp\/v2\/pages\/209\/revisions"}],"wp:attachment":[{"href":"https:\/\/webs.uab.cat\/trafil\/wp-json\/wp\/v2\/media?parent=209"}],"curies":[{"name":"wp","href":"https:\/\/api.w.org\/{rel}","templated":true}]}}