{"id":215,"date":"2011-06-21T12:47:31","date_gmt":"2011-06-21T10:47:31","guid":{"rendered":"https:\/\/webs.uab.cat\/trafil\/traduccions-0\/"},"modified":"2011-06-21T12:47:31","modified_gmt":"2011-06-21T10:47:31","slug":"traduccions-0","status":"publish","type":"page","link":"https:\/\/webs.uab.cat\/trafil\/traduccions-0\/","title":{"rendered":"Traduccions"},"content":{"rendered":"<p>Wallace&nbsp;Alan<em> La revoluci\u00f3 de l&#8217;atenci\u00f3<\/em>, Barcelona: Viena ediciones. Col. Helios. (traducci\u00f3n del ingl\u00e9s de Montse Castell\u00e0).(en prensa)<\/p>\n<p>Gampopa S\u00f6nam Rinchen (2009) <a href=\"http:\/\/tsopemaling.blogspot.com\/2009\/08\/el-precioso-ornamento-de-la-liberacion.html\" target=\"_blank\" rel=\"noopener\"><em><strong>El precioso ornamento de la liberaci\u00f3n<\/strong><\/em><\/a> Graus: Ediciones Chabs\u00f6l (traducci\u00f3n del franc\u00e9s de Herminia Roura y Araceli Servera).<\/p>\n<p>Ishvarakrishna (2007) <a href=\"http:\/\/www.fragmenta.cat\/books\/view\/32\"><em><strong>Les Estrofes del Samkhya.<\/strong><\/em><\/a> Barcelona: Editorial Fragmenta. (edici\u00f3n y traducci\u00f3n del s\u00e1nscrito de Laia Villegas).<\/p>\n<p>Ringu Tulku Rimpotx\u00e9&nbsp; (2007)<a href=\"http:\/\/www.vienaeditorial.com\/mostrarllibre.asp?ididioma=1&amp;idllibre=548\" target=\"_blank\" rel=\"noopener\"><em> <strong>La transformaci\u00f3 de la ment<\/strong><\/em><\/a>, Barcelona: Viena Helios ediciones. (traducci\u00f3n del ingl\u00e9s de Montse Castell\u00e0 i Pepa Forn).<\/p>\n<p>Bokar Rimpoch\u00e9 (2007) <em>Chenresi, claves para la meditaci\u00f3n en la divinidad<\/em>, Graus: Ediciones Chabs\u00f6l (traducci\u00f3n del franc\u00e9s de Herminia Roura)<\/p>\n<p>Jacquemart Fran\u00e7ois (2007)&nbsp; Bokar Rinpoch\u00e9, <a href=\"http:\/\/www.edicionesdharma.com\/articulo.asp?art_id=119\" target=\"_blank\" rel=\"noopener\"><em><strong>El lama de la blanca colinade (ed.) Novelda.<\/strong><\/em><\/a> Ediciones Dharma. (traducci\u00f3n del franc\u00e9s de Herminia Roura).<\/p>\n<p>Nagarjuna&nbsp; (2006) <a href=\"http:\/\/indologica.blogg.de\/eintrag.php?id=1030\" target=\"_blank\" rel=\"noopener\"><em><strong>Abandono de la discusi\u00f3n.<\/strong><\/em><\/a> Ediciones Siruela. (traducci\u00f3n del s\u00e1ncrito de Juan Arnau).<\/p>\n<p>Bstan-&#8216;dzin-rgya-mtsho , Dalai Lama XIV (2005) <a href=\"http:\/\/www.vienaeditorial.com\/mostrarllibre.asp?ididioma=1&amp;idllibre=416\" target=\"_blank\" rel=\"noopener\"><em><strong>El coraz\u00f3n de la sabidur\u00eda: las ense\u00f1anzas del Sutra del coraz\u00f3n<\/strong><\/em>.<\/a> Barcelona: Viena ediciones Col. Helios&nbsp; (traducci\u00f3n del ingl\u00e9s de Montse Castell\u00e0 y Herminia Roura).<\/p>\n<p><strong>Revisi\u00f3n de traducciones<\/strong><\/p>\n<p>Sakyong Mipham (2007) <em>Gobierna tu vida: estrategias ancestrales para la vida moderna<\/em>. Barcelona: Oniro (traducci\u00f3n del ingl\u00e9s de Alfonso Taboada con la colaboraci\u00f3n de Mariana Orozco).<\/p>\n","protected":false},"excerpt":{"rendered":"<p>Wallace&nbsp;Alan La revoluci\u00f3 de l&#8217;atenci\u00f3, Barcelona: Viena ediciones. Col. Helios. (traducci\u00f3n del ingl\u00e9s de Montse Castell\u00e0).(en prensa) Gampopa S\u00f6nam Rinchen (2009) El precioso ornamento de la liberaci\u00f3n Graus: Ediciones Chabs\u00f6l (traducci\u00f3n del franc\u00e9s de Herminia Roura y Araceli Servera). Ishvarakrishna (2007) Les Estrofes del Samkhya. Barcelona: Editorial Fragmenta. (edici\u00f3n y traducci\u00f3n del s\u00e1nscrito de Laia [&hellip;]<\/p>\n","protected":false},"author":20,"featured_media":0,"parent":0,"menu_order":0,"comment_status":"closed","ping_status":"closed","template":"","meta":{"footnotes":""},"class_list":["post-215","page","type-page","status-publish","hentry"],"_links":{"self":[{"href":"https:\/\/webs.uab.cat\/trafil\/wp-json\/wp\/v2\/pages\/215","targetHints":{"allow":["GET"]}}],"collection":[{"href":"https:\/\/webs.uab.cat\/trafil\/wp-json\/wp\/v2\/pages"}],"about":[{"href":"https:\/\/webs.uab.cat\/trafil\/wp-json\/wp\/v2\/types\/page"}],"author":[{"embeddable":true,"href":"https:\/\/webs.uab.cat\/trafil\/wp-json\/wp\/v2\/users\/20"}],"replies":[{"embeddable":true,"href":"https:\/\/webs.uab.cat\/trafil\/wp-json\/wp\/v2\/comments?post=215"}],"version-history":[{"count":0,"href":"https:\/\/webs.uab.cat\/trafil\/wp-json\/wp\/v2\/pages\/215\/revisions"}],"wp:attachment":[{"href":"https:\/\/webs.uab.cat\/trafil\/wp-json\/wp\/v2\/media?parent=215"}],"curies":[{"name":"wp","href":"https:\/\/api.w.org\/{rel}","templated":true}]}}