{"id":1959,"date":"2014-06-12T18:27:09","date_gmt":"2014-06-12T16:27:09","guid":{"rendered":"https:\/\/webs.uab.cat\/transmedia\/events\/"},"modified":"2025-05-15T15:37:01","modified_gmt":"2025-05-15T13:37:01","slug":"events","status":"publish","type":"page","link":"https:\/\/webs.uab.cat\/transmedia\/ca\/events\/","title":{"rendered":"Esdeveniments"},"content":{"rendered":"\n<p>TransMedia Catalonia organitza i participa com a soci en diverses confer\u00e8ncies sobre traducci\u00f3 audiovisual i accessibilitat als mitjans de comunicaci\u00f3.<\/p>\n\n\n\n<h2 class=\"wp-block-heading\">Propers esdeveniments<\/h2>\n\n\n\n<p><strong>Organitzats per membres de TransMedia Catalonia<\/strong><\/p>\n\n\n\n<p><strong>Amb la participaci\u00f3 de TransMedia Catalonia<\/strong><\/p>\n\n\n\n<ul class=\"wp-block-list\">\n<li><strong><a href=\"https:\/\/www.m4all11.org\/\" data-type=\"link\" data-id=\"https:\/\/www.m4all11.org\/\" target=\"_blank\" rel=\"noreferrer noopener\">Media4All11: Media for All International Conference 2025.<\/a><\/strong> &#8220;<strong>Breaking Barriers: Media Localisation in the Age of Global Platforms<\/strong>.&#8221; School of Chinese, The University of Hong Kong, 28-30 de maig de 2025<\/li>\n\n\n\n<li><strong><a href=\"https:\/\/webs.uab.cat\/livesubtitling\/\" data-type=\"link\" data-id=\"https:\/\/webs.uab.cat\/livesubtitling\/\" target=\"_blank\" rel=\"noreferrer noopener\">16th International Conference on Live Subtitling and Speech-To-Text Interpreting (ICoLS).<\/a> <\/strong>Leeds, 4 de juliol de 2025<\/li>\n\n\n\n<li><strong><a href=\"https:\/\/english.swps.pl\/we-the-university\/our-news-and-events\/conferences-and-seminars\/34359-green-digital-accessibility-international-conference-2025#organizator\" target=\"_blank\" rel=\"noreferrer noopener\">GDA 2025<\/a><\/strong> (Green Digital Accessibility). SWPS University, Vars\u00f2via, 8-9 de setembre de 2025<\/li>\n<\/ul>\n\n\n\n<h2 class=\"wp-block-heading\">Esdeveniments passats<\/h2>\n\n\n\n<p><strong>Organitzats per membres de TransMedia Catalonia<\/strong><\/p>\n\n\n\n<ol class=\"wp-block-list\">\n<li><strong><a href=\"https:\/\/webs.uab.cat\/transmedia\/gaad-2025\/\" data-type=\"link\" data-id=\"https:\/\/webs.uab.cat\/transmedia\/gaad-2025\/\" target=\"_blank\" rel=\"noreferrer noopener\">GAAD 2025<\/a> <\/strong>(Global Accessibility Awareness Day), 15 May 2025.<\/li>\n\n\n\n<li><a href=\"https:\/\/webs.uab.cat\/arsad\/\" target=\"_blank\" rel=\"noreferrer noopener\"><strong>ARSAD 2025<\/strong><\/a> (Advanced Research Seminar on Audio Description), 20-21 de mar\u00e7 de 2025<\/li>\n\n\n\n<li><strong><a href=\"https:\/\/webs.uab.cat\/videogamesaccess\/\" data-type=\"link\" data-id=\"https:\/\/webs.uab.cat\/videogamesaccess\/\">FUN FOR ALL<\/a><\/strong>, 30-31 de gener de 2025<\/li>\n\n\n\n<li><a href=\"https:\/\/webs.uab.cat\/gda\/\"><strong>GDA 2024<\/strong><\/a> (Green Digital Accessibility Conference), 2-3 de desembre de 2024<\/li>\n\n\n\n<li><strong><a href=\"https:\/\/webs.uab.cat\/transmedia\/gaad-2024\/\" data-type=\"link\" data-id=\"https:\/\/webs.uab.cat\/transmedia\/gaad-2024\/\" target=\"_blank\" rel=\"noreferrer noopener\">GAAD 2024 <\/a><\/strong>(Global Accessibility Awareness Day), 16 de maig de 2024<\/li>\n\n\n\n<li><a href=\"https:\/\/webs.uab.cat\/transmedia\/education-day-2024\/\"><strong>\u201cSmart and Accessible Tools for Education for Sustainable Development\u201d<\/strong>, <\/a>24 de gener de 2024, Dia de l&#8217;educaci\u00f3, 13.00-14.30<\/li>\n\n\n\n<li><a href=\"https:\/\/webs.uab.cat\/gda\/gda-2023\/\" target=\"_blank\" rel=\"noreferrer noopener\"><strong>GDA 2023 <\/strong><\/a>(Green Digital Accessibility), 30 de novembre &#8211; 1 de desembre de 2023.<\/li>\n\n\n\n<li><a href=\"https:\/\/webs.uab.cat\/transmedia\/setmana-de-la-ciencia\/\"><strong>Setmana de la Ci\u00e8ncia<\/strong><\/a>, 13 de novembre de 2023.<\/li>\n\n\n\n<li><a href=\"https:\/\/webs.uab.cat\/transmedia\/greenweek2023\/\" target=\"_blank\" rel=\"noreferrer noopener\"><strong>Green Week 2023<\/strong><\/a>, 7de juny de 2023.<\/li>\n\n\n\n<li><u><strong><a href=\"https:\/\/webs.uab.cat\/livesubtitling\/\" target=\"_blank\" rel=\"noopener\">8th&nbsp;International Symposium Live Subtitling<\/a><\/strong><\/u>, 19 d&#8217;abril de 2023.<\/li>\n\n\n\n<li><a href=\"https:\/\/webs.uab.cat\/arsad\/arsad2023\/\" data-type=\"link\" data-id=\"https:\/\/webs.uab.cat\/arsad\/arsad2023\/\" target=\"_blank\" rel=\"noreferrer noopener\"><u><strong>ARSAD 2023<\/strong><\/u><\/a>&nbsp;(Advanced Research Seminar on Audio description), 20-21 d&#8217;abril de 2023.<\/li>\n\n\n\n<li><a href=\"https:\/\/webs.uab.cat\/videogamesaccess\/\" target=\"_blank\" rel=\"noreferrer noopener\"><u><strong>FUN FOR ALL<\/strong><\/u><\/a>, 2-3 de febrer de 2023.<\/li>\n\n\n\n<li><a href=\"https:\/\/webs.uab.cat\/transmedia\/gda\/\" target=\"_blank\" rel=\"noreferrer noopener\"><strong>GDA&nbsp;2022<\/strong>&nbsp;<\/a>(Green Digital Accessibility), 2&nbsp;de desembre de 2022.<\/li>\n\n\n\n<li><strong><u><a href=\"https:\/\/webs.uab.cat\/transmedia\/greenweek\/\" data-type=\"page\" data-id=\"362\" target=\"_blank\" rel=\"noreferrer noopener\">EU GREEN WEEK<\/a>,<\/u> <\/strong>esdeveniment participatiu a Barcelona, 30 de maig de 2022.<\/li>\n\n\n\n<li><u><strong><a href=\"https:\/\/webs.uab.cat\/transmedia\/born-accessible\" target=\"_blank\" rel=\"noreferrer noopener\">BORN ACCESSIBLE<\/a><\/strong><\/u>, un esdeveniment sobre accessibilitat digital al Parlament Europeu.&nbsp;<\/li>\n\n\n\n<li><strong><u><a href=\"https:\/\/webs.uab.cat\/transmedia\/la-caixa\/\" data-type=\"page\" data-id=\"311\" target=\"_blank\" rel=\"noreferrer noopener\">ATRAC<\/a><\/u><\/strong>,&nbsp;Fundaci\u00f3 la Caixa &#8211; Projectes de Reflexi\u00f3 al Palau Macaya 2020-2021: 1 d&#8217;octubre de 2020, 19 de novembre de 2020, 15 de maig de 2021 i 6 de juny de 2021.<\/li>\n\n\n\n<li><strong><u><a href=\"https:\/\/webs.uab.cat\/media4all9\/\" target=\"_blank\" rel=\"noreferrer noopener\">MEDIA FOR ALL<\/a><\/u>,<\/strong> 27, 28 i 29 de gener de 2021.<\/li>\n\n\n\n<li><strong><a href=\"https:\/\/webs.uab.cat\/arsad\/arsad2021\/\" data-type=\"link\" data-id=\"https:\/\/webs.uab.cat\/arsad\/arsad2021\/\" target=\"_blank\" rel=\"noreferrer noopener\"><span style=\"text-decoration: underline\"><u>ARSAD<\/u> 2021<\/span><\/a><\/strong> (Advanced Research Seminar in Audio Description), 26-27 de gener de 2021 (en l\u00ednia).<\/li>\n\n\n\n<li><u><strong><a href=\"https:\/\/lead-me-cost.eu\/events\/winterschool2020\/\">LEAD ME Winter Training School Barcelona 2020<\/a><\/strong><\/u>: Communication for all, 23-26 de novembre de 2020.<\/li>\n\n\n\n<li><u><strong><a href=\"https:\/\/webs.uab.cat\/livesubtitling\/\" target=\"_blank\" rel=\"noreferrer noopener\">7th International Symposium Live Subtitling<\/a><\/strong><\/u>, 5-6 de novembre de 2020.<\/li>\n\n\n\n<li><strong><u><a rel=\"noreferrer noopener\" href=\"https:\/\/webs.uab.cat\/act\/actunlimited-2-symposium\/\" target=\"_blank\">6th International Symposium on Accessibility and Live Subtitling&nbsp;&#8211; Milan 2018<\/a><\/u><\/strong><\/li>\n\n\n\n<li><a rel=\"noreferrer noopener\" href=\"https:\/\/webs.uab.cat\/act\/actunlimited-2-symposium\" target=\"_blank\"><strong><u>ACT\/Unlimited! 2 Symposium 2018<\/u><\/strong><\/a><\/li>\n\n\n\n<li><a rel=\"noreferrer noopener\" href=\"https:\/\/webs.uab.cat\/umaq\/umaq-conference\" target=\"_blank\"><strong><u>UMAQ<\/u><\/strong><\/a> 2018<\/li>\n\n\n\n<li><a role=\"link\" href=\"https:\/\/mapaccess.uab.cat\/news\/media-accessibility-platform-international-conference\" target=\"_blank\" rel=\"noopener\"><strong><u>MAPIC<\/u><\/strong><\/a><strong>&nbsp;<\/strong>2017. <a role=\"link\" href=\"https:\/\/www.mapaccess.org\/mapic-video\" target=\"_blank\" rel=\"noopener\"><strong><u>V\u00eddeo<\/u><\/strong><\/a>.<\/li>\n\n\n\n<li><a href=\"https:\/\/webs.uab.cat\/arsad\/past-seminars\" target=\"_blank\" rel=\"noreferrer noopener\"><strong><u>ARSAD<\/u><\/strong><\/a> 2007, 2009, 2011, 2013, 2015,&nbsp;2017 i 2019.<\/li>\n\n\n\n<li><a href=\"https:\/\/webs.uab.cat\/seminaricamilleri\/\" target=\"_blank\" rel=\"noreferrer noopener\"><strong><u>IV Seminar on Andrea Camilleri&#8217;s Work<\/u><\/strong><\/a><u>&nbsp;<\/u>(descarrega el<strong> <u><a role=\"link\" href=\"https:\/\/webs.uab.cat\/transmedia\/wp-content\/uploads\/sites\/282\/2017\/04\/2017-camilleri.pdf\" target=\"_blank\" rel=\"noopener\">fullet\u00f3<\/a><\/u><\/strong>)<\/li>\n\n\n\n<li><a role=\"link\" rel=\"noopener\" href=\"https:\/\/www.hbb4all.eu\/publications\/hbb4all-workshop-2015\/\" target=\"_blank\"><strong><u>HBB4ALL Workshop<\/u><\/strong><\/a>, Barcelona: 18\/03\/2015.<\/li>\n\n\n\n<li><a href=\"https:\/\/webs.uab.cat\/videogamesaccess\/\" target=\"_blank\" rel=\"noreferrer noopener\"><strong><u>International Conference on Translation and Accessibility in Games and Virtual Worlds<\/u><\/strong><\/a>. Fun for All. 2010, 2014, 2016 i 2018. 2020, cancel\u00b7lat.<\/li>\n\n\n\n<li><strong><u><a rel=\"noreferrer noopener\" href=\"https:\/\/webs.uab.cat\/livesubtitling\/live-subtitling-2013\/\" target=\"_blank\">4th International Symposium on Live Subtitling<\/a><\/u><\/strong>. Barcelona, 2013.<\/li>\n\n\n\n<li>II Jornadas sobre did\u00e1ctica online de traducci\u00f3n audiovisual y accesibilidad a los medios de comunicaci\u00f3n. UAB, 22\/06\/2010.<\/li>\n\n\n\n<li>Seminar on Eye-Tracking and Audiovisual Translation. UAB, 2008 i 2010.<\/li>\n\n\n\n<li>Jornada CEPACC. UAB, 21\/04\/2006.<\/li>\n<\/ol>\n\n\n\n<p><strong>Amb la participaci\u00f3 de TransMedia Catalonia<\/strong><\/p>\n\n\n\n<ol class=\"wp-block-list\">\n<li><a href=\"https:\/\/www.mediaforall.eu\/\" target=\"_blank\" rel=\"noreferrer noopener\"><strong><u>Media for All<\/u><\/strong><\/a>. 2005 Barcelona, 2007 Leiria, 2009 Anvers, 2011 Londres, 2013 Dubrovnik, 2015 Austr\u00e0lia, 2017 Qatar (cancel\u00b7lat), 2019 Estocolm, 2021 Anvers.<\/li>\n\n\n\n<li><strong><u>The Translation and Reception of Multilingual Films<\/u><\/strong>.Organitzat per EMMA &#8211; University of Montpellier 3 i CAIAC &#8211; Universitat Aut\u00f2noma de Barcelona.&nbsp;Montpellier, 15-16\/06\/12.<\/li>\n\n\n\n<li><u><a href=\"https:\/\/cambum.net\/Inclusive_ARVR\/\" target=\"_blank\" rel=\"noreferrer noopener\"><strong>CHI 2021<\/strong><\/a>,<\/u> Adaptive Accessible AR\/VR Systems,&nbsp;8-13 de maig de 2021.<\/li>\n\n\n\n<li><a href=\"https:\/\/webs.uab.cat\/transmedia\/mobileweek\/\" target=\"_blank\" rel=\"noreferrer noopener\"><u><strong>Mobile Week Matar\u00f3<\/strong><\/u>,<\/a> organitzat per TecnoCampus Matar\u00f3 &#8211; Universitat Pompeu Fabra, 7\/7\/21.<\/li>\n<\/ol>\n\n\n\n<h2 class=\"wp-block-heading\"><strong>Esdeveniments interns<\/strong><\/h2>\n\n\n\n<ul class=\"wp-block-list\">\n<li><strong><a href=\"https:\/\/webs.uab.cat\/transmedia\/tim\/\">TIM (TransMedia International Meeting)<\/a><\/strong><\/li>\n\n\n\n<li><strong><a href=\"https:\/\/webs.uab.cat\/transmedia\/events\/training-activities\/\" target=\"_blank\" rel=\"noreferrer noopener\">Activitats de formaci\u00f3 de Transmedia (internes)<\/a><\/strong><\/li>\n<\/ul>\n\n\n\n<p><\/p>\n\n\n\n<p>&nbsp;<\/p>\n","protected":false},"excerpt":{"rendered":"<p>TransMedia Catalonia organitza i participa com a soci en diverses confer\u00e8ncies sobre traducci\u00f3 audiovisual i accessibilitat als mitjans de comunicaci\u00f3. Propers esdeveniments Organitzats per membres de TransMedia Catalonia Amb la participaci\u00f3 de TransMedia Catalonia Esdeveniments passats Organitzats per membres de TransMedia Catalonia Amb la participaci\u00f3 de TransMedia Catalonia Esdeveniments interns &nbsp;<\/p>\n","protected":false},"author":20,"featured_media":0,"parent":0,"menu_order":0,"comment_status":"closed","ping_status":"closed","template":"","meta":{"footnotes":""},"class_list":["post-1959","page","type-page","status-publish","hentry"],"_links":{"self":[{"href":"https:\/\/webs.uab.cat\/transmedia\/ca\/wp-json\/wp\/v2\/pages\/1959","targetHints":{"allow":["GET"]}}],"collection":[{"href":"https:\/\/webs.uab.cat\/transmedia\/ca\/wp-json\/wp\/v2\/pages"}],"about":[{"href":"https:\/\/webs.uab.cat\/transmedia\/ca\/wp-json\/wp\/v2\/types\/page"}],"author":[{"embeddable":true,"href":"https:\/\/webs.uab.cat\/transmedia\/ca\/wp-json\/wp\/v2\/users\/20"}],"replies":[{"embeddable":true,"href":"https:\/\/webs.uab.cat\/transmedia\/ca\/wp-json\/wp\/v2\/comments?post=1959"}],"version-history":[{"count":11,"href":"https:\/\/webs.uab.cat\/transmedia\/ca\/wp-json\/wp\/v2\/pages\/1959\/revisions"}],"predecessor-version":[{"id":2622,"href":"https:\/\/webs.uab.cat\/transmedia\/ca\/wp-json\/wp\/v2\/pages\/1959\/revisions\/2622"}],"wp:attachment":[{"href":"https:\/\/webs.uab.cat\/transmedia\/ca\/wp-json\/wp\/v2\/media?parent=1959"}],"curies":[{"name":"wp","href":"https:\/\/api.w.org\/{rel}","templated":true}]}}

<p>TransMedia Catalonia organitza i participa com a soci en diverses conferències sobre traducció audiovisual i accessibilitat als mitjans de comunicació.</p>



<h2 class="wp-block-heading">Propers esdeveniments</h2>



<p><strong>Organitzats per membres de TransMedia Catalonia</strong></p>



<p><strong>Amb la participació de TransMedia Catalonia</strong></p>



<ul class="wp-block-list">
<li><strong><a href="https://www.m4all11.org/" data-type="link" data-id="https://www.m4all11.org/" target="_blank" rel="noreferrer noopener">Media4All11: Media for All International Conference 2025.</a></strong> &#8220;<strong>Breaking Barriers: Media Localisation in the Age of Global Platforms</strong>.&#8221; School of Chinese, The University of Hong Kong, 28-30 de maig de 2025</li>



<li><strong><a href="https://webs.uab.cat/livesubtitling/" data-type="link" data-id="https://webs.uab.cat/livesubtitling/" target="_blank" rel="noreferrer noopener">16th International Conference on Live Subtitling and Speech-To-Text Interpreting (ICoLS).</a> </strong>Leeds, 4 de juliol de 2025</li>



<li><strong><a href="https://english.swps.pl/we-the-university/our-news-and-events/conferences-and-seminars/34359-green-digital-accessibility-international-conference-2025#organizator" target="_blank" rel="noreferrer noopener">GDA 2025</a></strong> (Green Digital Accessibility). SWPS University, Varsòvia, 8-9 de setembre de 2025</li>
</ul>



<h2 class="wp-block-heading">Esdeveniments passats</h2>



<p><strong>Organitzats per membres de TransMedia Catalonia</strong></p>



<ol class="wp-block-list">
<li><strong><a href="https://webs.uab.cat/transmedia/gaad-2025/" data-type="link" data-id="https://webs.uab.cat/transmedia/gaad-2025/" target="_blank" rel="noreferrer noopener">GAAD 2025</a> </strong>(Global Accessibility Awareness Day), 15 May 2025.</li>



<li><a href="https://webs.uab.cat/arsad/" target="_blank" rel="noreferrer noopener"><strong>ARSAD 2025</strong></a> (Advanced Research Seminar on Audio Description), 20-21 de març de 2025</li>



<li><strong><a href="https://webs.uab.cat/videogamesaccess/" data-type="link" data-id="https://webs.uab.cat/videogamesaccess/">FUN FOR ALL</a></strong>, 30-31 de gener de 2025</li>



<li><a href="https://webs.uab.cat/gda/"><strong>GDA 2024</strong></a> (Green Digital Accessibility Conference), 2-3 de desembre de 2024</li>



<li><strong><a href="https://webs.uab.cat/transmedia/gaad-2024/" data-type="link" data-id="https://webs.uab.cat/transmedia/gaad-2024/" target="_blank" rel="noreferrer noopener">GAAD 2024 </a></strong>(Global Accessibility Awareness Day), 16 de maig de 2024</li>



<li><a href="https://webs.uab.cat/transmedia/education-day-2024/"><strong>“Smart and Accessible Tools for Education for Sustainable Development”</strong>, </a>24 de gener de 2024, Dia de l&#8217;educació, 13.00-14.30</li>



<li><a href="https://webs.uab.cat/gda/gda-2023/" target="_blank" rel="noreferrer noopener"><strong>GDA 2023 </strong></a>(Green Digital Accessibility), 30 de novembre &#8211; 1 de desembre de 2023.</li>



<li><a href="https://webs.uab.cat/transmedia/setmana-de-la-ciencia/"><strong>Setmana de la Ciència</strong></a>, 13 de novembre de 2023.</li>



<li><a href="https://webs.uab.cat/transmedia/greenweek2023/" target="_blank" rel="noreferrer noopener"><strong>Green Week 2023</strong></a>, 7de juny de 2023.</li>



<li><u><strong><a href="https://webs.uab.cat/livesubtitling/" target="_blank" rel="noopener">8th&nbsp;International Symposium Live Subtitling</a></strong></u>, 19 d&#8217;abril de 2023.</li>



<li><a href="https://webs.uab.cat/arsad/arsad2023/" data-type="link" data-id="https://webs.uab.cat/arsad/arsad2023/" target="_blank" rel="noreferrer noopener"><u><strong>ARSAD 2023</strong></u></a>&nbsp;(Advanced Research Seminar on Audio description), 20-21 d&#8217;abril de 2023.</li>



<li><a href="https://webs.uab.cat/videogamesaccess/" target="_blank" rel="noreferrer noopener"><u><strong>FUN FOR ALL</strong></u></a>, 2-3 de febrer de 2023.</li>



<li><a href="https://webs.uab.cat/transmedia/gda/" target="_blank" rel="noreferrer noopener"><strong>GDA&nbsp;2022</strong>&nbsp;</a>(Green Digital Accessibility), 2&nbsp;de desembre de 2022.</li>



<li><strong><u><a href="https://webs.uab.cat/transmedia/greenweek/" data-type="page" data-id="362" target="_blank" rel="noreferrer noopener">EU GREEN WEEK</a>,</u> </strong>esdeveniment participatiu a Barcelona, 30 de maig de 2022.</li>



<li><u><strong><a href="https://webs.uab.cat/transmedia/born-accessible" target="_blank" rel="noreferrer noopener">BORN ACCESSIBLE</a></strong></u>, un esdeveniment sobre accessibilitat digital al Parlament Europeu.&nbsp;</li>



<li><strong><u><a href="https://webs.uab.cat/transmedia/la-caixa/" data-type="page" data-id="311" target="_blank" rel="noreferrer noopener">ATRAC</a></u></strong>,&nbsp;Fundació la Caixa &#8211; Projectes de Reflexió al Palau Macaya 2020-2021: 1 d&#8217;octubre de 2020, 19 de novembre de 2020, 15 de maig de 2021 i 6 de juny de 2021.</li>



<li><strong><u><a href="https://webs.uab.cat/media4all9/" target="_blank" rel="noreferrer noopener">MEDIA FOR ALL</a></u>,</strong> 27, 28 i 29 de gener de 2021.</li>



<li><strong><a href="https://webs.uab.cat/arsad/arsad2021/" data-type="link" data-id="https://webs.uab.cat/arsad/arsad2021/" target="_blank" rel="noreferrer noopener"><span style="text-decoration: underline"><u>ARSAD</u> 2021</span></a></strong> (Advanced Research Seminar in Audio Description), 26-27 de gener de 2021 (en línia).</li>



<li><u><strong><a href="https://lead-me-cost.eu/events/winterschool2020/">LEAD ME Winter Training School Barcelona 2020</a></strong></u>: Communication for all, 23-26 de novembre de 2020.</li>



<li><u><strong><a href="https://webs.uab.cat/livesubtitling/" target="_blank" rel="noreferrer noopener">7th International Symposium Live Subtitling</a></strong></u>, 5-6 de novembre de 2020.</li>



<li><strong><u><a rel="noreferrer noopener" href="https://webs.uab.cat/act/actunlimited-2-symposium/" target="_blank">6th International Symposium on Accessibility and Live Subtitling&nbsp;&#8211; Milan 2018</a></u></strong></li>



<li><a rel="noreferrer noopener" href="https://webs.uab.cat/act/actunlimited-2-symposium" target="_blank"><strong><u>ACT/Unlimited! 2 Symposium 2018</u></strong></a></li>



<li><a rel="noreferrer noopener" href="https://webs.uab.cat/umaq/umaq-conference" target="_blank"><strong><u>UMAQ</u></strong></a> 2018</li>



<li><a role="link" href="https://mapaccess.uab.cat/news/media-accessibility-platform-international-conference" target="_blank" rel="noopener"><strong><u>MAPIC</u></strong></a><strong>&nbsp;</strong>2017. <a role="link" href="https://www.mapaccess.org/mapic-video" target="_blank" rel="noopener"><strong><u>Vídeo</u></strong></a>.</li>



<li><a href="https://webs.uab.cat/arsad/past-seminars" target="_blank" rel="noreferrer noopener"><strong><u>ARSAD</u></strong></a> 2007, 2009, 2011, 2013, 2015,&nbsp;2017 i 2019.</li>



<li><a href="https://webs.uab.cat/seminaricamilleri/" target="_blank" rel="noreferrer noopener"><strong><u>IV Seminar on Andrea Camilleri&#8217;s Work</u></strong></a><u>&nbsp;</u>(descarrega el<strong> <u><a role="link" href="https://webs.uab.cat/transmedia/wp-content/uploads/sites/282/2017/04/2017-camilleri.pdf" target="_blank" rel="noopener">fulletó</a></u></strong>)</li>



<li><a role="link" rel="noopener" href="https://www.hbb4all.eu/publications/hbb4all-workshop-2015/" target="_blank"><strong><u>HBB4ALL Workshop</u></strong></a>, Barcelona: 18/03/2015.</li>



<li><a href="https://webs.uab.cat/videogamesaccess/" target="_blank" rel="noreferrer noopener"><strong><u>International Conference on Translation and Accessibility in Games and Virtual Worlds</u></strong></a>. Fun for All. 2010, 2014, 2016 i 2018. 2020, cancel·lat.</li>



<li><strong><u><a rel="noreferrer noopener" href="https://webs.uab.cat/livesubtitling/live-subtitling-2013/" target="_blank">4th International Symposium on Live Subtitling</a></u></strong>. Barcelona, 2013.</li>



<li>II Jornadas sobre didáctica online de traducción audiovisual y accesibilidad a los medios de comunicación. UAB, 22/06/2010.</li>



<li>Seminar on Eye-Tracking and Audiovisual Translation. UAB, 2008 i 2010.</li>



<li>Jornada CEPACC. UAB, 21/04/2006.</li>
</ol>



<p><strong>Amb la participació de TransMedia Catalonia</strong></p>



<ol class="wp-block-list">
<li><a href="https://www.mediaforall.eu/" target="_blank" rel="noreferrer noopener"><strong><u>Media for All</u></strong></a>. 2005 Barcelona, 2007 Leiria, 2009 Anvers, 2011 Londres, 2013 Dubrovnik, 2015 Austràlia, 2017 Qatar (cancel·lat), 2019 Estocolm, 2021 Anvers.</li>



<li><strong><u>The Translation and Reception of Multilingual Films</u></strong>.Organitzat per EMMA &#8211; University of Montpellier 3 i CAIAC &#8211; Universitat Autònoma de Barcelona.&nbsp;Montpellier, 15-16/06/12.</li>



<li><u><a href="https://cambum.net/Inclusive_ARVR/" target="_blank" rel="noreferrer noopener"><strong>CHI 2021</strong></a>,</u> Adaptive Accessible AR/VR Systems,&nbsp;8-13 de maig de 2021.</li>



<li><a href="https://webs.uab.cat/transmedia/mobileweek/" target="_blank" rel="noreferrer noopener"><u><strong>Mobile Week Mataró</strong></u>,</a> organitzat per TecnoCampus Mataró &#8211; Universitat Pompeu Fabra, 7/7/21.</li>
</ol>



<h2 class="wp-block-heading"><strong>Esdeveniments interns</strong></h2>



<ul class="wp-block-list">
<li><strong><a href="https://webs.uab.cat/transmedia/tim/">TIM (TransMedia International Meeting)</a></strong></li>



<li><strong><a href="https://webs.uab.cat/transmedia/events/training-activities/" target="_blank" rel="noreferrer noopener">Activitats de formació de Transmedia (internes)</a></strong></li>
</ul>



<p></p>



<p>&nbsp;</p>

<p>TransMedia Catalonia organitza i participa com a soci en diverses conferències sobre traducció audiovisual i accessibilitat als mitjans de comunicació. Propers esdeveniments Organitzats per membres de TransMedia Catalonia Amb la participació de TransMedia Catalonia Esdeveniments passats Organitzats per membres de TransMedia Catalonia Amb la participació de TransMedia Catalonia Esdeveniments interns &nbsp;</p>
