{"id":1244,"date":"2024-04-12T16:11:13","date_gmt":"2024-04-12T14:11:13","guid":{"rendered":"https:\/\/webs.uab.cat\/transmedia\/?page_id=1244"},"modified":"2024-04-25T16:49:40","modified_gmt":"2024-04-25T14:49:40","slug":"gaad-2024","status":"publish","type":"page","link":"https:\/\/webs.uab.cat\/transmedia\/gaad-2024\/","title":{"rendered":"GAAD 2024"},"content":{"rendered":"\n<p><span style=\"font-size: 18px\"><span style=\"font-family: verdana,geneva,sans-serif\"><strong>Global Accessibility&nbsp;Awareness Day 2024<\/strong><\/span><\/span><\/p>\n\n\n\n<p><span style=\"font-size: 18px\"><span style=\"font-family: verdana,geneva,sans-serif\">Thursday May&nbsp;16th 202<\/span><\/span>4<\/p>\n\n\n\n<figure class=\"wp-block-image\"><img decoding=\"async\" src=\"https:\/\/webs.uab.cat\/transmedia\/wp-content\/uploads\/sites\/282\/2018\/05\/tm-gaad_copy.png\" alt=\"TransMedia Catalonia logo next to the GAAD logo\" \/><\/figure>\n\n\n\n<p><u><a href=\"https:\/\/globalaccessibilityawarenessday.org\/\" target=\"_blank\" rel=\"noreferrer noopener\">Global Accessibility Awareness Day&nbsp;(GAAD)<\/a><\/u>&nbsp;is an event celebrated every year worldwide aiming at raising&nbsp;awareness about&nbsp;the importance of digital accessibility in an increasingly diverse and inclusive society, leaving no one behind.<\/p>\n\n\n\n<p>This is the sixth year that TransMedia Catalonia participates in this international initiative. If you want to know more about previous editions activities organised by TMC, please click <a href=\"https:\/\/webs.uab.cat\/transmedia\/knowledge-transfer\/\" data-type=\"link\" data-id=\"https:\/\/webs.uab.cat\/transmedia\/knowledge-transfer\/\">here<\/a>.<\/p>\n\n\n\n<p>In 2024, TransMedia Catalonia celebrates GAAD 2024\u00a0with five activities:<\/p>\n\n\n\n<h2 class=\"wp-block-heading\">Dedicated session: &#8220;Jornada d&#8217;accessibilitat digital&#8221;<\/h2>\n\n\n\n<blockquote class=\"wp-block-quote is-layout-flow wp-block-quote-is-layout-flow\">\n<p><strong>Where?<\/strong> Escola d\u2019Administraci\u00f3 P\u00fablica de Catalunya (Carrer Girona, 20, Barcelona)<\/p>\n\n\n\n<p><strong>When?<\/strong> May 14, 2024, from 10.00 to 14.00 CEST (Catalan)<\/p>\n\n\n\n<p><strong>Who?<\/strong> Staff of the Generalitat departments and public sector entities<\/p>\n<\/blockquote>\n\n\n\n<p>Join us for a dedicated session tailored for Generalitat departments and public sector entities, designed to delve into the latest regulatory and technological advancements in accessibility, as well as explore future directions.<\/p>\n\n\n\n<p>Here&#8217;s what&#8217;s on the agenda:<\/p>\n\n\n\n<ol class=\"wp-block-list\">\n<li>Unveiling breakthroughs in accessibility and addressing remaining challenges.<\/li>\n\n\n\n<li>Shifting the perspective of accessibility from a mere component to an integral aspect, thus dismantling the segmentation prevalent in digital development.<\/li>\n\n\n\n<li>Dispelling the myth of accessibility as a dull and daunting obligation.<\/li>\n\n\n\n<li>Embracing emerging technologies such as the metaverse and AI as our allies.<\/li>\n<\/ol>\n\n\n\n<p>The session will be led by experts in the field including Anna Matamala, Director of AccessCat Network and lead researcher at TransMedia Catalonia (UAB); Horacio Saggion; Estel\u00b7la Oncins Noguer; Esther Pe\u00f1a, Deputy Director-General of Citizen Services; and Ester Manzano, General Director of Digital Services and Citizen Experience.<\/p>\n\n\n\n<div class=\"wp-block-buttons is-layout-flex wp-block-buttons-is-layout-flex\">\n<div class=\"wp-block-button\"><a class=\"wp-block-button__link wp-element-button\" href=\"https:\/\/atenciociutadana.gencat.cat\/ca\/detalls\/noticia\/jornada-accessibilitat-digital\" target=\"_blank\" rel=\"noreferrer noopener\">Register now!<\/a><\/div>\n<\/div>\n\n\n\n<h2 class=\"wp-block-heading\">Webinar: &#8220;Ensuring an Inclusive &amp; Accessible Green Transition&#8221;<\/h2>\n\n\n\n<blockquote class=\"wp-block-quote is-layout-flow wp-block-quote-is-layout-flow\">\n<p><strong>Where?&nbsp;<\/strong>Online<\/p>\n\n\n\n<p><strong>When?<\/strong> May 15, 2024, from 1.00 to 2.30 CEST <\/p>\n\n\n\n<p><strong>Who?<\/strong> Open to all<\/p>\n<\/blockquote>\n\n\n\n<p>This online event will explore strategies to make the green transition inclusive and accessible for everyone.<\/p>\n\n\n\n<p>Achieving sustainability requires environmental initiatives to be available to everyone, particularly those often marginalised. Our webinar will not only tackle significant environmental issues but also emphasise the need to consider gender, disabilities, age, cultures, and other intersectional factors in order to ensure a truly inclusive green transition.<\/p>\n\n\n\n<p>The event aims to promote an inclusive dialogue, amplifying diverse voices to ensure comprehensive participation in environmental matters. We will showcase practical, accessible solutions from projects like <a href=\"https:\/\/www.green-scent.eu\/\">GreenSCENT<\/a>, <a href=\"https:\/\/cordis.europa.eu\/project\/id\/101131220\">ClearClimate<\/a>, <a href=\"https:\/\/www.uu.nl\/en\/organisation\/developmental-psychology\/greenteens\">GreenTeens<\/a>, <a href=\"https:\/\/accting.eu\/\">Accting<\/a>, <a href=\"https:\/\/rethinkaction.eu\/\">Rethink Action<\/a>, and <a href=\"https:\/\/ichange-project.eu\/\">I-CHANGE<\/a>, which aims, through practical actions and tools, to promote an inclusive and accessible green transition for all.<\/p>\n\n\n\n<p>Don\u2019t miss this opportunity to join a movement toward an environmentally aware and accessible world!<\/p>\n\n\n\n<div class=\"wp-block-buttons is-layout-flex wp-block-buttons-is-layout-flex\">\n<div class=\"wp-block-button\"><a class=\"wp-block-button__link wp-element-button\" href=\"https:\/\/www.eventbrite.com\/e\/ensuring-an-inclusive-accessible-green-transition-tickets-880707478777\" target=\"_blank\" rel=\"noreferrer noopener\">Register now!<\/a><\/div>\n<\/div>\n\n\n\n<h2 class=\"wp-block-heading\">17th TransMedia International Meeting: &#8220;Creatividad artificial&#8221; \u00bfCu\u00e1l es el impacto de la inteligencia artificial en la creatividad humana?<\/h2>\n\n\n\n<blockquote class=\"wp-block-quote is-layout-flow wp-block-quote-is-layout-flow\">\n<p><strong>Where?<\/strong> Sala de Graus de la Facultat de Ci\u00e8ncies de l&#8217;Educaci\u00f3 (UAB)<\/p>\n\n\n\n<p><strong>When?<\/strong> 16 May, 2024, from 11.00 to 12:30 CEST (Spanish)<\/p>\n\n\n\n<p><strong>Who?<\/strong> Open to all<\/p>\n<\/blockquote>\n\n\n\n<p>Join us for our conference on &#8220;Creatividad artificial. \u00bfCu\u00e1l es el impacto de la inteligencia artificial en la creatividad humana?.&#8221; Explore the fascinating intersection of AI and creativity with <strong>Fernanda Rocha<\/strong>, CFO and founder of Blackbot, BlackSchool, and BCI, alongside <strong>Jon Black<\/strong>, CEO of BLACKBOT. With Fernanda&#8217;s expertise in digital marketing and strategic design, and Jon&#8217;s extensive experience in international design and innovation, this session promises to be enlightening. Don&#8217;t miss this opportunity to delve into the future of creativity in the digital age!<\/p>\n\n\n\n<p>Learn more about Fernanda Rocha at <a href=\"https:\/\/blackbot.rocks\/fernanda-rocha\/\"><a href=\"https:\/\/blackbot.rocks\/fernanda-rocha\/\">https:\/\/blackbot.rocks\/fernanda-rocha\/<\/a>\u00a0<\/a> and Jon Black at <a href=\"https:\/\/blackbot.rocks\/jon-black\/\">https:\/\/blackbot.rocks\/jon-black\/<\/a>\u00a0<\/p>\n\n\n\n<div class=\"wp-block-buttons is-layout-flex wp-block-buttons-is-layout-flex\">\n<div class=\"wp-block-button\"><a class=\"wp-block-button__link wp-element-button\" href=\"https:\/\/forms.office.com\/e\/eYtdiD7y7U\" target=\"_blank\" rel=\"noreferrer noopener\">register now!<\/a><\/div>\n<\/div>\n\n\n\n<h2 class=\"wp-block-heading\">Meeting with the AccessCat Network<\/h2>\n\n\n\n<blockquote class=\"wp-block-quote is-layout-flow wp-block-quote-is-layout-flow\">\n<p><strong>Where? <\/strong>Online<\/p>\n\n\n\n<p><strong>When? <\/strong>16 May, 2024, from 16:00 to 17:00 CEST (Catalan)<\/p>\n\n\n\n<p><strong>Who?<\/strong> Only for entities affiliated to AccessCat<\/p>\n<\/blockquote>\n\n\n\n<p>AccessCat invites its <a href=\"https:\/\/accesscat.net\/ca\/accesscat\/qui-som\" data-type=\"link\" data-id=\"https:\/\/accesscat.net\/ca\/accesscat\/qui-som\" target=\"_blank\" rel=\"noreferrer noopener\">affiliated entities<\/a> to a meeting to get to know each other and share experiences related to accessibility and the research carried out by the network&#8217;s research groups.<\/p>\n\n\n\n<div class=\"wp-block-buttons is-layout-flex wp-block-buttons-is-layout-flex\">\n<div class=\"wp-block-button\"><a class=\"wp-block-button__link wp-element-button\" href=\"https:\/\/forms.office.com\/pages\/responsepage.aspx?id=KUxRa5EjMUi3dITzXEW_AaIPj2VBsrNBpxRNRHV804FUNEJBTEJPMjFSN0E2RllDN1pGTTFPQzAwUC4u\" target=\"_blank\" rel=\"noreferrer noopener\">register now!<\/a><\/div>\n<\/div>\n\n\n\n<h2 class=\"wp-block-heading\"><strong>CROMA visit<\/strong>: \u201cVeure-hi amb les orelles, sentir-hi amb els ulls\u201d <\/h2>\n\n\n\n<blockquote class=\"wp-block-quote is-layout-flow wp-block-quote-is-layout-flow\">\n<p><strong>Where?&nbsp;<\/strong>Faculty of Translation and Interpreting<\/p>\n\n\n\n<p><strong>When?<\/strong> 21 May, 2024<\/p>\n\n\n\n<p><strong>Who?<\/strong> Only for CROMA participants<\/p>\n<\/blockquote>\n\n\n\n<p>TMC has designed the activity \u201cVeure-hi amb les orelles, sentir-hi amb els ulls\u201d (Listening with your ears, seeing with your eyes) as part of the&nbsp;<a href=\"https:\/\/www.uab.cat\/web\/voluntariat\/programes-socioeducatius\/programa-croma-2-0-1345773519106.html\" target=\"_blank\" rel=\"noreferrer noopener\">CROMA programme<\/a>&nbsp;(Fundaci\u00f3 Aut\u00f2noma Solid\u00e0ria). Children in schools in the area surrounding&nbsp;UAB have been working on co-creating 360\u00ba videos and have learned about accessibility services. On 21 May they will visit our research team at the university to show&nbsp;the results from their workshops. We will prepare some activities for them to continue raising awareness about accessibility.&nbsp;<\/p>\n\n\n\n<p><\/p>\n","protected":false},"excerpt":{"rendered":"<p>Global Accessibility&nbsp;Awareness Day 2024 Thursday May&nbsp;16th 2024 Global Accessibility Awareness Day&nbsp;(GAAD)&nbsp;is an event celebrated every year worldwide aiming at raising&nbsp;awareness about&nbsp;the importance of digital accessibility in an increasingly diverse and inclusive society, leaving no one behind. This is the sixth year that TransMedia Catalonia participates in this international initiative. If you want to know more [&hellip;]<\/p>\n","protected":false},"author":368,"featured_media":0,"parent":0,"menu_order":0,"comment_status":"closed","ping_status":"closed","template":"","meta":{"footnotes":""},"class_list":["post-1244","page","type-page","status-publish","hentry"],"_links":{"self":[{"href":"https:\/\/webs.uab.cat\/transmedia\/wp-json\/wp\/v2\/pages\/1244","targetHints":{"allow":["GET"]}}],"collection":[{"href":"https:\/\/webs.uab.cat\/transmedia\/wp-json\/wp\/v2\/pages"}],"about":[{"href":"https:\/\/webs.uab.cat\/transmedia\/wp-json\/wp\/v2\/types\/page"}],"author":[{"embeddable":true,"href":"https:\/\/webs.uab.cat\/transmedia\/wp-json\/wp\/v2\/users\/368"}],"replies":[{"embeddable":true,"href":"https:\/\/webs.uab.cat\/transmedia\/wp-json\/wp\/v2\/comments?post=1244"}],"version-history":[{"count":23,"href":"https:\/\/webs.uab.cat\/transmedia\/wp-json\/wp\/v2\/pages\/1244\/revisions"}],"predecessor-version":[{"id":1275,"href":"https:\/\/webs.uab.cat\/transmedia\/wp-json\/wp\/v2\/pages\/1244\/revisions\/1275"}],"wp:attachment":[{"href":"https:\/\/webs.uab.cat\/transmedia\/wp-json\/wp\/v2\/media?parent=1244"}],"curies":[{"name":"wp","href":"https:\/\/api.w.org\/{rel}","templated":true}]}}