{"id":262,"date":"2018-05-10T22:59:52","date_gmt":"2018-05-10T20:59:52","guid":{"rendered":"https:\/\/webs.uab.cat\/transmedia\/gaad\/"},"modified":"2024-04-12T16:13:45","modified_gmt":"2024-04-12T14:13:45","slug":"gaad-2023","status":"publish","type":"page","link":"https:\/\/webs.uab.cat\/transmedia\/gaad-2023\/","title":{"rendered":"GAAD 2023"},"content":{"rendered":"\n<p><span style=\"font-size: 18px\"><span style=\"font-family: verdana,geneva,sans-serif\"><strong>Global Accessibility&nbsp;Awareness Day 2023<\/strong><\/span><\/span><\/p>\n\n\n\n<p><span style=\"font-size: 18px\"><span style=\"font-family: verdana,geneva,sans-serif\">Thursday May&nbsp;18th 2023<\/span><\/span><\/p>\n\n\n\n<figure class=\"wp-block-image\"><img loading=\"lazy\" decoding=\"async\" width=\"698\" height=\"354\" src=\"https:\/\/webs.uab.cat\/transmedia\/wp-content\/uploads\/sites\/282\/2018\/05\/tm-gaad_copy.png\" alt=\"TransMedia Catalonia logo next to the GAAD logo\" class=\"wp-image-261\" srcset=\"https:\/\/webs.uab.cat\/transmedia\/wp-content\/uploads\/sites\/282\/2018\/05\/tm-gaad_copy.png 698w, https:\/\/webs.uab.cat\/transmedia\/wp-content\/uploads\/sites\/282\/2018\/05\/tm-gaad_copy-300x152.png 300w\" sizes=\"auto, (max-width: 698px) 100vw, 698px\" \/><\/figure>\n\n\n\n<p class=\"has-text-align-center\"><\/p>\n\n\n\n<p><u><a href=\"https:\/\/globalaccessibilityawarenessday.org\/\" target=\"_blank\" rel=\"noreferrer noopener\">Global Accessibility Awareness Day&nbsp;(GAAD)<\/a><\/u>&nbsp;is an event that is celebrated every year around the world and aims to raise&nbsp;awareness about&nbsp;the importance of digital accessibility in an increasingly diverse and inclusive society, leaving no one behind.<\/p>\n\n\n\n<p>This is the fifth year that TransMedia Catalonia participates in this international initiative. In <u><a href=\"https:\/\/webs.uab.cat\/transmedia\/gaad-2019\/\" data-type=\"page\" data-id=\"307\" target=\"_blank\" rel=\"noreferrer noopener\">GAAD\u00a02019<\/a><\/u>, TransMedia Catalonia opened the doors of its laboratory to the\u00a0public to demonstrate the different accessibility services and modalities in which the group works. In <u><a href=\"https:\/\/webs.uab.cat\/alma\" target=\"_blank\" rel=\"noreferrer noopener\">GAAD\u00a02020,<\/a><\/u> the research group contributed online in the form of\u00a0a playlist of accessible videos explaining the group&#8217;s various projects with integrated audio description and captions. In <u><a href=\"https:\/\/webs.uab.cat\/transmedia\/gaad-2021\/\" data-type=\"page\" data-id=\"359\" target=\"_blank\" rel=\"noreferrer noopener\">GAAD\u00a02021<\/a><\/u>, we offered an immersive accessibility showcase and launched the stable version of the <a href=\"https:\/\/mapaccess.uab.cat\/\" target=\"_blank\" rel=\"noopener\"><u>MAP platform<\/u><\/a>. In <a href=\"https:\/\/webs.uab.cat\/transmedia\/gaad-2022\/\">GAAD 2022<\/a>, we offered three activities: we opened our lab, we launched new accessibility courses, and welcome more than 60 children to the university for an accessibility-related activity.<\/p>\n\n\n\n<p>In 2023, TransMedia Catalonia celebrates GAAD 2023&nbsp;with different activities that will be posted here.<\/p>\n\n\n\n<p><\/p>\n\n\n\n<h2 class=\"wp-block-heading\">Accessibility meets Sustainability, 18th of May 2023, 2.00 &#8211; 3.30 pm &#8211; Online<\/h2>\n\n\n\n<p><a href=\"https:\/\/webs.uab.cat\/transmedia\/\">Transmedia Catalonia<\/a> is hosting a webinar on May 18th at 2:00 pm to discuss the relationship between <strong>Digital Accessibility and Sustainability<\/strong>. Speakers will present their research on different aspects of accessibility and sustainability, including <strong>universal design, easy-to-read content, and accessible and sustainable events<\/strong>. <\/p>\n\n\n\n<p>During the webinar, participants will have the opportunity to delve into the concept of <strong>Green Digital Accessibility<\/strong> and get insights into the upcoming conference scheduled for November 30th and December 1st, 2023 (<a href=\"https:\/\/webs.uab.cat\/gda\/\">GDA 2023<\/a>), which will address this topic. <\/p>\n\n\n\n<p>This webinar is an excellent chance to gain a deeper understanding of the importance of <strong>making the digital world accessible and sustainable for everyone<\/strong>. If you&#8217;re interested in this topic, make sure to join the webinar and get inspired!<\/p>\n\n\n\n<p><strong>Our Speakers<\/strong>&#8216; presentations<\/p>\n\n\n\n<div class=\"wp-block-group\"><div class=\"wp-block-group__inner-container is-layout-flow wp-block-group-is-layout-flow\">\n<ul class=\"wp-block-list\">\n<li><strong><a href=\"https:\/\/zenodo.org\/record\/7944369#.ZGSsUnZBzIU\">Accessibility Meets Sustainability<\/a><\/strong>. Sarah McDonagh<\/li>\n\n\n\n<li><strong><a href=\"https:\/\/zenodo.org\/record\/7937149#.ZGIb6nZBzIU\">Universal and ecological design in Media Accessibility<\/a><\/strong>. Irene Hermosa Ram\u00edrez<\/li>\n\n\n\n<li><a href=\"https:\/\/zenodo.org\/record\/7937181#.ZGIdpXZBzIU\"><strong>Are Easy Language websites greener?<\/strong>  <\/a>Mariona Gonz\u00e1lez-Sord\u00e9<\/li>\n\n\n\n<li><strong><a href=\"https:\/\/zenodo.org\/record\/7937179#.ZGIc0HZBzIU\">Green conferences for all: An approach to accessible and sustainable events<\/a><\/strong>. Marta Brescia-Zapata<\/li>\n<\/ul>\n<\/div><\/div>\n\n\n\n<div class=\"wp-block-buttons is-layout-flex wp-block-buttons-is-layout-flex\">\n<div class=\"wp-block-button is-style-outline is-style-outline--1\"><a class=\"wp-block-button__link wp-element-button\" href=\"https:\/\/www.eventbrite.com\/e\/global-accessibility-awareness-day-accessibility-meets-sustainability-tickets-629859545857\">check out the agenda and REGISTER NOW!<\/a><\/div>\n<\/div>\n\n\n\n<h2 class=\"wp-block-heading\">Online event in Catalan: &#8220;Vine a con\u00e8ixer la Xarxa AccessCat, la Xarxa d&#8217;Innovaci\u00f3 en Accessibilitat de Catalunya&#8221;, 18\/05\/23, 4 pm &#8211; Online \/ In Catalan<\/h2>\n\n\n\n<p>Us convidem a la presentaci\u00f3 oficial de la Xarxa AccessCat (Xarxa d&#8217;Innovaci\u00f3 en Accessibilitat de Catalunya: Mitjans, Educaci\u00f3 i Cultura). La Xarxa AccessCat, que agrupa 12 grups de recerca de 8 institucions catalanes, pret\u00e9n estr\u00e8nyer els vincles entre universitat, empresa i societat, i esdevenir un referent en accessibilitat a la informaci\u00f3 i la comunicaci\u00f3 a Catalunya.<\/p>\n\n\n\n<p>Us esperem en aquesta trobada en l\u00ednia per explicar-vos quins s\u00f3n els objectius de la xarxa i les actuacions previstes. Tamb\u00e9 ser\u00e0 una bona ocasi\u00f3 perqu\u00e8 ens feu arribar les vostres necessitats i idees, i puguem treballar plegats per trobar solucions innovadores en comunicaci\u00f3 accessible.<\/p>\n\n\n\n<p>Hi haur\u00e0 interpretaci\u00f3 en Llengua de Signes Catalana (LSC) i subtitulaci\u00f3 en directe.<\/p>\n\n\n\n<p>Durada aproximada de la sessi\u00f3: 30 minuts.<\/p>\n\n\n\n<p>P\ufeffer a m\u00e9s informaci\u00f3 podeu escriure a&nbsp;<a href=\"https:\/\/xarxa.accesscat@uab.cat\/\" rel=\"noreferrer noopener\" target=\"_blank\">xarxa.accesscat@uab.cat<\/a>.<\/p>\n\n\n\n<p><strong><a href=\"https:\/\/statics.teams.cdn.office.net\/evergreen-assets\/safelinks\/1\/atp-safelinks.html?url=https%3A%2F%2Fwww.eventbrite.com%2Fe%2Fvine-a-coneixer-la-xarxa-accesscat-la-xarxa-dinnovacio-en-accessibilitat-tickets-632630112697&amp;locale=ca-es&amp;dest=https%3A%2F%2Fteams.microsoft.com%2Fapi%2Fmt%2Femea%2Fbeta%2Fatpsafelinks%2Fgeturlreputationsitev2%2F&amp;pc=w89o0SxqGIC106ZXOGEjgNC75lbRpWJZqeGOMMYvulMDY3%252fS5qEroESaYbFUUIoBcFoFS5VMgFZPOwrlsgE%252f5OYApOOqOJ7njC%252b96gzCGF9v2d7G203T5rA0Ba1g%252bZqujwfGO21xv1h3bqrnFKWAB1qq%252fUxWVH9VxRThdmtXTsKsS2R6EvGa7MJxSXGQxzQQ3dnp9onqpQyS%252bW60x2aKyevPR8ALKGFgudy2Bu65gIVtPOfUxtp7%252bRMig4P2bRhtMS%252feww1PbIKagRh91LGKBXxYzsjIUG9mBoMcC1OAD8hUglqWaNNfYCfeE9cY8313x945kesl9W0V7G9FzlEIxLf%252fEVj6ZHIZVKIDG6Mabe0khdGWdtkMxu1xQ9vLi8Xe6bUWbCQM%252fNTxTju5D22C0BTdbYefjy0UQ9xIU5HSuMqxbwcHZ1sC0TS1Hwf74C5EtlfQwdOURkpviqbF6uZBRPMBK%252fe%252f5hF2SxUQi9bcGw2Oyj7LloXcJzSvRDGuzAKOXVvnbsHs92i9IeJy4pFgqtJ8mPcXuvWxpQ5Ri68BbvIAPYCWM5QesxNsS1CznL1LXxxM%252fu6HQJ7LzF46%252bLDeJ0SJ5Zatxh%252bVRdLGgmzFYCTYEQ7Fa770nlUpTXnFL5ZYEeO1FYr72oAoY3hLiKUg9c2AXRYGVIqgGokZnnzrgJqj21i5wJG7Z1qjBevxk1UCgFQ7vAEHYyamb4dpLdkgd%252b23yKWJ3cMN%252fAVTZRNxErn8QHXilXWsHzUrEmphYivj9ibA%252brqruj06Gz07RJFEuKmwp%252b3t%252buG3lykn72EVVz2s4nz3tyJOIQdtgpzq0fuahtlFEcloUFGh3daErfUVIcgyaP3PkfmrAsrbDmnKvWG3ieDu9gj4GROBH1PMwGDeeVQXwY6Un29wcgpdkR7VmqnGtiAtstyZB3wxi09joWWvdKkcEAQ2QiTq75Svwoeg1%252f9wBS5FB3eMr0zwPsKG%252f8vJqiWb9rdqN7Jdx3c%252fNcJbNPSy6uKYwRhPGOybHL0qMklN7%252f%252fMaY8cZsKwp3z%252fIrafi0pCsHGCPrGh5S3kRSQOvSokEQZ9xd1TfnX59z2h%252fclr3qUKR61s1Yaz9%252biLRMcEv8vu9%252fbnw4VeSSqELbplYsseuDUAs8jsjyRHHWC%252fFvOSmPg20aGcnyQvqVlA3txcK5DCIuV%252fgL38XCthGVHrjbC1BP4fuZoLLVEq75Cx%252fZekLIbz0DxNFxjIs7BuboYGlN6j1WhjunhvzUa%252fa9T6iBUXq3m2Gl8tcXUFob%252ffzzG5yeZtXce3bwpcUH5pqEJreJWOx38brlGT95rmlhpuL9NszVK6syRHeVojw7CUm5YWz47K924Xa9fkM3OhG0rAMtY0MUM%252fb7tjKy9VFtHlhg3yf%252bYmzra3EPUplpuCrkDyYtJvawIy7bzGwUSXh%252f%252bwsHfUku32lIEXbjaZ6wGeSu5fUqU7zNDLewIJzYzFx7PJ8QdViNDywPuOtgwis%252bcWd89Xr25%252byerHsf5rHfCD%252f5OoHbgvcJgjGhwHX2YluPPfsMB0ouQ6Df%252f2E%252bj6%252b9rnjkonx21J9rRtpTGGFBcaoYk37hPGrhzTjVA1ZCDKSD96dH9fx3bx0eIZmV5IY%252fg8DkKjMKSq%252fS0qYDutP9Su%252fI2T0sUdwxGcU5QWvaPPt1ge01sUOdaRsjVpNsZu9aFkass%252bXvsCYru5D%252fwsv9kEMWvExBuxE9SM0ADLiJ37Puw8UrQ61slUTW4zsG3woEYhFUGnNCbkAPkrntZBRYV1FnpbeInpRLuVVq6jD5Pt%3B%20expires%3DWed%2C%2010%20May%202023%2011%3A46%3A10%20GMT%3B%20path%3D%2F&amp;wau=https%3A%2F%2Feur02.safelinks.protection.outlook.com%2FGetUrlReputation&amp;si=1683555164026%3B1683555164026%3B19%3A658f0fa2-b241-41b3-a714-4d44757cd381_76e6125f-87b4-439e-9a08-842288c7922e%40unq.gbl.spaces&amp;sd=%7BconvId%3A%2019%3A658f0fa2-b241-41b3-a714-4d44757cd381_76e6125f-87b4-439e-9a08-842288c7922e%40unq.gbl.spaces%2C%20messageId%3A%201683555164026%7D&amp;ce=prod&amp;cv=28%2F23040202705&amp;ssid=d9c1d151-cbd0-ea89-bf0a-eb6e356b2a29&amp;ring=general&amp;clickparams=eyJBcHBOYW1lIjoiVGVhbXMtRGVza3RvcCIsIkFwcFZlcnNpb24iOiIyOC8yMzA0MDIwMjcwNSIsIkhhc0ZlZGVyYXRlZFVzZXIiOmZhbHNlfQ==&amp;bg=%23f0f0f0&amp;fg=%23242424&amp;fg2=%239092c1\" data-type=\"URL\" data-id=\"https:\/\/statics.teams.cdn.office.net\/evergreen-assets\/safelinks\/1\/atp-safelinks.html?url=https%3A%2F%2Fwww.eventbrite.com%2Fe%2Fvine-a-coneixer-la-xarxa-accesscat-la-xarxa-dinnovacio-en-accessibilitat-tickets-632630112697&amp;locale=ca-es&amp;dest=https%3A%2F%2Fteams.microsoft.com%2Fapi%2Fmt%2Femea%2Fbeta%2Fatpsafelinks%2Fgeturlreputationsitev2%2F&amp;pc=w89o0SxqGIC106ZXOGEjgNC75lbRpWJZqeGOMMYvulMDY3%252fS5qEroESaYbFUUIoBcFoFS5VMgFZPOwrlsgE%252f5OYApOOqOJ7njC%252b96gzCGF9v2d7G203T5rA0Ba1g%252bZqujwfGO21xv1h3bqrnFKWAB1qq%252fUxWVH9VxRThdmtXTsKsS2R6EvGa7MJxSXGQxzQQ3dnp9onqpQyS%252bW60x2aKyevPR8ALKGFgudy2Bu65gIVtPOfUxtp7%252bRMig4P2bRhtMS%252feww1PbIKagRh91LGKBXxYzsjIUG9mBoMcC1OAD8hUglqWaNNfYCfeE9cY8313x945kesl9W0V7G9FzlEIxLf%252fEVj6ZHIZVKIDG6Mabe0khdGWdtkMxu1xQ9vLi8Xe6bUWbCQM%252fNTxTju5D22C0BTdbYefjy0UQ9xIU5HSuMqxbwcHZ1sC0TS1Hwf74C5EtlfQwdOURkpviqbF6uZBRPMBK%252fe%252f5hF2SxUQi9bcGw2Oyj7LloXcJzSvRDGuzAKOXVvnbsHs92i9IeJy4pFgqtJ8mPcXuvWxpQ5Ri68BbvIAPYCWM5QesxNsS1CznL1LXxxM%252fu6HQJ7LzF46%252bLDeJ0SJ5Zatxh%252bVRdLGgmzFYCTYEQ7Fa770nlUpTXnFL5ZYEeO1FYr72oAoY3hLiKUg9c2AXRYGVIqgGokZnnzrgJqj21i5wJG7Z1qjBevxk1UCgFQ7vAEHYyamb4dpLdkgd%252b23yKWJ3cMN%252fAVTZRNxErn8QHXilXWsHzUrEmphYivj9ibA%252brqruj06Gz07RJFEuKmwp%252b3t%252buG3lykn72EVVz2s4nz3tyJOIQdtgpzq0fuahtlFEcloUFGh3daErfUVIcgyaP3PkfmrAsrbDmnKvWG3ieDu9gj4GROBH1PMwGDeeVQXwY6Un29wcgpdkR7VmqnGtiAtstyZB3wxi09joWWvdKkcEAQ2QiTq75Svwoeg1%252f9wBS5FB3eMr0zwPsKG%252f8vJqiWb9rdqN7Jdx3c%252fNcJbNPSy6uKYwRhPGOybHL0qMklN7%252f%252fMaY8cZsKwp3z%252fIrafi0pCsHGCPrGh5S3kRSQOvSokEQZ9xd1TfnX59z2h%252fclr3qUKR61s1Yaz9%252biLRMcEv8vu9%252fbnw4VeSSqELbplYsseuDUAs8jsjyRHHWC%252fFvOSmPg20aGcnyQvqVlA3txcK5DCIuV%252fgL38XCthGVHrjbC1BP4fuZoLLVEq75Cx%252fZekLIbz0DxNFxjIs7BuboYGlN6j1WhjunhvzUa%252fa9T6iBUXq3m2Gl8tcXUFob%252ffzzG5yeZtXce3bwpcUH5pqEJreJWOx38brlGT95rmlhpuL9NszVK6syRHeVojw7CUm5YWz47K924Xa9fkM3OhG0rAMtY0MUM%252fb7tjKy9VFtHlhg3yf%252bYmzra3EPUplpuCrkDyYtJvawIy7bzGwUSXh%252f%252bwsHfUku32lIEXbjaZ6wGeSu5fUqU7zNDLewIJzYzFx7PJ8QdViNDywPuOtgwis%252bcWd89Xr25%252byerHsf5rHfCD%252f5OoHbgvcJgjGhwHX2YluPPfsMB0ouQ6Df%252f2E%252bj6%252b9rnjkonx21J9rRtpTGGFBcaoYk37hPGrhzTjVA1ZCDKSD96dH9fx3bx0eIZmV5IY%252fg8DkKjMKSq%252fS0qYDutP9Su%252fI2T0sUdwxGcU5QWvaPPt1ge01sUOdaRsjVpNsZu9aFkass%252bXvsCYru5D%252fwsv9kEMWvExBuxE9SM0ADLiJ37Puw8UrQ61slUTW4zsG3woEYhFUGnNCbkAPkrntZBRYV1FnpbeInpRLuVVq6jD5Pt%3B%20expires%3DWed%2C%2010%20May%202023%2011%3A46%3A10%20GMT%3B%20path%3D%2F&amp;wau=https%3A%2F%2Feur02.safelinks.protection.outlook.com%2FGetUrlReputation&amp;si=1683555164026%3B1683555164026%3B19%3A658f0fa2-b241-41b3-a714-4d44757cd381_76e6125f-87b4-439e-9a08-842288c7922e%40unq.gbl.spaces&amp;sd=%7BconvId%3A%2019%3A658f0fa2-b241-41b3-a714-4d44757cd381_76e6125f-87b4-439e-9a08-842288c7922e%40unq.gbl.spaces%2C%20messageId%3A%201683555164026%7D&amp;ce=prod&amp;cv=28%2F23040202705&amp;ssid=d9c1d151-cbd0-ea89-bf0a-eb6e356b2a29&amp;ring=general&amp;clickparams=eyJBcHBOYW1lIjoiVGVhbXMtRGVza3RvcCIsIkFwcFZlcnNpb24iOiIyOC8yMzA0MDIwMjcwNSIsIkhhc0ZlZGVyYXRlZFVzZXIiOmZhbHNlfQ==&amp;bg=%23f0f0f0&amp;fg=%23242424&amp;fg2=%239092c1\">ENLLA\u00c7 PER A LES INSCRIPCIONS<\/a> <\/strong><\/p>\n\n\n\n<p><\/p>\n\n\n\n<h2 class=\"wp-block-heading\"><\/h2>\n\n\n\n<div class=\"wp-block-media-text alignwide is-stacked-on-mobile\"><figure class=\"wp-block-media-text__media\"><\/figure><div class=\"wp-block-media-text__content\">\n<p class=\"has-large-font-size\"><\/p>\n<\/div><\/div>\n","protected":false},"excerpt":{"rendered":"<p>Global Accessibility&nbsp;Awareness Day 2023 Thursday May&nbsp;18th 2023 Global Accessibility Awareness Day&nbsp;(GAAD)&nbsp;is an event that is celebrated every year around the world and aims to raise&nbsp;awareness about&nbsp;the importance of digital accessibility in an increasingly diverse and inclusive society, leaving no one behind. This is the fifth year that TransMedia Catalonia participates in this international initiative. In [&hellip;]<\/p>\n","protected":false},"author":20,"featured_media":0,"parent":0,"menu_order":0,"comment_status":"closed","ping_status":"closed","template":"","meta":{"footnotes":""},"class_list":["post-262","page","type-page","status-publish","hentry"],"_links":{"self":[{"href":"https:\/\/webs.uab.cat\/transmedia\/wp-json\/wp\/v2\/pages\/262","targetHints":{"allow":["GET"]}}],"collection":[{"href":"https:\/\/webs.uab.cat\/transmedia\/wp-json\/wp\/v2\/pages"}],"about":[{"href":"https:\/\/webs.uab.cat\/transmedia\/wp-json\/wp\/v2\/types\/page"}],"author":[{"embeddable":true,"href":"https:\/\/webs.uab.cat\/transmedia\/wp-json\/wp\/v2\/users\/20"}],"replies":[{"embeddable":true,"href":"https:\/\/webs.uab.cat\/transmedia\/wp-json\/wp\/v2\/comments?post=262"}],"version-history":[{"count":21,"href":"https:\/\/webs.uab.cat\/transmedia\/wp-json\/wp\/v2\/pages\/262\/revisions"}],"predecessor-version":[{"id":1250,"href":"https:\/\/webs.uab.cat\/transmedia\/wp-json\/wp\/v2\/pages\/262\/revisions\/1250"}],"wp:attachment":[{"href":"https:\/\/webs.uab.cat\/transmedia\/wp-json\/wp\/v2\/media?parent=262"}],"curies":[{"name":"wp","href":"https:\/\/api.w.org\/{rel}","templated":true}]}}