{"id":311,"date":"2020-05-11T10:53:44","date_gmt":"2020-05-11T08:53:44","guid":{"rendered":"https:\/\/webs.uab.cat\/transmedia\/la-caixa\/"},"modified":"2022-11-22T11:58:43","modified_gmt":"2022-11-22T09:58:43","slug":"la-caixa","status":"publish","type":"page","link":"https:\/\/webs.uab.cat\/transmedia\/la-caixa\/","title":{"rendered":"ATRAC &#8211; Projectes de Reflexi\u00f3 al Palau Macaya 2020-2021, funded by Fundaci\u00f3 la Caixa."},"content":{"rendered":"\n<figure class=\"wp-block-image\"><img loading=\"lazy\" decoding=\"async\" width=\"800\" height=\"555\" src=\"https:\/\/webs.uab.cat\/transmedia\/wp-content\/uploads\/sites\/282\/2020\/05\/logo_atrac_fons_color.jpeg\" alt=\"logo_atrac_fons_color.jpeg\" class=\"wp-image-310\" srcset=\"https:\/\/webs.uab.cat\/transmedia\/wp-content\/uploads\/sites\/282\/2020\/05\/logo_atrac_fons_color.jpeg 800w, https:\/\/webs.uab.cat\/transmedia\/wp-content\/uploads\/sites\/282\/2020\/05\/logo_atrac_fons_color-300x208.jpeg 300w, https:\/\/webs.uab.cat\/transmedia\/wp-content\/uploads\/sites\/282\/2020\/05\/logo_atrac_fons_color-768x533.jpeg 768w\" sizes=\"auto, (max-width: 800px) 100vw, 800px\" \/><\/figure>\n\n\n\n<p><\/p>\n\n\n\n<p><span style=\"font-size: 20px;\"><strong><em>ATRAC &#8211; Projectes de Reflexi\u00f3&nbsp;al&nbsp;Palau Macaya 2020-2021, funded by Fundaci\u00f3 la <\/em><\/strong><strong><em>Caixa<\/em><\/strong>&nbsp;<\/span><\/p>\n\n\n\n<p><span style=\"font-size: 18px;\">Workshops and&nbsp;debates&nbsp;at Palau Macaya, 2020-2021<\/span><\/p>\n\n\n\n<p>A call to fund proposals is held every year by <a href=\"https:\/\/palaumacaya.org\/es\/p\/convocatoria-de-proyectos-de-reflexion_a12386107\">Fundaci\u00f3 la Caixa<\/a> with the aim of fostering dialogue and reflection on the subject of human development and sustainability. The TransMedia Catalonia research group at Universitat Aut\u00f2noma de Barcelona won the proposal named \u2018ATRAC\u2019 based on their H2020 EU funded projects <a href=\"https:\/\/www.traction-project.eu\/\">TRACTION<\/a> and <a href=\"https:\/\/so-close.eu\/\">SO-CLOSE<\/a>. The ATRAC proposal seeks to foster debate between different agents working for the reception of migrants in order to find a shared challenge and evaluate the impact of new technologies on designing and testing new models of interaction. To this end, international experts, people involved in university projects, public administrations, young migrants, entities and companies, NGOs and citizens will participate.<\/p>\n\n\n\n<p>The events began online on October 1st with 2 roundtables. The aim of these roundtables was to identify a common challenge in the process of welcoming migrants into society. The first roundtable was held with representatives from public administrations and members of the city council who shared their experiences with hosting migrants, mainly asylum seekers. The main challenges identified were how to encourage labour inclusion in small municipalities. Learning the new language was a key aspect for improving migrant integration, but participants shared some lessons learnt by the public administration: an intercultural framework should be approached when designing policies. Also, NGOs working with migrants should promote small municipalities as an option as a place to live.&nbsp;<\/p>\n\n\n\n<p><strong>Activity 1: Watch the debate between public administrations<\/strong><\/p>\n\n\n\n<p><iframe loading=\"lazy\" src=\"https:\/\/www.youtube.com\/embed\/wYZISXDhneI\" width=\"560\" height=\"315\" frameborder=\"0\" allowfullscreen=\"allowfullscreen\"><\/iframe><\/p>\n\n\n\n<p>The second roundtable hosted members of H2020 European projects TRACTION and SO-CLOSE, which were awarded in the same call for funding. At the heart of both of these projects are many aligning themes, specifically regarding the shared goals of promoting equality in Europe and seeking social inclusivity for groups at risk of exclusion. The common challenge identified in this activity was finding a balance between intention and cultural sensitivity, and the potential for harm that can be caused through the implementation of technology. Members of the roundtable agreed that a possible solution to this challenge would be to create a resilient technological tool based on user-needs, which can later depart from those needs for future application.<\/p>\n\n\n\n<p><strong>Activity 2: Watch the debate between European Projects<\/strong><\/p>\n\n\n\n<p><iframe loading=\"lazy\" src=\"https:\/\/www.youtube.com\/embed\/VzqNDNYVARQ\" width=\"560\" height=\"315\" frameborder=\"0\" allowfullscreen=\"allowfullscreen\"><\/iframe><\/p>\n\n\n\n<p>The third ATRAC activity took place online on November 19th 2020 in the form of a debate between local entities and migrant youths. From the discussion between migrant youths and local NGOs two main shared challenges were agreed. The first has a relationship with providing a voice to migrants when designing policies or programs and consider their current situation as a particular moment in their migration process. The second challenge highlighted the importance of networking at local level and policymaking taking into account local knowledge. Lack of visibility of small local projects was also highlighted.&nbsp;<\/p>\n\n\n\n<p><strong>Activity 3 : Watch the debate between local entities and young migrants<\/strong><\/p>\n\n\n\n<p><iframe loading=\"lazy\" src=\"https:\/\/www.youtube.com\/embed\/CJaninS35-c\" width=\"560\" height=\"315\" frameborder=\"0\" allowfullscreen=\"allowfullscreen\"><\/iframe><\/p>\n\n\n\n<p>In May 2021, ATRAC hosted 2 workshops in parallel to one another in the Sala d\u2019actes of Palau Macaya in Barcelona, Spain. They aim was to generate ideas and proposals for&nbsp;co-creating with young migrants and communities, creating social inclusivity. The first workshop was a technical activity in the form of a \u2018Hackathon\u2019 with neighbouring migrant youths, civil society, NGOs, public administrations, companies and researchers. The second aimed to further expand on the projects created in workshop 1, by offering audiovisual strategies for using new technologies with a co-creation methodology. With the aim of attracting and consolidating the young people\u2019s commitment; it responded to the challenges identified in the previous activities, seeking to explore new audiovisual formats which may be suitable for replication on a different scale in other proposals. One solution from these workshops was selected to be followed up by a mentor session&nbsp;which will take place between activities 4 and 5. It will later be pitched in activity 5, the final debate.<\/p>\n\n\n\n<p>The final ATRAC activity was held online&nbsp;on&nbsp;June 10th 2021. This event served to present and share the outcomes of the Hackathon in activity 4, which was&nbsp;presented in a pitch format, encouraging feedback and comments from the speakers. The winning solution and subsequent platform for migrants that was created was discussed, along with a proposal of its application in&nbsp;different contexts. The discussion was opened between the planned speakers;&nbsp;a number of key international experts from the arts, social sector, NGOs, universities,&nbsp;public administrations and cutting-edge technological&nbsp;institutes.<\/p>\n\n\n\n<p>&nbsp;<\/p>\n\n\n\n<p><em><span style=\"font-size: 20px;\"><b>PROGRAMME<\/b><\/span><\/em><\/p>\n\n\n\n<p><strong><span style=\"font-size: 20px;\">Activity 1<\/span><\/strong><\/p>\n\n\n\n<p><strong>Public administrations debate and shared challenges<\/strong><\/p>\n\n\n\n<p>October 1st, 2020, Virtual Format<\/p>\n\n\n\n<p><em>9:30-11:00 (CET Time)<\/em><\/p>\n\n\n\n<p>Moderator: Oriol L\u00f3pez (Universitat Aut\u00f2noma de Barcelona).<\/p>\n\n\n\n<p>Carles Macian (Secretariat for Equality, Migration and Citizenship)<\/p>\n\n\n\n<p>Mireia Vall (Secretariat for Equality, Migration and Citizenship in central Catalonia)<\/p>\n\n\n\n<p>Pere Cortada, (Secretariat for Equality, Migration and Citizenship in Girona)<\/p>\n\n\n\n<p>Marta Subirana (Bergued\u00e0 County Council)<\/p>\n\n\n\n<p>Pablo Peralta (Barcelona City Council)<\/p>\n\n\n\n<p>&nbsp;<\/p>\n\n\n\n<p><span style=\"font-size: 20px;\"><strong>Activity 2<\/strong><\/span><\/p>\n\n\n\n<p><strong>Debate between members of TRACTION and SO-CLOSE<\/strong><\/p>\n\n\n\n<p>October 1st, 2020, Virtual Format<\/p>\n\n\n\n<p><em>16.00-17.30 (CET Time)<\/em><\/p>\n\n\n\n<p>Moderator: Pilar Orero (Universitat Autonoma de Barcelona, Spain)<\/p>\n\n\n\n<p>Javier Rodrigo (Universitat Aut\u00f2noma de Barcelona, Spain).<\/p>\n\n\n\n<p>Teresa Sorde (Universitat Aut\u00f2noma de Barcelona).<\/p>\n\n\n\n<p>Paulo Lameiro, (SAMP Art School, Portugal)<\/p>\n\n\n\n<p>Mikel Zorrilla (Vicomtech) coordinates the TRACTION project.<\/p>\n\n\n\n<p>Richard Willacy (Opera Birmingham)<\/p>\n\n\n\n<p>&nbsp;<\/p>\n\n\n\n<p><span style=\"font-size: 20px;\"><strong>Activity 3<\/strong><\/span><\/p>\n\n\n\n<p><strong>Young migrants and entities: debate and shared challenges.<\/strong><\/p>\n\n\n\n<p>November 19<sup>th<\/sup>, 2020, Virtual event<\/p>\n\n\n\n<p><em>09.30-14.00 (CET)<\/em><\/p>\n\n\n\n<p>Moderator: Teresa Sorde&nbsp;(Universitat Aut\u00f2noma de Barcelona)<\/p>\n\n\n\n<p>Ana Luc\u00eda Olivos (Barcelona Activa)<\/p>\n\n\n\n<p>Marina Calver\u00edas (Associaci\u00f3 Quil\u00f2metre Zero)<\/p>\n\n\n\n<p>Karim Sabni ( Id\u00e0ria insertion cooperative, Girona Acull)<\/p>\n\n\n\n<p>Mahmoud Assy (Trainer in interculturality participating in initiatives related to the integration of migrants in Catalonia)<\/p>\n\n\n\n<p>Sandra Rodriguez (Servicio Solidari)<\/p>\n\n\n\n<p>&nbsp;<\/p>\n\n\n\n<p><span style=\"font-size: 20px;\"><strong>Activity 4<\/strong><\/span><\/p>\n\n\n\n<p><strong>Co-creation workshops: Collection of the identified challenges and co-creation of the platform<\/strong><\/p>\n\n\n\n<p>May 15<sup>th<\/sup> 2021, Sala d\u2019actes, Palau Macaya, Barcelona, Spain<\/p>\n\n\n\n<p>&nbsp;<\/p>\n\n\n\n<p><strong>Workshop 1: Technical activity &#8211; Co-creation of platform \u2018Hackathon\u2019<\/strong><\/p>\n\n\n\n<p><em>09.30-14.00 (CET)<\/em><\/p>\n\n\n\n<p>Moderator: Tony Megna (Learning by helping)<\/p>\n\n\n\n<p>Recipients \/ participants of the activities: Open Culture Barcelona, Didac-Coding for migrants, Calouste Gulbenkian Foundation, Servei Solidari<\/p>\n\n\n\n<p>&nbsp;<\/p>\n\n\n\n<p><strong>Workshop 2: Artistic activity &#8211; New audiovisual formats in artistic co-creation<\/strong><\/p>\n\n\n\n<p><em>16.00-20.00 (CET)<\/em><\/p>\n\n\n\n<p>Moderator: Oriol Pastor (Gran Teatre del Liceu,&nbsp; MIRA festival, Llum Barcelona).<\/p>\n\n\n\n<p>Recipients \/ participants of the activities: Open Culture Barcelona, Didac-Coding for migrants, Calouste Gulbenkian Foundation, Servei Solidari<\/p>\n\n\n\n<p>&nbsp;<\/p>\n\n\n\n<p><span style=\"font-size: 20px;\"><strong>Activity 5<\/strong><\/span><\/p>\n\n\n\n<p><strong>Presentation of the results and final debate<\/strong><\/p>\n\n\n\n<p>June 10<sup>th<\/sup> 2021, Online<\/p>\n\n\n\n<p>09.30-10.30 (CET)<\/p>\n\n\n\n<p>&nbsp;<\/p>\n\n\n\n<p>Moderator: Pilar Orero &#8211; Expert in Audiovisual Accessibility (Universitat Aut\u00f2noma de Barcelona)&nbsp; &nbsp; &nbsp; &nbsp; &nbsp; &nbsp; &nbsp; &nbsp;&nbsp;<\/p>\n\n\n\n<p>Ainhoa Flecha &#8211;&nbsp;Researcher in gender and cultural groups, social inclusion and gender violence (Universitat Aut\u00f2noma de Barcelona).<\/p>\n\n\n\n<p>Hugo Seabra &#8211;&nbsp;&nbsp;Project Manager of the Social Cohesion and Integration Programme (Calouste Gulbenkian&nbsp;Foundation, Portugal).<\/p>\n\n\n\n<p>Marian Ursu &#8211;&nbsp;&nbsp;Director of the Department of Theatre, Cinema, TV and Interactive Media (University of York)<\/p>\n\n\n\n<p>Matt Peacock &#8211;&nbsp;&nbsp;Artistic Director (With One Voice) and Founder (Streetwise Opera) &#8211; co-creating&nbsp;opera with the&nbsp;homeless.<\/p>\n\n\n\n<p>Alijosa Smolic &#8211;&nbsp;&nbsp;Professor of Creative Technologies (Trinity College Dublin).<\/p>\n\n\n\n<p>Fran\u00e7ois Matarasso &#8211; Expert in community and participatory art, Creative and Artistic Director (TRACTION)<\/p>\n\n\n\n<p>&nbsp;<\/p>\n","protected":false},"excerpt":{"rendered":"<p>ATRAC &#8211; Projectes de Reflexi\u00f3&nbsp;al&nbsp;Palau Macaya 2020-2021, funded by Fundaci\u00f3 la Caixa&nbsp; Workshops and&nbsp;debates&nbsp;at Palau Macaya, 2020-2021 A call to fund proposals is held every year by Fundaci\u00f3 la Caixa with the aim of fostering dialogue and reflection on the subject of human development and sustainability. The TransMedia Catalonia research group at Universitat Aut\u00f2noma de [&hellip;]<\/p>\n","protected":false},"author":20,"featured_media":0,"parent":0,"menu_order":0,"comment_status":"closed","ping_status":"closed","template":"","meta":{"footnotes":""},"class_list":["post-311","page","type-page","status-publish","hentry"],"_links":{"self":[{"href":"https:\/\/webs.uab.cat\/transmedia\/wp-json\/wp\/v2\/pages\/311","targetHints":{"allow":["GET"]}}],"collection":[{"href":"https:\/\/webs.uab.cat\/transmedia\/wp-json\/wp\/v2\/pages"}],"about":[{"href":"https:\/\/webs.uab.cat\/transmedia\/wp-json\/wp\/v2\/types\/page"}],"author":[{"embeddable":true,"href":"https:\/\/webs.uab.cat\/transmedia\/wp-json\/wp\/v2\/users\/20"}],"replies":[{"embeddable":true,"href":"https:\/\/webs.uab.cat\/transmedia\/wp-json\/wp\/v2\/comments?post=311"}],"version-history":[{"count":1,"href":"https:\/\/webs.uab.cat\/transmedia\/wp-json\/wp\/v2\/pages\/311\/revisions"}],"predecessor-version":[{"id":670,"href":"https:\/\/webs.uab.cat\/transmedia\/wp-json\/wp\/v2\/pages\/311\/revisions\/670"}],"wp:attachment":[{"href":"https:\/\/webs.uab.cat\/transmedia\/wp-json\/wp\/v2\/media?parent=311"}],"curies":[{"name":"wp","href":"https:\/\/api.w.org\/{rel}","templated":true}]}}

ATRAC &#8211; Projectes de Reflexió al Palau Macaya 2020-2021, funded by Fundació la Caixa.

<figure class="wp-block-image"><img loading="lazy" decoding="async" width="800" height="555" src="https://webs.uab.cat/transmedia/wp-content/uploads/sites/282/2020/05/logo_atrac_fons_color.jpeg" alt="logo_atrac_fons_color.jpeg" class="wp-image-310" srcset="https://webs.uab.cat/transmedia/wp-content/uploads/sites/282/2020/05/logo_atrac_fons_color.jpeg 800w, https://webs.uab.cat/transmedia/wp-content/uploads/sites/282/2020/05/logo_atrac_fons_color-300x208.jpeg 300w, https://webs.uab.cat/transmedia/wp-content/uploads/sites/282/2020/05/logo_atrac_fons_color-768x533.jpeg 768w" sizes="auto, (max-width: 800px) 100vw, 800px" /></figure>



<p></p>



<p><span style="font-size: 20px;"><strong><em>ATRAC &#8211; Projectes de Reflexió&nbsp;al&nbsp;Palau Macaya 2020-2021, funded by Fundació la </em></strong><strong><em>Caixa</em></strong>&nbsp;</span></p>



<p><span style="font-size: 18px;">Workshops and&nbsp;debates&nbsp;at Palau Macaya, 2020-2021</span></p>



<p>A call to fund proposals is held every year by <a href="https://palaumacaya.org/es/p/convocatoria-de-proyectos-de-reflexion_a12386107">Fundació la Caixa</a> with the aim of fostering dialogue and reflection on the subject of human development and sustainability. The TransMedia Catalonia research group at Universitat Autònoma de Barcelona won the proposal named ‘ATRAC’ based on their H2020 EU funded projects <a href="https://www.traction-project.eu/">TRACTION</a> and <a href="https://so-close.eu/">SO-CLOSE</a>. The ATRAC proposal seeks to foster debate between different agents working for the reception of migrants in order to find a shared challenge and evaluate the impact of new technologies on designing and testing new models of interaction. To this end, international experts, people involved in university projects, public administrations, young migrants, entities and companies, NGOs and citizens will participate.</p>



<p>The events began online on October 1st with 2 roundtables. The aim of these roundtables was to identify a common challenge in the process of welcoming migrants into society. The first roundtable was held with representatives from public administrations and members of the city council who shared their experiences with hosting migrants, mainly asylum seekers. The main challenges identified were how to encourage labour inclusion in small municipalities. Learning the new language was a key aspect for improving migrant integration, but participants shared some lessons learnt by the public administration: an intercultural framework should be approached when designing policies. Also, NGOs working with migrants should promote small municipalities as an option as a place to live.&nbsp;</p>



<p><strong>Activity 1: Watch the debate between public administrations</strong></p>



<p><iframe loading="lazy" src="https://www.youtube.com/embed/wYZISXDhneI" width="560" height="315" frameborder="0" allowfullscreen="allowfullscreen"></iframe></p>



<p>The second roundtable hosted members of H2020 European projects TRACTION and SO-CLOSE, which were awarded in the same call for funding. At the heart of both of these projects are many aligning themes, specifically regarding the shared goals of promoting equality in Europe and seeking social inclusivity for groups at risk of exclusion. The common challenge identified in this activity was finding a balance between intention and cultural sensitivity, and the potential for harm that can be caused through the implementation of technology. Members of the roundtable agreed that a possible solution to this challenge would be to create a resilient technological tool based on user-needs, which can later depart from those needs for future application.</p>



<p><strong>Activity 2: Watch the debate between European Projects</strong></p>



<p><iframe loading="lazy" src="https://www.youtube.com/embed/VzqNDNYVARQ" width="560" height="315" frameborder="0" allowfullscreen="allowfullscreen"></iframe></p>



<p>The third ATRAC activity took place online on November 19th 2020 in the form of a debate between local entities and migrant youths. From the discussion between migrant youths and local NGOs two main shared challenges were agreed. The first has a relationship with providing a voice to migrants when designing policies or programs and consider their current situation as a particular moment in their migration process. The second challenge highlighted the importance of networking at local level and policymaking taking into account local knowledge. Lack of visibility of small local projects was also highlighted.&nbsp;</p>



<p><strong>Activity 3 : Watch the debate between local entities and young migrants</strong></p>



<p><iframe loading="lazy" src="https://www.youtube.com/embed/CJaninS35-c" width="560" height="315" frameborder="0" allowfullscreen="allowfullscreen"></iframe></p>



<p>In May 2021, ATRAC hosted 2 workshops in parallel to one another in the Sala d’actes of Palau Macaya in Barcelona, Spain. They aim was to generate ideas and proposals for&nbsp;co-creating with young migrants and communities, creating social inclusivity. The first workshop was a technical activity in the form of a ‘Hackathon’ with neighbouring migrant youths, civil society, NGOs, public administrations, companies and researchers. The second aimed to further expand on the projects created in workshop 1, by offering audiovisual strategies for using new technologies with a co-creation methodology. With the aim of attracting and consolidating the young people’s commitment; it responded to the challenges identified in the previous activities, seeking to explore new audiovisual formats which may be suitable for replication on a different scale in other proposals. One solution from these workshops was selected to be followed up by a mentor session&nbsp;which will take place between activities 4 and 5. It will later be pitched in activity 5, the final debate.</p>



<p>The final ATRAC activity was held online&nbsp;on&nbsp;June 10th 2021. This event served to present and share the outcomes of the Hackathon in activity 4, which was&nbsp;presented in a pitch format, encouraging feedback and comments from the speakers. The winning solution and subsequent platform for migrants that was created was discussed, along with a proposal of its application in&nbsp;different contexts. The discussion was opened between the planned speakers;&nbsp;a number of key international experts from the arts, social sector, NGOs, universities,&nbsp;public administrations and cutting-edge technological&nbsp;institutes.</p>



<p>&nbsp;</p>



<p><em><span style="font-size: 20px;"><b>PROGRAMME</b></span></em></p>



<p><strong><span style="font-size: 20px;">Activity 1</span></strong></p>



<p><strong>Public administrations debate and shared challenges</strong></p>



<p>October 1st, 2020, Virtual Format</p>



<p><em>9:30-11:00 (CET Time)</em></p>



<p>Moderator: Oriol López (Universitat Autònoma de Barcelona).</p>



<p>Carles Macian (Secretariat for Equality, Migration and Citizenship)</p>



<p>Mireia Vall (Secretariat for Equality, Migration and Citizenship in central Catalonia)</p>



<p>Pere Cortada, (Secretariat for Equality, Migration and Citizenship in Girona)</p>



<p>Marta Subirana (Berguedà County Council)</p>



<p>Pablo Peralta (Barcelona City Council)</p>



<p>&nbsp;</p>



<p><span style="font-size: 20px;"><strong>Activity 2</strong></span></p>



<p><strong>Debate between members of TRACTION and SO-CLOSE</strong></p>



<p>October 1st, 2020, Virtual Format</p>



<p><em>16.00-17.30 (CET Time)</em></p>



<p>Moderator: Pilar Orero (Universitat Autonoma de Barcelona, Spain)</p>



<p>Javier Rodrigo (Universitat Autònoma de Barcelona, Spain).</p>



<p>Teresa Sorde (Universitat Autònoma de Barcelona).</p>



<p>Paulo Lameiro, (SAMP Art School, Portugal)</p>



<p>Mikel Zorrilla (Vicomtech) coordinates the TRACTION project.</p>



<p>Richard Willacy (Opera Birmingham)</p>



<p>&nbsp;</p>



<p><span style="font-size: 20px;"><strong>Activity 3</strong></span></p>



<p><strong>Young migrants and entities: debate and shared challenges.</strong></p>



<p>November 19<sup>th</sup>, 2020, Virtual event</p>



<p><em>09.30-14.00 (CET)</em></p>



<p>Moderator: Teresa Sorde&nbsp;(Universitat Autònoma de Barcelona)</p>



<p>Ana Lucía Olivos (Barcelona Activa)</p>



<p>Marina Calverías (Associació Quilòmetre Zero)</p>



<p>Karim Sabni ( Idària insertion cooperative, Girona Acull)</p>



<p>Mahmoud Assy (Trainer in interculturality participating in initiatives related to the integration of migrants in Catalonia)</p>



<p>Sandra Rodriguez (Servicio Solidari)</p>



<p>&nbsp;</p>



<p><span style="font-size: 20px;"><strong>Activity 4</strong></span></p>



<p><strong>Co-creation workshops: Collection of the identified challenges and co-creation of the platform</strong></p>



<p>May 15<sup>th</sup> 2021, Sala d’actes, Palau Macaya, Barcelona, Spain</p>



<p>&nbsp;</p>



<p><strong>Workshop 1: Technical activity &#8211; Co-creation of platform ‘Hackathon’</strong></p>



<p><em>09.30-14.00 (CET)</em></p>



<p>Moderator: Tony Megna (Learning by helping)</p>



<p>Recipients / participants of the activities: Open Culture Barcelona, Didac-Coding for migrants, Calouste Gulbenkian Foundation, Servei Solidari</p>



<p>&nbsp;</p>



<p><strong>Workshop 2: Artistic activity &#8211; New audiovisual formats in artistic co-creation</strong></p>



<p><em>16.00-20.00 (CET)</em></p>



<p>Moderator: Oriol Pastor (Gran Teatre del Liceu,&nbsp; MIRA festival, Llum Barcelona).</p>



<p>Recipients / participants of the activities: Open Culture Barcelona, Didac-Coding for migrants, Calouste Gulbenkian Foundation, Servei Solidari</p>



<p>&nbsp;</p>



<p><span style="font-size: 20px;"><strong>Activity 5</strong></span></p>



<p><strong>Presentation of the results and final debate</strong></p>



<p>June 10<sup>th</sup> 2021, Online</p>



<p>09.30-10.30 (CET)</p>



<p>&nbsp;</p>



<p>Moderator: Pilar Orero &#8211; Expert in Audiovisual Accessibility (Universitat Autònoma de Barcelona)&nbsp; &nbsp; &nbsp; &nbsp; &nbsp; &nbsp; &nbsp; &nbsp;&nbsp;</p>



<p>Ainhoa Flecha &#8211;&nbsp;Researcher in gender and cultural groups, social inclusion and gender violence (Universitat Autònoma de Barcelona).</p>



<p>Hugo Seabra &#8211;&nbsp;&nbsp;Project Manager of the Social Cohesion and Integration Programme (Calouste Gulbenkian&nbsp;Foundation, Portugal).</p>



<p>Marian Ursu &#8211;&nbsp;&nbsp;Director of the Department of Theatre, Cinema, TV and Interactive Media (University of York)</p>



<p>Matt Peacock &#8211;&nbsp;&nbsp;Artistic Director (With One Voice) and Founder (Streetwise Opera) &#8211; co-creating&nbsp;opera with the&nbsp;homeless.</p>



<p>Alijosa Smolic &#8211;&nbsp;&nbsp;Professor of Creative Technologies (Trinity College Dublin).</p>



<p>François Matarasso &#8211; Expert in community and participatory art, Creative and Artistic Director (TRACTION)</p>



<p>&nbsp;</p>

<p>ATRAC &#8211; Projectes de Reflexió&nbsp;al&nbsp;Palau Macaya 2020-2021, funded by Fundació la Caixa&nbsp; Workshops and&nbsp;debates&nbsp;at Palau Macaya, 2020-2021 A call to fund proposals is held every year by Fundació la Caixa with the aim of fostering dialogue and reflection on the subject of human development and sustainability. The TransMedia Catalonia research group at Universitat Autònoma de [&hellip;]</p>
