{"id":2,"date":"2025-10-01T13:38:50","date_gmt":"2025-10-01T11:38:50","guid":{"rendered":"https:\/\/webs.uab.cat\/transvec\/?page_id=2"},"modified":"2025-12-11T14:52:47","modified_gmt":"2025-12-11T12:52:47","slug":"presentacion","status":"publish","type":"page","link":"https:\/\/webs.uab.cat\/transvec\/","title":{"rendered":"PRESENTACI\u00d3N"},"content":{"rendered":"\n<h4 class=\"wp-block-heading\"><strong>El proyecto TRANSVEC analiza la reconfiguraci\u00f3n productiva y los cambios en la gobernanza derivados de la transici\u00f3n hacia el Veh\u00edculo El\u00e9ctrico y Conectado (VEC). Esta transformaci\u00f3n abre oportunidades, pero tambi\u00e9n plantea desaf\u00edos en t\u00e9rminos de organizaci\u00f3n industrial, pol\u00edticas p\u00fablicas y desigualdades sociales.<\/strong><\/h4>\n\n\n\n<blockquote class=\"wp-block-quote is-layout-flow wp-block-quote-is-layout-flow\">\n<p class=\"has-verd-tropic-color has-text-color has-link-color has-large-font-size wp-elements-2699c10010c2f3b5dc753e3fbd889deb\"><strong><strong><strong><strong>OBJETIVO DEL PROYECTO<\/strong><\/strong><\/strong><\/strong><\/p>\n<\/blockquote>\n\n\n\n<p>El objetivo principal del proyecto es estudiar el nuevo modelo productivo del autom\u00f3vil el\u00e9ctrico y conectado, analizando c\u00f3mo la transici\u00f3n al VEC afecta a la gobernanza del sector, a las relaciones laborales y a la configuraci\u00f3n de desigualdades entre regiones, empresas y grupos sociales.<br>Desde un enfoque multidisciplinar, TRANSVEC examina los actores, instituciones y pol\u00edticas que intervienen en este proceso de transformaci\u00f3n para identificar sus implicaciones sociales y econ\u00f3micas.<\/p>\n\n\n\n<blockquote class=\"wp-block-quote is-layout-flow wp-block-quote-is-layout-flow\">\n<p class=\"has-verd-tropic-color has-text-color has-link-color has-large-font-size wp-elements-202fe59eb8a311ef1ad30e9632c39f1b\"><strong><strong>ESTRUCTURA<\/strong><\/strong><\/p>\n<\/blockquote>\n\n\n\n<p class=\"has-small-font-size\">El an\u00e1lisis del proyecto se estructura en dos grandes l\u00edneas complementarias: <\/p>\n\n\n\n<ul class=\"wp-block-list\">\n<li><strong>Subproyecto 1 (TRANSVEC 1 \u2013 UAB): <\/strong>Examina los mecanismos de gobernanza de la transici\u00f3n al VEC, analizando el papel de los instrumentos de pol\u00edtica industrial \u2014como los PERTE, la Alianza para el Veh\u00edculo El\u00e9ctrico y Conectado o la Mesa de Automoci\u00f3n\u2014 y su impacto en las desigualdades laborales y sociales.<\/li>\n<\/ul>\n\n\n\n<p><\/p>\n\n\n\n<ul class=\"wp-block-list\">\n<li><strong>Subproyecto 2 (TRANSVEC 2 \u2013 UCM)<\/strong>: estudia la reconfiguraci\u00f3n de las cadenas globales de valor del sector automotriz, las estrategias empresariales y los efectos de la transici\u00f3n sobre las condiciones laborales, incorporando una perspectiva de g\u00e9nero. Tambi\u00e9n analiza las pol\u00edticas industriales y comerciales de la Uni\u00f3n Europea y su capacidad para responder a la competencia global en el sector.<\/li>\n<\/ul>\n\n\n\n<div class=\"wp-block-columns is-layout-flex wp-container-core-columns-is-layout-9d6595d7 wp-block-columns-is-layout-flex\">\n<div class=\"wp-block-column is-layout-flow wp-block-column-is-layout-flow\"><div class=\"wp-block-image\">\n<figure class=\"aligncenter size-full\"><a href=\"https:\/\/webs.uab.cat\/transvec\/proyecto\/transvec-1\/\"><img loading=\"lazy\" decoding=\"async\" width=\"300\" height=\"400\" src=\"https:\/\/webs.uab.cat\/transvec\/wp-content\/uploads\/sites\/687\/2025\/12\/TRANSVEC1-1.png\" alt=\"\" class=\"wp-image-257\" srcset=\"https:\/\/webs.uab.cat\/transvec\/wp-content\/uploads\/sites\/687\/2025\/12\/TRANSVEC1-1.png 300w, https:\/\/webs.uab.cat\/transvec\/wp-content\/uploads\/sites\/687\/2025\/12\/TRANSVEC1-1-225x300.png 225w\" sizes=\"auto, (max-width: 300px) 100vw, 300px\" \/><\/a><\/figure>\n<\/div>\n\n\n<div class=\"wp-block-buttons is-content-justification-center is-layout-flex wp-container-core-buttons-is-layout-16018d1d wp-block-buttons-is-layout-flex\">\n<div class=\"wp-block-button\"><a class=\"wp-block-button__link wp-element-button\" href=\"https:\/\/webs.uab.cat\/transvec\/proyecto\/transvec-1\/\">VER PROYECTO<\/a><\/div>\n<\/div>\n<\/div>\n\n\n\n<div class=\"wp-block-column is-layout-flow wp-block-column-is-layout-flow\"><div class=\"wp-block-image\">\n<figure class=\"aligncenter size-full\"><a href=\"https:\/\/webs.uab.cat\/transvec\/proyecto\/transvec-2\/\"><img loading=\"lazy\" decoding=\"async\" width=\"300\" height=\"400\" src=\"https:\/\/webs.uab.cat\/transvec\/wp-content\/uploads\/sites\/687\/2025\/12\/TRANSVEC2-1.png\" alt=\"\" class=\"wp-image-258\" srcset=\"https:\/\/webs.uab.cat\/transvec\/wp-content\/uploads\/sites\/687\/2025\/12\/TRANSVEC2-1.png 300w, https:\/\/webs.uab.cat\/transvec\/wp-content\/uploads\/sites\/687\/2025\/12\/TRANSVEC2-1-225x300.png 225w\" sizes=\"auto, (max-width: 300px) 100vw, 300px\" \/><\/a><\/figure>\n<\/div>\n\n\n<div class=\"wp-block-buttons is-content-justification-center is-layout-flex wp-container-core-buttons-is-layout-16018d1d wp-block-buttons-is-layout-flex\">\n<div class=\"wp-block-button\"><a class=\"wp-block-button__link wp-element-button\" href=\"https:\/\/webs.uab.cat\/transvec\/proyecto\/transvec-2\/\">VER PROYECTO<\/a><\/div>\n<\/div>\n<\/div>\n<\/div>\n","protected":false},"excerpt":{"rendered":"<p>El proyecto TRANSVEC analiza la reconfiguraci\u00f3n productiva y los cambios en la gobernanza derivados de la transici\u00f3n hacia el Veh\u00edculo El\u00e9ctrico y Conectado (VEC). Esta transformaci\u00f3n abre oportunidades, pero tambi\u00e9n plantea desaf\u00edos en t\u00e9rminos de organizaci\u00f3n industrial, pol\u00edticas p\u00fablicas y desigualdades sociales. OBJETIVO DEL PROYECTO El objetivo principal del proyecto es estudiar el nuevo modelo [&hellip;]<\/p>\n","protected":false},"author":1447,"featured_media":0,"parent":0,"menu_order":1,"comment_status":"closed","ping_status":"closed","template":"","meta":{"footnotes":""},"class_list":["post-2","page","type-page","status-publish","hentry"],"_links":{"self":[{"href":"https:\/\/webs.uab.cat\/transvec\/wp-json\/wp\/v2\/pages\/2","targetHints":{"allow":["GET"]}}],"collection":[{"href":"https:\/\/webs.uab.cat\/transvec\/wp-json\/wp\/v2\/pages"}],"about":[{"href":"https:\/\/webs.uab.cat\/transvec\/wp-json\/wp\/v2\/types\/page"}],"author":[{"embeddable":true,"href":"https:\/\/webs.uab.cat\/transvec\/wp-json\/wp\/v2\/users\/1447"}],"replies":[{"embeddable":true,"href":"https:\/\/webs.uab.cat\/transvec\/wp-json\/wp\/v2\/comments?post=2"}],"version-history":[{"count":6,"href":"https:\/\/webs.uab.cat\/transvec\/wp-json\/wp\/v2\/pages\/2\/revisions"}],"predecessor-version":[{"id":260,"href":"https:\/\/webs.uab.cat\/transvec\/wp-json\/wp\/v2\/pages\/2\/revisions\/260"}],"wp:attachment":[{"href":"https:\/\/webs.uab.cat\/transvec\/wp-json\/wp\/v2\/media?parent=2"}],"curies":[{"name":"wp","href":"https:\/\/api.w.org\/{rel}","templated":true}]}}