{"id":35,"date":"2015-06-29T18:56:46","date_gmt":"2015-06-29T16:56:46","guid":{"rendered":"http:\/\/tudistar.com\/es\/?page_id=35"},"modified":"2024-02-28T13:08:46","modified_gmt":"2024-02-28T11:08:46","slug":"inicio","status":"publish","type":"page","link":"https:\/\/webs.uab.cat\/tudistar\/","title":{"rendered":"Inicio"},"content":{"rendered":"<p>El grupo de investigaci\u00f3n TUDISTAR est\u00e1 formado por profesores e investigadores de varias universidades espa\u00f1olas y una francesa: Universitat Aut\u00f2noma de Barcelona, Universitat de les Illes Balears, Universidade de Santiago de Compostela, Universidad de Vigo, Universidad de Murcia, Universidad de Alicante, Universitat Oberta de Catalunya, Universitat de Vic, Universidad de Salamanca, Universidad Complutense de Madrid y Universidad de Toulouse II (Le MIrail).<\/p>\n<p>TUDISTAR tiene una amplia experiencia investigadora en temas de turismo, diversificaci\u00f3n rural, patrimonio cultural y estudios de g\u00e9nero. El origen interdisciplinar confiere una amplia transversalidad a sus investigaciones que se publican periodicamente en revistas universitarias. El grupo da difusi\u00f3n de sus trabajos tanto en la p\u00e1gina web como en las publicaciones. Los diferentes componentes del grupo mantienen una activa participaci\u00f3n en los congresos nacionales e internacionales relacionados con las investigaciones en curso.<\/p>\n","protected":false},"excerpt":{"rendered":"<p>El grupo de investigaci\u00f3n TUDISTAR est\u00e1 formado por profesores e investigadores de varias universidades espa\u00f1olas y una francesa: Universitat Aut\u00f2noma de Barcelona, Universitat de les Illes Balears, Universidade de Santiago de Compostela, Universidad de Vigo, Universidad de Murcia, Universidad de Alicante, Universitat Oberta de Catalunya, Universitat de Vic, Universidad de Salamanca, Universidad Complutense de Madrid [&hellip;]<\/p>\n","protected":false},"author":2826,"featured_media":0,"parent":0,"menu_order":0,"comment_status":"open","ping_status":"open","template":"","meta":{"footnotes":""},"class_list":["post-35","page","type-page","status-publish","hentry"],"_links":{"self":[{"href":"https:\/\/webs.uab.cat\/tudistar\/wp-json\/wp\/v2\/pages\/35","targetHints":{"allow":["GET"]}}],"collection":[{"href":"https:\/\/webs.uab.cat\/tudistar\/wp-json\/wp\/v2\/pages"}],"about":[{"href":"https:\/\/webs.uab.cat\/tudistar\/wp-json\/wp\/v2\/types\/page"}],"author":[{"embeddable":true,"href":"https:\/\/webs.uab.cat\/tudistar\/wp-json\/wp\/v2\/users\/2826"}],"replies":[{"embeddable":true,"href":"https:\/\/webs.uab.cat\/tudistar\/wp-json\/wp\/v2\/comments?post=35"}],"version-history":[{"count":1,"href":"https:\/\/webs.uab.cat\/tudistar\/wp-json\/wp\/v2\/pages\/35\/revisions"}],"predecessor-version":[{"id":1124,"href":"https:\/\/webs.uab.cat\/tudistar\/wp-json\/wp\/v2\/pages\/35\/revisions\/1124"}],"wp:attachment":[{"href":"https:\/\/webs.uab.cat\/tudistar\/wp-json\/wp\/v2\/media?parent=35"}],"curies":[{"name":"wp","href":"https:\/\/api.w.org\/{rel}","templated":true}]}}