{"id":102,"date":"2012-02-14T09:52:51","date_gmt":"2012-02-14T07:52:51","guid":{"rendered":"https:\/\/webs.uab.cat\/txicc\/tesines\/"},"modified":"2025-12-16T16:57:27","modified_gmt":"2025-12-16T14:57:27","slug":"tesines","status":"publish","type":"page","link":"https:\/\/webs.uab.cat\/txicc\/tesines\/","title":{"rendered":"Tesines"},"content":{"rendered":"\n<p>Els membres del grup han dirigit un gran volum de treballs de recerca tant en el marc del m\u00e0ster propi que va donar lloc al grup com en el context dels estudis oficials de m\u00e0ster i doctorat de la Facultat i del Departament de Traducci\u00f3 i d&#8217;Interpretaci\u00f3, respectivament. Aquest gran nombre de treballs dona idea de la llarga traject\u00f2ria i experi\u00e8ncia amb qu\u00e8 compten ja els membres en la formaci\u00f3 d\u2019investigadors.<\/p>\n\n\n\n<p><\/p>\n\n\n\n<p><a href=\"https:\/\/webs.uab.cat\/txicc\/master-universitari-de-didactica-del-xines-per-a-hispanoparlants\/\" data-type=\"page\" data-id=\"633\" target=\"_blank\" rel=\"noreferrer noopener\">Tesines de M\u00e0ster Universitari de Did\u00e0ctica del Xin\u00e8s per a Hispanoparlants<\/a><br><a href=\"https:\/\/webs.uab.cat\/txicc\/tesines-de-master-oficial-o-treballs-de-recerca-de-doctorat\/\" data-type=\"page\" data-id=\"141\">Tesines de m\u00e0ster oficial o treballs de recerca de doctorat<\/a><br><a href=\"https:\/\/webs.uab.cat\/txicc\/tesines-del-master-propi-master-en-traduccio-i-interpretacio-professional-xines-espanyol\/\" data-type=\"page\" data-id=\"154\">Tesines del m\u00e0ster propi M\u00e0ster en Traducci\u00f3 i Interpretaci\u00f3 Professional Xin\u00e8s-Espanyol<\/a><\/p>\n\n\n\n<p><\/p>\n","protected":false},"excerpt":{"rendered":"<p>Els membres del grup han dirigit un gran volum de treballs de recerca tant en el marc del m\u00e0ster propi que va donar lloc al grup com en el context dels estudis oficials de m\u00e0ster i doctorat de la Facultat i del Departament de Traducci\u00f3 i d&#8217;Interpretaci\u00f3, respectivament. Aquest gran nombre de treballs dona idea [&hellip;]<\/p>\n","protected":false},"author":20,"featured_media":0,"parent":0,"menu_order":0,"comment_status":"closed","ping_status":"closed","template":"","meta":{"footnotes":""},"class_list":["post-102","page","type-page","status-publish","hentry"],"yoast_head":"<!-- This site is optimized with the Yoast SEO plugin v26.8 - https:\/\/yoast.com\/product\/yoast-seo-wordpress\/ -->\n<title>Tesines - Grup de recerca en Traducci\u00f3 del xin\u00e8s al catal\u00e0\/castell\u00e0 (TXICC)<\/title>\n<meta name=\"robots\" content=\"index, follow, max-snippet:-1, max-image-preview:large, max-video-preview:-1\" \/>\n<link rel=\"canonical\" href=\"https:\/\/webs.uab.cat\/txicc\/tesines\/\" \/>\n<meta property=\"og:locale\" content=\"ca_ES\" \/>\n<meta property=\"og:type\" content=\"article\" \/>\n<meta property=\"og:title\" content=\"Tesines - Grup de recerca en Traducci\u00f3 del xin\u00e8s al catal\u00e0\/castell\u00e0 (TXICC)\" \/>\n<meta property=\"og:description\" content=\"Els membres del grup han dirigit un gran volum de treballs de recerca tant en el marc del m\u00e0ster propi que va donar lloc al grup com en el context dels estudis oficials de m\u00e0ster i doctorat de la Facultat i del Departament de Traducci\u00f3 i d&#8217;Interpretaci\u00f3, respectivament. Aquest gran nombre de treballs dona idea [&hellip;]\" \/>\n<meta property=\"og:url\" content=\"https:\/\/webs.uab.cat\/txicc\/tesines\/\" \/>\n<meta property=\"og:site_name\" content=\"Grup de recerca en Traducci\u00f3 del xin\u00e8s al catal\u00e0\/castell\u00e0 (TXICC)\" \/>\n<meta property=\"article:modified_time\" content=\"2025-12-16T14:57:27+00:00\" \/>\n<meta name=\"twitter:card\" content=\"summary_large_image\" \/>\n<meta name=\"twitter:label1\" content=\"Temps estimat de lectura\" \/>\n\t<meta name=\"twitter:data1\" content=\"1 minut\" \/>\n<script type=\"application\/ld+json\" class=\"yoast-schema-graph\">{\"@context\":\"https:\/\/schema.org\",\"@graph\":[{\"@type\":\"WebPage\",\"@id\":\"https:\/\/webs.uab.cat\/txicc\/tesines\/\",\"url\":\"https:\/\/webs.uab.cat\/txicc\/tesines\/\",\"name\":\"Tesines - Grup de recerca en Traducci\u00f3 del xin\u00e8s al catal\u00e0\/castell\u00e0 (TXICC)\",\"isPartOf\":{\"@id\":\"https:\/\/webs.uab.cat\/txicc\/#website\"},\"datePublished\":\"2012-02-14T07:52:51+00:00\",\"dateModified\":\"2025-12-16T14:57:27+00:00\",\"breadcrumb\":{\"@id\":\"https:\/\/webs.uab.cat\/txicc\/tesines\/#breadcrumb\"},\"inLanguage\":\"ca\",\"potentialAction\":[{\"@type\":\"ReadAction\",\"target\":[\"https:\/\/webs.uab.cat\/txicc\/tesines\/\"]}]},{\"@type\":\"BreadcrumbList\",\"@id\":\"https:\/\/webs.uab.cat\/txicc\/tesines\/#breadcrumb\",\"itemListElement\":[{\"@type\":\"ListItem\",\"position\":1,\"name\":\"Portada\",\"item\":\"https:\/\/webs.uab.cat\/txicc\/\"},{\"@type\":\"ListItem\",\"position\":2,\"name\":\"Tesines\"}]},{\"@type\":\"WebSite\",\"@id\":\"https:\/\/webs.uab.cat\/txicc\/#website\",\"url\":\"https:\/\/webs.uab.cat\/txicc\/\",\"name\":\"Grup de recerca en Traducci\u00f3 del xin\u00e8s al catal\u00e0\/castell\u00e0 (TXICC)\",\"description\":\"\",\"potentialAction\":[{\"@type\":\"SearchAction\",\"target\":{\"@type\":\"EntryPoint\",\"urlTemplate\":\"https:\/\/webs.uab.cat\/txicc\/?s={search_term_string}\"},\"query-input\":{\"@type\":\"PropertyValueSpecification\",\"valueRequired\":true,\"valueName\":\"search_term_string\"}}],\"inLanguage\":\"ca\"}]}<\/script>\n<!-- \/ Yoast SEO plugin. -->","yoast_head_json":{"title":"Tesines - Grup de recerca en Traducci\u00f3 del xin\u00e8s al catal\u00e0\/castell\u00e0 (TXICC)","robots":{"index":"index","follow":"follow","max-snippet":"max-snippet:-1","max-image-preview":"max-image-preview:large","max-video-preview":"max-video-preview:-1"},"canonical":"https:\/\/webs.uab.cat\/txicc\/tesines\/","og_locale":"ca_ES","og_type":"article","og_title":"Tesines - Grup de recerca en Traducci\u00f3 del xin\u00e8s al catal\u00e0\/castell\u00e0 (TXICC)","og_description":"Els membres del grup han dirigit un gran volum de treballs de recerca tant en el marc del m\u00e0ster propi que va donar lloc al grup com en el context dels estudis oficials de m\u00e0ster i doctorat de la Facultat i del Departament de Traducci\u00f3 i d&#8217;Interpretaci\u00f3, respectivament. Aquest gran nombre de treballs dona idea [&hellip;]","og_url":"https:\/\/webs.uab.cat\/txicc\/tesines\/","og_site_name":"Grup de recerca en Traducci\u00f3 del xin\u00e8s al catal\u00e0\/castell\u00e0 (TXICC)","article_modified_time":"2025-12-16T14:57:27+00:00","twitter_card":"summary_large_image","twitter_misc":{"Temps estimat de lectura":"1 minut"},"schema":{"@context":"https:\/\/schema.org","@graph":[{"@type":"WebPage","@id":"https:\/\/webs.uab.cat\/txicc\/tesines\/","url":"https:\/\/webs.uab.cat\/txicc\/tesines\/","name":"Tesines - Grup de recerca en Traducci\u00f3 del xin\u00e8s al catal\u00e0\/castell\u00e0 (TXICC)","isPartOf":{"@id":"https:\/\/webs.uab.cat\/txicc\/#website"},"datePublished":"2012-02-14T07:52:51+00:00","dateModified":"2025-12-16T14:57:27+00:00","breadcrumb":{"@id":"https:\/\/webs.uab.cat\/txicc\/tesines\/#breadcrumb"},"inLanguage":"ca","potentialAction":[{"@type":"ReadAction","target":["https:\/\/webs.uab.cat\/txicc\/tesines\/"]}]},{"@type":"BreadcrumbList","@id":"https:\/\/webs.uab.cat\/txicc\/tesines\/#breadcrumb","itemListElement":[{"@type":"ListItem","position":1,"name":"Portada","item":"https:\/\/webs.uab.cat\/txicc\/"},{"@type":"ListItem","position":2,"name":"Tesines"}]},{"@type":"WebSite","@id":"https:\/\/webs.uab.cat\/txicc\/#website","url":"https:\/\/webs.uab.cat\/txicc\/","name":"Grup de recerca en Traducci\u00f3 del xin\u00e8s al catal\u00e0\/castell\u00e0 (TXICC)","description":"","potentialAction":[{"@type":"SearchAction","target":{"@type":"EntryPoint","urlTemplate":"https:\/\/webs.uab.cat\/txicc\/?s={search_term_string}"},"query-input":{"@type":"PropertyValueSpecification","valueRequired":true,"valueName":"search_term_string"}}],"inLanguage":"ca"}]}},"_links":{"self":[{"href":"https:\/\/webs.uab.cat\/txicc\/wp-json\/wp\/v2\/pages\/102","targetHints":{"allow":["GET"]}}],"collection":[{"href":"https:\/\/webs.uab.cat\/txicc\/wp-json\/wp\/v2\/pages"}],"about":[{"href":"https:\/\/webs.uab.cat\/txicc\/wp-json\/wp\/v2\/types\/page"}],"author":[{"embeddable":true,"href":"https:\/\/webs.uab.cat\/txicc\/wp-json\/wp\/v2\/users\/20"}],"replies":[{"embeddable":true,"href":"https:\/\/webs.uab.cat\/txicc\/wp-json\/wp\/v2\/comments?post=102"}],"version-history":[{"count":4,"href":"https:\/\/webs.uab.cat\/txicc\/wp-json\/wp\/v2\/pages\/102\/revisions"}],"predecessor-version":[{"id":1484,"href":"https:\/\/webs.uab.cat\/txicc\/wp-json\/wp\/v2\/pages\/102\/revisions\/1484"}],"wp:attachment":[{"href":"https:\/\/webs.uab.cat\/txicc\/wp-json\/wp\/v2\/media?parent=102"}],"curies":[{"name":"wp","href":"https:\/\/api.w.org\/{rel}","templated":true}]}}