{"id":605,"date":"2019-02-01T15:33:33","date_gmt":"2019-02-01T13:33:33","guid":{"rendered":"https:\/\/webs.uab.cat\/txicc\/entrevista-a-javier-altayo\/"},"modified":"2019-02-01T15:33:33","modified_gmt":"2019-02-01T13:33:33","slug":"entrevista-a-javier-altayo","status":"publish","type":"page","link":"https:\/\/webs.uab.cat\/txicc\/entrevista-a-javier-altayo\/","title":{"rendered":"Entrevista a Javier Altay\u00f3"},"content":{"rendered":"<p>Javier Altay\u00f3 (Sabadell, 1978) \u00e9s llicenciat en Traducci\u00f3 i Interpretaci\u00f3 per la Universitat Aut\u00f2noma de Barcelona. \u00c9s traductor del xin\u00e8s i ha tradu\u00eft al castell\u00e0 obres com <em>El problema de los tres cuerpos<\/em> i <em>La esfera luminosa<\/em> de Liu Cixin, aix\u00ed com <em>El sue\u00f1o de la Monta\u00f1a del Oro<\/em>, de Zhang Lin, entre d&#8217;altres. Actualment compagina la seva activitat traductora amb la doc\u00e8ncia de l&#8217;espanyol a Taipei.<\/p>\n<p>&nbsp;<\/p>\n<p><strong>Primera part:<\/strong><\/p>\n<p><iframe loading=\"lazy\" allow=\"accelerometer; autoplay; encrypted-media; gyroscope; picture-in-picture\" allowfullscreen=\"\" frameborder=\"0\" height=\"315\" src=\"https:\/\/www.youtube.com\/embed\/BuHgVddwzHA\" width=\"560\"><\/iframe><\/p>\n<p>&nbsp;<\/p>\n<p><strong>Segona part:<\/strong><\/p>\n<p><iframe loading=\"lazy\" allow=\"accelerometer; autoplay; encrypted-media; gyroscope; picture-in-picture\" allowfullscreen=\"\" frameborder=\"0\" height=\"315\" src=\"https:\/\/www.youtube.com\/embed\/bQHep303l5M\" width=\"560\"><\/iframe><\/p>\n","protected":false},"excerpt":{"rendered":"<p>Javier Altay\u00f3 (Sabadell, 1978) \u00e9s llicenciat en Traducci\u00f3 i Interpretaci\u00f3 per la Universitat Aut\u00f2noma de Barcelona. \u00c9s traductor del xin\u00e8s i ha tradu\u00eft al castell\u00e0 obres com El problema de los tres cuerpos i La esfera luminosa de Liu Cixin, aix\u00ed com El sue\u00f1o de la Monta\u00f1a del Oro, de Zhang Lin, entre d&#8217;altres. Actualment [&hellip;]<\/p>\n","protected":false},"author":20,"featured_media":0,"parent":0,"menu_order":0,"comment_status":"closed","ping_status":"closed","template":"","meta":{"footnotes":""},"class_list":["post-605","page","type-page","status-publish","hentry"],"yoast_head":"<!-- This site is optimized with the Yoast SEO plugin v26.8 - https:\/\/yoast.com\/product\/yoast-seo-wordpress\/ -->\n<title>Entrevista a Javier Altay\u00f3 - Grup de recerca en Traducci\u00f3 del xin\u00e8s al catal\u00e0\/castell\u00e0 (TXICC)<\/title>\n<meta name=\"robots\" content=\"index, follow, max-snippet:-1, max-image-preview:large, max-video-preview:-1\" \/>\n<link rel=\"canonical\" href=\"https:\/\/webs.uab.cat\/txicc\/entrevista-a-javier-altayo\/\" \/>\n<meta property=\"og:locale\" content=\"ca_ES\" \/>\n<meta property=\"og:type\" content=\"article\" \/>\n<meta property=\"og:title\" content=\"Entrevista a Javier Altay\u00f3 - Grup de recerca en Traducci\u00f3 del xin\u00e8s al catal\u00e0\/castell\u00e0 (TXICC)\" \/>\n<meta property=\"og:description\" content=\"Javier Altay\u00f3 (Sabadell, 1978) \u00e9s llicenciat en Traducci\u00f3 i Interpretaci\u00f3 per la Universitat Aut\u00f2noma de Barcelona. \u00c9s traductor del xin\u00e8s i ha tradu\u00eft al castell\u00e0 obres com El problema de los tres cuerpos i La esfera luminosa de Liu Cixin, aix\u00ed com El sue\u00f1o de la Monta\u00f1a del Oro, de Zhang Lin, entre d&#8217;altres. Actualment [&hellip;]\" \/>\n<meta property=\"og:url\" content=\"https:\/\/webs.uab.cat\/txicc\/entrevista-a-javier-altayo\/\" \/>\n<meta property=\"og:site_name\" content=\"Grup de recerca en Traducci\u00f3 del xin\u00e8s al catal\u00e0\/castell\u00e0 (TXICC)\" \/>\n<meta name=\"twitter:card\" content=\"summary_large_image\" \/>\n<script type=\"application\/ld+json\" class=\"yoast-schema-graph\">{\"@context\":\"https:\/\/schema.org\",\"@graph\":[{\"@type\":\"WebPage\",\"@id\":\"https:\/\/webs.uab.cat\/txicc\/entrevista-a-javier-altayo\/\",\"url\":\"https:\/\/webs.uab.cat\/txicc\/entrevista-a-javier-altayo\/\",\"name\":\"Entrevista a Javier Altay\u00f3 - Grup de recerca en Traducci\u00f3 del xin\u00e8s al catal\u00e0\/castell\u00e0 (TXICC)\",\"isPartOf\":{\"@id\":\"https:\/\/webs.uab.cat\/txicc\/#website\"},\"datePublished\":\"2019-02-01T13:33:33+00:00\",\"breadcrumb\":{\"@id\":\"https:\/\/webs.uab.cat\/txicc\/entrevista-a-javier-altayo\/#breadcrumb\"},\"inLanguage\":\"ca\",\"potentialAction\":[{\"@type\":\"ReadAction\",\"target\":[\"https:\/\/webs.uab.cat\/txicc\/entrevista-a-javier-altayo\/\"]}]},{\"@type\":\"BreadcrumbList\",\"@id\":\"https:\/\/webs.uab.cat\/txicc\/entrevista-a-javier-altayo\/#breadcrumb\",\"itemListElement\":[{\"@type\":\"ListItem\",\"position\":1,\"name\":\"Portada\",\"item\":\"https:\/\/webs.uab.cat\/txicc\/\"},{\"@type\":\"ListItem\",\"position\":2,\"name\":\"Entrevista a Javier Altay\u00f3\"}]},{\"@type\":\"WebSite\",\"@id\":\"https:\/\/webs.uab.cat\/txicc\/#website\",\"url\":\"https:\/\/webs.uab.cat\/txicc\/\",\"name\":\"Grup de recerca en Traducci\u00f3 del xin\u00e8s al catal\u00e0\/castell\u00e0 (TXICC)\",\"description\":\"\",\"potentialAction\":[{\"@type\":\"SearchAction\",\"target\":{\"@type\":\"EntryPoint\",\"urlTemplate\":\"https:\/\/webs.uab.cat\/txicc\/?s={search_term_string}\"},\"query-input\":{\"@type\":\"PropertyValueSpecification\",\"valueRequired\":true,\"valueName\":\"search_term_string\"}}],\"inLanguage\":\"ca\"}]}<\/script>\n<!-- \/ Yoast SEO plugin. -->","yoast_head_json":{"title":"Entrevista a Javier Altay\u00f3 - Grup de recerca en Traducci\u00f3 del xin\u00e8s al catal\u00e0\/castell\u00e0 (TXICC)","robots":{"index":"index","follow":"follow","max-snippet":"max-snippet:-1","max-image-preview":"max-image-preview:large","max-video-preview":"max-video-preview:-1"},"canonical":"https:\/\/webs.uab.cat\/txicc\/entrevista-a-javier-altayo\/","og_locale":"ca_ES","og_type":"article","og_title":"Entrevista a Javier Altay\u00f3 - Grup de recerca en Traducci\u00f3 del xin\u00e8s al catal\u00e0\/castell\u00e0 (TXICC)","og_description":"Javier Altay\u00f3 (Sabadell, 1978) \u00e9s llicenciat en Traducci\u00f3 i Interpretaci\u00f3 per la Universitat Aut\u00f2noma de Barcelona. \u00c9s traductor del xin\u00e8s i ha tradu\u00eft al castell\u00e0 obres com El problema de los tres cuerpos i La esfera luminosa de Liu Cixin, aix\u00ed com El sue\u00f1o de la Monta\u00f1a del Oro, de Zhang Lin, entre d&#8217;altres. Actualment [&hellip;]","og_url":"https:\/\/webs.uab.cat\/txicc\/entrevista-a-javier-altayo\/","og_site_name":"Grup de recerca en Traducci\u00f3 del xin\u00e8s al catal\u00e0\/castell\u00e0 (TXICC)","twitter_card":"summary_large_image","schema":{"@context":"https:\/\/schema.org","@graph":[{"@type":"WebPage","@id":"https:\/\/webs.uab.cat\/txicc\/entrevista-a-javier-altayo\/","url":"https:\/\/webs.uab.cat\/txicc\/entrevista-a-javier-altayo\/","name":"Entrevista a Javier Altay\u00f3 - Grup de recerca en Traducci\u00f3 del xin\u00e8s al catal\u00e0\/castell\u00e0 (TXICC)","isPartOf":{"@id":"https:\/\/webs.uab.cat\/txicc\/#website"},"datePublished":"2019-02-01T13:33:33+00:00","breadcrumb":{"@id":"https:\/\/webs.uab.cat\/txicc\/entrevista-a-javier-altayo\/#breadcrumb"},"inLanguage":"ca","potentialAction":[{"@type":"ReadAction","target":["https:\/\/webs.uab.cat\/txicc\/entrevista-a-javier-altayo\/"]}]},{"@type":"BreadcrumbList","@id":"https:\/\/webs.uab.cat\/txicc\/entrevista-a-javier-altayo\/#breadcrumb","itemListElement":[{"@type":"ListItem","position":1,"name":"Portada","item":"https:\/\/webs.uab.cat\/txicc\/"},{"@type":"ListItem","position":2,"name":"Entrevista a Javier Altay\u00f3"}]},{"@type":"WebSite","@id":"https:\/\/webs.uab.cat\/txicc\/#website","url":"https:\/\/webs.uab.cat\/txicc\/","name":"Grup de recerca en Traducci\u00f3 del xin\u00e8s al catal\u00e0\/castell\u00e0 (TXICC)","description":"","potentialAction":[{"@type":"SearchAction","target":{"@type":"EntryPoint","urlTemplate":"https:\/\/webs.uab.cat\/txicc\/?s={search_term_string}"},"query-input":{"@type":"PropertyValueSpecification","valueRequired":true,"valueName":"search_term_string"}}],"inLanguage":"ca"}]}},"_links":{"self":[{"href":"https:\/\/webs.uab.cat\/txicc\/wp-json\/wp\/v2\/pages\/605","targetHints":{"allow":["GET"]}}],"collection":[{"href":"https:\/\/webs.uab.cat\/txicc\/wp-json\/wp\/v2\/pages"}],"about":[{"href":"https:\/\/webs.uab.cat\/txicc\/wp-json\/wp\/v2\/types\/page"}],"author":[{"embeddable":true,"href":"https:\/\/webs.uab.cat\/txicc\/wp-json\/wp\/v2\/users\/20"}],"replies":[{"embeddable":true,"href":"https:\/\/webs.uab.cat\/txicc\/wp-json\/wp\/v2\/comments?post=605"}],"version-history":[{"count":0,"href":"https:\/\/webs.uab.cat\/txicc\/wp-json\/wp\/v2\/pages\/605\/revisions"}],"wp:attachment":[{"href":"https:\/\/webs.uab.cat\/txicc\/wp-json\/wp\/v2\/media?parent=605"}],"curies":[{"name":"wp","href":"https:\/\/api.w.org\/{rel}","templated":true}]}}

Entrevista a Javier Altayó

<p>Javier Altayó (Sabadell, 1978) és llicenciat en Traducció i Interpretació per la Universitat Autònoma de Barcelona. És traductor del xinès i ha traduït al castellà obres com <em>El problema de los tres cuerpos</em> i <em>La esfera luminosa</em> de Liu Cixin, així com <em>El sueño de la Montaña del Oro</em>, de Zhang Lin, entre d&#8217;altres. Actualment compagina la seva activitat traductora amb la docència de l&#8217;espanyol a Taipei.</p>
<p>&nbsp;</p>
<p><strong>Primera part:</strong></p>
<p><iframe loading="lazy" allow="accelerometer; autoplay; encrypted-media; gyroscope; picture-in-picture" allowfullscreen="" frameborder="0" height="315" src="https://www.youtube.com/embed/BuHgVddwzHA" width="560"></iframe></p>
<p>&nbsp;</p>
<p><strong>Segona part:</strong></p>
<p><iframe loading="lazy" allow="accelerometer; autoplay; encrypted-media; gyroscope; picture-in-picture" allowfullscreen="" frameborder="0" height="315" src="https://www.youtube.com/embed/bQHep303l5M" width="560"></iframe></p>

<p>Javier Altayó (Sabadell, 1978) és llicenciat en Traducció i Interpretació per la Universitat Autònoma de Barcelona. És traductor del xinès i ha traduït al castellà obres com El problema de los tres cuerpos i La esfera luminosa de Liu Cixin, així com El sueño de la Montaña del Oro, de Zhang Lin, entre d&#8217;altres. Actualment [&hellip;]</p>

<!-- This site is optimized with the Yoast SEO plugin v26.8 - https://yoast.com/product/yoast-seo-wordpress/ -->
<title>Entrevista a Javier Altayó - Grup de recerca en Traducció del xinès al català/castellà (TXICC)</title>
<meta name="robots" content="index, follow, max-snippet:-1, max-image-preview:large, max-video-preview:-1" />
<link rel="canonical" href="https://webs.uab.cat/txicc/entrevista-a-javier-altayo/" />
<meta property="og:locale" content="ca_ES" />
<meta property="og:type" content="article" />
<meta property="og:title" content="Entrevista a Javier Altayó - Grup de recerca en Traducció del xinès al català/castellà (TXICC)" />
<meta property="og:description" content="Javier Altayó (Sabadell, 1978) és llicenciat en Traducció i Interpretació per la Universitat Autònoma de Barcelona. És traductor del xinès i ha traduït al castellà obres com El problema de los tres cuerpos i La esfera luminosa de Liu Cixin, així com El sueño de la Montaña del Oro, de Zhang Lin, entre d&#8217;altres. Actualment [&hellip;]" />
<meta property="og:url" content="https://webs.uab.cat/txicc/entrevista-a-javier-altayo/" />
<meta property="og:site_name" content="Grup de recerca en Traducció del xinès al català/castellà (TXICC)" />
<meta name="twitter:card" content="summary_large_image" />
<script type="application/ld+json" class="yoast-schema-graph">{"@context":"https://schema.org","@graph":[{"@type":"WebPage","@id":"https://webs.uab.cat/txicc/entrevista-a-javier-altayo/","url":"https://webs.uab.cat/txicc/entrevista-a-javier-altayo/","name":"Entrevista a Javier Altayó - Grup de recerca en Traducció del xinès al català/castellà (TXICC)","isPartOf":{"@id":"https://webs.uab.cat/txicc/#website"},"datePublished":"2019-02-01T13:33:33+00:00","breadcrumb":{"@id":"https://webs.uab.cat/txicc/entrevista-a-javier-altayo/#breadcrumb"},"inLanguage":"ca","potentialAction":[{"@type":"ReadAction","target":["https://webs.uab.cat/txicc/entrevista-a-javier-altayo/"]}]},{"@type":"BreadcrumbList","@id":"https://webs.uab.cat/txicc/entrevista-a-javier-altayo/#breadcrumb","itemListElement":[{"@type":"ListItem","position":1,"name":"Portada","item":"https://webs.uab.cat/txicc/"},{"@type":"ListItem","position":2,"name":"Entrevista a Javier Altayó"}]},{"@type":"WebSite","@id":"https://webs.uab.cat/txicc/#website","url":"https://webs.uab.cat/txicc/","name":"Grup de recerca en Traducció del xinès al català/castellà (TXICC)","description":"","potentialAction":[{"@type":"SearchAction","target":{"@type":"EntryPoint","urlTemplate":"https://webs.uab.cat/txicc/?s={search_term_string}"},"query-input":{"@type":"PropertyValueSpecification","valueRequired":true,"valueName":"search_term_string"}}],"inLanguage":"ca"}]}</script>
<!-- / Yoast SEO plugin. -->

Entrevista a Javier Altayó - Grup de recerca en Traducció del xinès al català/castellà (TXICC)

Javier Altayó (Sabadell, 1978) és llicenciat en Traducció i Interpretació per la Universitat Autònoma de Barcelona. És traductor del xinès i ha traduït al castellà obres com El problema de los tres cuerpos i La esfera luminosa de Liu Cixin, així com El sueño de la Montaña del Oro, de Zhang Lin, entre d&#8217;altres. Actualment [&hellip;]

Grup de recerca en Traducció del xinès al català/castellà (TXICC)
