{"id":606,"date":"2019-03-04T13:09:09","date_gmt":"2019-03-04T11:09:09","guid":{"rendered":"https:\/\/webs.uab.cat\/txicc\/manuelpavon\/"},"modified":"2019-03-04T13:09:09","modified_gmt":"2019-03-04T11:09:09","slug":"manuelpavon","status":"publish","type":"page","link":"https:\/\/webs.uab.cat\/txicc\/manuelpavon\/","title":{"rendered":"Entrevista a Manuel Pav\u00f3n Beliz\u00f3n"},"content":{"rendered":"<p>Manuel Pav\u00f3n Beliz\u00f3n \u00e9s llicenciat en Traducci\u00f3 i Interpretaci\u00f3 per la Universitat de Granada i m\u00e0ster en Estudis Xinesos per la Universitat Pompeu Fabra de Barcelona. Va estudiar xin\u00e8s a la Universitat Jiaotong de Pequ\u00edn i a la Universitat d&#8217;Estudis Estrangers de Pequ\u00edn. Actualment, realitza la seva recerca predoctoral sobre traducci\u00f3 i pensament xin\u00e8s contemporani a la Universitat Oberta de Catalunya i va ser investigador visitant a la Universitat de Pequ\u00edn el 2016. Treballa com a professor de xin\u00e8s i responsable de l&#8217;\u00e0rea acad\u00e8mica a la Fundaci\u00f3 Institut Confuci de Barcelona. Ha tradu\u00eft obres de Li Er, Zhu Chaomin, Fang Fang i Can Xue, entre d&#8217;altres. Va rebre el premi de traducci\u00f3 liter\u00e0ria Institut Confuci de Granada el 2012 i el premi de traducci\u00f3 de poesia 1\u00d71 de la UNAM i el C\u00edrculo de Traductores de M\u00e9xico en 2016. \u00c9s membre de l&#8217;equip editorial de la China Traducida.<\/p>\n<p><strong>Primera parte<\/strong><\/p>\n<p><iframe loading=\"lazy\" allow=\"accelerometer; autoplay; encrypted-media; gyroscope; picture-in-picture\" allowfullscreen=\"\" frameborder=\"0\" height=\"315\" src=\"https:\/\/www.youtube.com\/embed\/UGs5mvI6uGY\" width=\"560\"><\/iframe><\/p>\n<p>&nbsp;<\/p>\n<p><strong>Segunda parte<\/strong><\/p>\n<p><iframe loading=\"lazy\" allow=\"accelerometer; autoplay; encrypted-media; gyroscope; picture-in-picture\" allowfullscreen=\"\" frameborder=\"0\" height=\"315\" src=\"https:\/\/www.youtube.com\/embed\/8RZF1OGyNn4\" width=\"560\"><\/iframe><\/p>\n","protected":false},"excerpt":{"rendered":"<p>Manuel Pav\u00f3n Beliz\u00f3n \u00e9s llicenciat en Traducci\u00f3 i Interpretaci\u00f3 per la Universitat de Granada i m\u00e0ster en Estudis Xinesos per la Universitat Pompeu Fabra de Barcelona. Va estudiar xin\u00e8s a la Universitat Jiaotong de Pequ\u00edn i a la Universitat d&#8217;Estudis Estrangers de Pequ\u00edn. Actualment, realitza la seva recerca predoctoral sobre traducci\u00f3 i pensament xin\u00e8s contemporani [&hellip;]<\/p>\n","protected":false},"author":20,"featured_media":0,"parent":0,"menu_order":0,"comment_status":"closed","ping_status":"closed","template":"","meta":{"footnotes":""},"class_list":["post-606","page","type-page","status-publish","hentry"],"yoast_head":"<!-- This site is optimized with the Yoast SEO plugin v26.8 - https:\/\/yoast.com\/product\/yoast-seo-wordpress\/ -->\n<title>Entrevista a Manuel Pav\u00f3n Beliz\u00f3n - Grup de recerca en Traducci\u00f3 del xin\u00e8s al catal\u00e0\/castell\u00e0 (TXICC)<\/title>\n<meta name=\"robots\" content=\"index, follow, max-snippet:-1, max-image-preview:large, max-video-preview:-1\" \/>\n<link rel=\"canonical\" href=\"https:\/\/webs.uab.cat\/txicc\/manuelpavon\/\" \/>\n<meta property=\"og:locale\" content=\"ca_ES\" \/>\n<meta property=\"og:type\" content=\"article\" \/>\n<meta property=\"og:title\" content=\"Entrevista a Manuel Pav\u00f3n Beliz\u00f3n - Grup de recerca en Traducci\u00f3 del xin\u00e8s al catal\u00e0\/castell\u00e0 (TXICC)\" \/>\n<meta property=\"og:description\" content=\"Manuel Pav\u00f3n Beliz\u00f3n \u00e9s llicenciat en Traducci\u00f3 i Interpretaci\u00f3 per la Universitat de Granada i m\u00e0ster en Estudis Xinesos per la Universitat Pompeu Fabra de Barcelona. Va estudiar xin\u00e8s a la Universitat Jiaotong de Pequ\u00edn i a la Universitat d&#8217;Estudis Estrangers de Pequ\u00edn. Actualment, realitza la seva recerca predoctoral sobre traducci\u00f3 i pensament xin\u00e8s contemporani [&hellip;]\" \/>\n<meta property=\"og:url\" content=\"https:\/\/webs.uab.cat\/txicc\/manuelpavon\/\" \/>\n<meta property=\"og:site_name\" content=\"Grup de recerca en Traducci\u00f3 del xin\u00e8s al catal\u00e0\/castell\u00e0 (TXICC)\" \/>\n<meta name=\"twitter:card\" content=\"summary_large_image\" \/>\n<meta name=\"twitter:label1\" content=\"Temps estimat de lectura\" \/>\n\t<meta name=\"twitter:data1\" content=\"1 minut\" \/>\n<script type=\"application\/ld+json\" class=\"yoast-schema-graph\">{\"@context\":\"https:\/\/schema.org\",\"@graph\":[{\"@type\":\"WebPage\",\"@id\":\"https:\/\/webs.uab.cat\/txicc\/manuelpavon\/\",\"url\":\"https:\/\/webs.uab.cat\/txicc\/manuelpavon\/\",\"name\":\"Entrevista a Manuel Pav\u00f3n Beliz\u00f3n - Grup de recerca en Traducci\u00f3 del xin\u00e8s al catal\u00e0\/castell\u00e0 (TXICC)\",\"isPartOf\":{\"@id\":\"https:\/\/webs.uab.cat\/txicc\/#website\"},\"datePublished\":\"2019-03-04T11:09:09+00:00\",\"breadcrumb\":{\"@id\":\"https:\/\/webs.uab.cat\/txicc\/manuelpavon\/#breadcrumb\"},\"inLanguage\":\"ca\",\"potentialAction\":[{\"@type\":\"ReadAction\",\"target\":[\"https:\/\/webs.uab.cat\/txicc\/manuelpavon\/\"]}]},{\"@type\":\"BreadcrumbList\",\"@id\":\"https:\/\/webs.uab.cat\/txicc\/manuelpavon\/#breadcrumb\",\"itemListElement\":[{\"@type\":\"ListItem\",\"position\":1,\"name\":\"Portada\",\"item\":\"https:\/\/webs.uab.cat\/txicc\/\"},{\"@type\":\"ListItem\",\"position\":2,\"name\":\"Entrevista a Manuel Pav\u00f3n Beliz\u00f3n\"}]},{\"@type\":\"WebSite\",\"@id\":\"https:\/\/webs.uab.cat\/txicc\/#website\",\"url\":\"https:\/\/webs.uab.cat\/txicc\/\",\"name\":\"Grup de recerca en Traducci\u00f3 del xin\u00e8s al catal\u00e0\/castell\u00e0 (TXICC)\",\"description\":\"\",\"potentialAction\":[{\"@type\":\"SearchAction\",\"target\":{\"@type\":\"EntryPoint\",\"urlTemplate\":\"https:\/\/webs.uab.cat\/txicc\/?s={search_term_string}\"},\"query-input\":{\"@type\":\"PropertyValueSpecification\",\"valueRequired\":true,\"valueName\":\"search_term_string\"}}],\"inLanguage\":\"ca\"}]}<\/script>\n<!-- \/ Yoast SEO plugin. -->","yoast_head_json":{"title":"Entrevista a Manuel Pav\u00f3n Beliz\u00f3n - Grup de recerca en Traducci\u00f3 del xin\u00e8s al catal\u00e0\/castell\u00e0 (TXICC)","robots":{"index":"index","follow":"follow","max-snippet":"max-snippet:-1","max-image-preview":"max-image-preview:large","max-video-preview":"max-video-preview:-1"},"canonical":"https:\/\/webs.uab.cat\/txicc\/manuelpavon\/","og_locale":"ca_ES","og_type":"article","og_title":"Entrevista a Manuel Pav\u00f3n Beliz\u00f3n - Grup de recerca en Traducci\u00f3 del xin\u00e8s al catal\u00e0\/castell\u00e0 (TXICC)","og_description":"Manuel Pav\u00f3n Beliz\u00f3n \u00e9s llicenciat en Traducci\u00f3 i Interpretaci\u00f3 per la Universitat de Granada i m\u00e0ster en Estudis Xinesos per la Universitat Pompeu Fabra de Barcelona. Va estudiar xin\u00e8s a la Universitat Jiaotong de Pequ\u00edn i a la Universitat d&#8217;Estudis Estrangers de Pequ\u00edn. Actualment, realitza la seva recerca predoctoral sobre traducci\u00f3 i pensament xin\u00e8s contemporani [&hellip;]","og_url":"https:\/\/webs.uab.cat\/txicc\/manuelpavon\/","og_site_name":"Grup de recerca en Traducci\u00f3 del xin\u00e8s al catal\u00e0\/castell\u00e0 (TXICC)","twitter_card":"summary_large_image","twitter_misc":{"Temps estimat de lectura":"1 minut"},"schema":{"@context":"https:\/\/schema.org","@graph":[{"@type":"WebPage","@id":"https:\/\/webs.uab.cat\/txicc\/manuelpavon\/","url":"https:\/\/webs.uab.cat\/txicc\/manuelpavon\/","name":"Entrevista a Manuel Pav\u00f3n Beliz\u00f3n - Grup de recerca en Traducci\u00f3 del xin\u00e8s al catal\u00e0\/castell\u00e0 (TXICC)","isPartOf":{"@id":"https:\/\/webs.uab.cat\/txicc\/#website"},"datePublished":"2019-03-04T11:09:09+00:00","breadcrumb":{"@id":"https:\/\/webs.uab.cat\/txicc\/manuelpavon\/#breadcrumb"},"inLanguage":"ca","potentialAction":[{"@type":"ReadAction","target":["https:\/\/webs.uab.cat\/txicc\/manuelpavon\/"]}]},{"@type":"BreadcrumbList","@id":"https:\/\/webs.uab.cat\/txicc\/manuelpavon\/#breadcrumb","itemListElement":[{"@type":"ListItem","position":1,"name":"Portada","item":"https:\/\/webs.uab.cat\/txicc\/"},{"@type":"ListItem","position":2,"name":"Entrevista a Manuel Pav\u00f3n Beliz\u00f3n"}]},{"@type":"WebSite","@id":"https:\/\/webs.uab.cat\/txicc\/#website","url":"https:\/\/webs.uab.cat\/txicc\/","name":"Grup de recerca en Traducci\u00f3 del xin\u00e8s al catal\u00e0\/castell\u00e0 (TXICC)","description":"","potentialAction":[{"@type":"SearchAction","target":{"@type":"EntryPoint","urlTemplate":"https:\/\/webs.uab.cat\/txicc\/?s={search_term_string}"},"query-input":{"@type":"PropertyValueSpecification","valueRequired":true,"valueName":"search_term_string"}}],"inLanguage":"ca"}]}},"_links":{"self":[{"href":"https:\/\/webs.uab.cat\/txicc\/wp-json\/wp\/v2\/pages\/606","targetHints":{"allow":["GET"]}}],"collection":[{"href":"https:\/\/webs.uab.cat\/txicc\/wp-json\/wp\/v2\/pages"}],"about":[{"href":"https:\/\/webs.uab.cat\/txicc\/wp-json\/wp\/v2\/types\/page"}],"author":[{"embeddable":true,"href":"https:\/\/webs.uab.cat\/txicc\/wp-json\/wp\/v2\/users\/20"}],"replies":[{"embeddable":true,"href":"https:\/\/webs.uab.cat\/txicc\/wp-json\/wp\/v2\/comments?post=606"}],"version-history":[{"count":0,"href":"https:\/\/webs.uab.cat\/txicc\/wp-json\/wp\/v2\/pages\/606\/revisions"}],"wp:attachment":[{"href":"https:\/\/webs.uab.cat\/txicc\/wp-json\/wp\/v2\/media?parent=606"}],"curies":[{"name":"wp","href":"https:\/\/api.w.org\/{rel}","templated":true}]}}