{"id":8,"date":"2021-02-22T17:24:54","date_gmt":"2021-02-22T15:24:54","guid":{"rendered":"https:\/\/blogs.uab.cat\/uaic\/?page_id=8"},"modified":"2023-01-29T21:41:34","modified_gmt":"2023-01-29T19:41:34","slug":"equipo","status":"publish","type":"page","link":"https:\/\/webs.uab.cat\/uaic\/equipo\/","title":{"rendered":"Equip"},"content":{"rendered":"<p><span style=\"font-weight: 400\">El nostre Equip desenvolupa una l\u00ednia d&#8217;Investigaci\u00f3 pionera en la prevenci\u00f3 de Problemes Relacionats amb el Pes, la Ingesta i la Imatge Corporal des de l&#8217;any 2002.<\/span><\/p>\n<p style=\"padding-left: 120px\"><img loading=\"lazy\" decoding=\"async\" class=\"wp-image-391 aligncenter\" src=\"https:\/\/webs.uab.cat\/uaic\/wp-content\/uploads\/sites\/321\/2023\/01\/Equip-UAIC-300x212.png\" alt=\"\" width=\"374\" height=\"264\" srcset=\"https:\/\/webs.uab.cat\/uaic\/wp-content\/uploads\/sites\/321\/2023\/01\/Equip-UAIC-300x212.png 300w, https:\/\/webs.uab.cat\/uaic\/wp-content\/uploads\/sites\/321\/2023\/01\/Equip-UAIC.png 742w\" sizes=\"auto, (max-width: 374px) 100vw, 374px\" \/><\/p>\n\n\n<p><\/p>\n\n\n","protected":false},"excerpt":{"rendered":"<p>El nostre Equip desenvolupa una l\u00ednia d&#8217;Investigaci\u00f3 pionera en la prevenci\u00f3 de Problemes Relacionats amb el Pes, la Ingesta i la Imatge Corporal des de l&#8217;any 2002.<\/p>\n","protected":false},"author":2547,"featured_media":252,"parent":0,"menu_order":0,"comment_status":"closed","ping_status":"closed","template":"full-width-page-template.php","meta":{"footnotes":""},"class_list":["post-8","page","type-page","status-publish","has-post-thumbnail","hentry"],"_links":{"self":[{"href":"https:\/\/webs.uab.cat\/uaic\/wp-json\/wp\/v2\/pages\/8","targetHints":{"allow":["GET"]}}],"collection":[{"href":"https:\/\/webs.uab.cat\/uaic\/wp-json\/wp\/v2\/pages"}],"about":[{"href":"https:\/\/webs.uab.cat\/uaic\/wp-json\/wp\/v2\/types\/page"}],"author":[{"embeddable":true,"href":"https:\/\/webs.uab.cat\/uaic\/wp-json\/wp\/v2\/users\/2547"}],"replies":[{"embeddable":true,"href":"https:\/\/webs.uab.cat\/uaic\/wp-json\/wp\/v2\/comments?post=8"}],"version-history":[{"count":11,"href":"https:\/\/webs.uab.cat\/uaic\/wp-json\/wp\/v2\/pages\/8\/revisions"}],"predecessor-version":[{"id":404,"href":"https:\/\/webs.uab.cat\/uaic\/wp-json\/wp\/v2\/pages\/8\/revisions\/404"}],"wp:featuredmedia":[{"embeddable":true,"href":"https:\/\/webs.uab.cat\/uaic\/wp-json\/"}],"wp:attachment":[{"href":"https:\/\/webs.uab.cat\/uaic\/wp-json\/wp\/v2\/media?parent=8"}],"curies":[{"name":"wp","href":"https:\/\/api.w.org\/{rel}","templated":true}]}}