{"id":22,"date":"2016-07-25T11:39:37","date_gmt":"2016-07-25T11:39:37","guid":{"rendered":"https:\/\/webs.uab.cat\/unup\/guests\/"},"modified":"2016-07-25T11:39:37","modified_gmt":"2016-07-25T11:39:37","slug":"guests","status":"publish","type":"page","link":"https:\/\/webs.uab.cat\/unup\/guests\/","title":{"rendered":"Guests"},"content":{"rendered":"<ul>\n<li>\n<p align=\"justify\"><a href=\"https:\/\/paris-sorbonne.academia.edu\/SumiShimahara\" target=\"_blank\" rel=\"noopener\">Sumi Shimahara<\/a>, <a href=\"http:\/\/lettres.sorbonne-universite.fr\/\" target=\"_blank\" rel=\"noopener\">Universit\u00e9 Paris-Sorbonne (Paris IV)<\/a>, Paris (France): June 20\u201222, 2019.<\/p>\n<\/li>\n<li>\n<p align=\"justify\"><a href=\"http:\/\/ephe-sorbonne.academia.edu\/GaelleBosseman\" target=\"_blank\" rel=\"noopener\">Ga\u00eblle Bosseman<\/a>, <a href=\"https:\/\/www.ephe.fr\/\" target=\"_blank\" rel=\"noopener\">\u00c9cole Pratiques des Hautes \u00c9tudes<\/a> (Paris)\/<a href=\"https:\/\/www.casadevelazquez.org\/es\/investigacion\/investigadores\/gaelle-bosseman\/\" target=\"_blank\" rel=\"noopener\">Casa de Vel\u00e1zquez<\/a> (Madrid): October 17, 2018.<\/p>\n<\/li>\n<li>\n<p align=\"justify\"><a href=\"http:\/\/pagines.uab.cat\/unup\/content\/stefan-esders\">Stefan Esders<\/a> (Berlin), <a href=\"http:\/\/pagines.uab.cat\/unup\/content\/sarah-greer\">Sarah Greer<\/a> (St Andrews), <a href=\"http:\/\/pagines.uab.cat\/unup\/content\/sarah-hamilton\">Sarah Hamilton<\/a> (Exeter), <a href=\"http:\/\/independent.academia.edu\/AliceHicklin\">Alice Hicklin<\/a> (Berlin), <a href=\"http:\/\/pagines.uab.cat\/unup\/content\/simon-maclean\">Simon MacLean<\/a> (St Andrews), <a href=\"http:\/\/pagines.uab.cat\/unup\/content\/ekaterina-novokhatko\">Ekaterina Novokhatko<\/a> (Barcelona), <a href=\"https:\/\/exeter.academia.edu\/LennekeVanRaaij\" target=\"_blank\" rel=\"noopener\">Lenneke van Raaij<\/a> (Exeter), <a href=\"http:\/\/pagines.uab.cat\/unup\/content\/matthias-m-tischler\">Matthias M. Tischler<\/a> (Barcelona), <a href=\"https:\/\/oeaw.academia.edu\/JelleWassenaar\" target=\"_blank\" rel=\"noopener\">Jelle Wassenaar<\/a> (Vienna), <a href=\"https:\/\/www.geschichte.uni-hamburg.de\/arbeitsbereiche\/mittelalter\/personen\/depreux.html\" target=\"_blank\" rel=\"noopener\">Philippe Depreux<\/a> (Hamburg), <a href=\"http:\/\/lettres.sorbonne-universite.fr\/article\/shimahara-sumi?lettre=s\" target=\"_blank\" rel=\"noopener\">Sumi Shimahara<\/a> (Paris), <a href=\"https:\/\/www.sheffield.ac.uk\/history\/staff\/charles-west\" target=\"_blank\" rel=\"noopener\">Charles West<\/a> (Sheffield), May 24-26, 2018.<\/p>\n<\/li>\n<\/ul>\n<ul>\n<li>\n<p align=\"justify\"><a href=\"http:\/\/www.oeaw.ac.at\/imafo\/die-abteilungen\/historische-identitaetsforschung\/ag-strategien-der-identifikation\/mitarbeiterinnen-sozsi\/patrick-marschner\/\" target=\"_blank\" rel=\"noopener\">Patrick Marschner<\/a>, <a href=\"http:\/\/www.oeaw.ac.at\/oesterreichische-akademie-der-wissenschaften\/\" target=\"_blank\" rel=\"noopener\">\u00d6sterreichische Akademie der Wissenschaften<\/a>, Institut f\u00fcr Mittelalterforschung, Vienna (Austria): January, 30 \u2012 February 24, 2017.<\/p>\n<\/li>\n<\/ul>\n<p>&nbsp;<\/p>\n","protected":false},"excerpt":{"rendered":"<p>Sumi Shimahara, Universit\u00e9 Paris-Sorbonne (Paris IV), Paris (France): June 20\u201222, 2019. Ga\u00eblle Bosseman, \u00c9cole Pratiques des Hautes \u00c9tudes (Paris)\/Casa de Vel\u00e1zquez (Madrid): October 17, 2018. Stefan Esders (Berlin), Sarah Greer (St Andrews), Sarah Hamilton (Exeter), Alice Hicklin (Berlin), Simon MacLean (St Andrews), Ekaterina Novokhatko (Barcelona), Lenneke van Raaij (Exeter), Matthias M. Tischler (Barcelona), Jelle Wassenaar [&hellip;]<\/p>\n","protected":false},"author":20,"featured_media":0,"parent":0,"menu_order":0,"comment_status":"closed","ping_status":"closed","template":"","meta":{"footnotes":""},"class_list":["post-22","page","type-page","status-publish","hentry"],"_links":{"self":[{"href":"https:\/\/webs.uab.cat\/unup\/wp-json\/wp\/v2\/pages\/22","targetHints":{"allow":["GET"]}}],"collection":[{"href":"https:\/\/webs.uab.cat\/unup\/wp-json\/wp\/v2\/pages"}],"about":[{"href":"https:\/\/webs.uab.cat\/unup\/wp-json\/wp\/v2\/types\/page"}],"author":[{"embeddable":true,"href":"https:\/\/webs.uab.cat\/unup\/wp-json\/wp\/v2\/users\/20"}],"replies":[{"embeddable":true,"href":"https:\/\/webs.uab.cat\/unup\/wp-json\/wp\/v2\/comments?post=22"}],"version-history":[{"count":0,"href":"https:\/\/webs.uab.cat\/unup\/wp-json\/wp\/v2\/pages\/22\/revisions"}],"wp:attachment":[{"href":"https:\/\/webs.uab.cat\/unup\/wp-json\/wp\/v2\/media?parent=22"}],"curies":[{"name":"wp","href":"https:\/\/api.w.org\/{rel}","templated":true}]}}