{"id":129,"date":"2014-02-03T11:44:22","date_gmt":"2014-02-03T11:44:22","guid":{"rendered":"https:\/\/webs.uab.cat\/upmic\/analisi-dimatge-i-morfometria\/"},"modified":"2022-08-15T13:17:31","modified_gmt":"2022-08-15T13:17:31","slug":"analisi-dimatge-i-morfometria","status":"publish","type":"page","link":"https:\/\/webs.uab.cat\/upmic\/analisi-dimatge-i-morfometria\/","title":{"rendered":"An\u00e0lisi d&#8217;imatge i morfometria"},"content":{"rendered":"<div class=\"wp-block-image\">\n<figure class=\"aligncenter is-resized\"><img loading=\"lazy\" decoding=\"async\" src=\"https:\/\/webs.uab.cat\/upmic\/wp-content\/uploads\/sites\/175\/2014\/02\/quefem11.jpg\" alt=\"\" class=\"wp-image-126\" width=\"692\" height=\"277\" srcset=\"https:\/\/webs.uab.cat\/upmic\/wp-content\/uploads\/sites\/175\/2014\/02\/quefem11.jpg 500w, https:\/\/webs.uab.cat\/upmic\/wp-content\/uploads\/sites\/175\/2014\/02\/quefem11-300x120.jpg 300w\" sizes=\"auto, (max-width: 692px) 100vw, 692px\" \/><\/figure>\n<\/div>\n\n\n<p>A l&#8217;informe s&#8217;inclouen fotos macrosc\u00f2piques i microsc\u00f2piques i, si s&#8217;escau, els resultats dels estudis morfom\u00e8trics.<\/p>\n","protected":false},"excerpt":{"rendered":"<p>A l&#8217;informe s&#8217;inclouen fotos macrosc\u00f2piques i microsc\u00f2piques i, si s&#8217;escau, els resultats dels estudis morfom\u00e8trics.<\/p>\n","protected":false},"author":20,"featured_media":0,"parent":0,"menu_order":0,"comment_status":"closed","ping_status":"closed","template":"","meta":{"footnotes":""},"class_list":["post-129","page","type-page","status-publish","hentry"],"_links":{"self":[{"href":"https:\/\/webs.uab.cat\/upmic\/wp-json\/wp\/v2\/pages\/129","targetHints":{"allow":["GET"]}}],"collection":[{"href":"https:\/\/webs.uab.cat\/upmic\/wp-json\/wp\/v2\/pages"}],"about":[{"href":"https:\/\/webs.uab.cat\/upmic\/wp-json\/wp\/v2\/types\/page"}],"author":[{"embeddable":true,"href":"https:\/\/webs.uab.cat\/upmic\/wp-json\/wp\/v2\/users\/20"}],"replies":[{"embeddable":true,"href":"https:\/\/webs.uab.cat\/upmic\/wp-json\/wp\/v2\/comments?post=129"}],"version-history":[{"count":1,"href":"https:\/\/webs.uab.cat\/upmic\/wp-json\/wp\/v2\/pages\/129\/revisions"}],"predecessor-version":[{"id":309,"href":"https:\/\/webs.uab.cat\/upmic\/wp-json\/wp\/v2\/pages\/129\/revisions\/309"}],"wp:attachment":[{"href":"https:\/\/webs.uab.cat\/upmic\/wp-json\/wp\/v2\/media?parent=129"}],"curies":[{"name":"wp","href":"https:\/\/api.w.org\/{rel}","templated":true}]}}