{"id":134,"date":"2014-02-03T11:46:12","date_gmt":"2014-02-03T11:46:12","guid":{"rendered":"https:\/\/webs.uab.cat\/upmic\/formacio-0\/"},"modified":"2022-08-15T13:18:03","modified_gmt":"2022-08-15T13:18:03","slug":"formacio-0","status":"publish","type":"page","link":"https:\/\/webs.uab.cat\/upmic\/formacio-0\/","title":{"rendered":"Formaci\u00f3"},"content":{"rendered":"\n<p>Des del servei tamb\u00e9 oferim formaci\u00f3 en patologia general i amb especial refer\u00e8ncia al ratol\u00ed transg\u00e8nic, a veterinaris, investigadors i t\u00e8cnics.<\/p>\n\n\n<div class=\"wp-block-image\">\n<figure class=\"aligncenter is-resized\"><img loading=\"lazy\" decoding=\"async\" src=\"https:\/\/webs.uab.cat\/upmic\/wp-content\/uploads\/sites\/175\/2014\/02\/quefem12.jpg\" alt=\"\" class=\"wp-image-131\" width=\"692\" height=\"461\" srcset=\"https:\/\/webs.uab.cat\/upmic\/wp-content\/uploads\/sites\/175\/2014\/02\/quefem12.jpg 500w, https:\/\/webs.uab.cat\/upmic\/wp-content\/uploads\/sites\/175\/2014\/02\/quefem12-300x200.jpg 300w\" sizes=\"auto, (max-width: 692px) 100vw, 692px\" \/><\/figure>\n<\/div>","protected":false},"excerpt":{"rendered":"<p>Des del servei tamb\u00e9 oferim formaci\u00f3 en patologia general i amb especial refer\u00e8ncia al ratol\u00ed transg\u00e8nic, a veterinaris, investigadors i t\u00e8cnics.<\/p>\n","protected":false},"author":20,"featured_media":0,"parent":0,"menu_order":0,"comment_status":"closed","ping_status":"closed","template":"","meta":{"footnotes":""},"class_list":["post-134","page","type-page","status-publish","hentry"],"_links":{"self":[{"href":"https:\/\/webs.uab.cat\/upmic\/wp-json\/wp\/v2\/pages\/134","targetHints":{"allow":["GET"]}}],"collection":[{"href":"https:\/\/webs.uab.cat\/upmic\/wp-json\/wp\/v2\/pages"}],"about":[{"href":"https:\/\/webs.uab.cat\/upmic\/wp-json\/wp\/v2\/types\/page"}],"author":[{"embeddable":true,"href":"https:\/\/webs.uab.cat\/upmic\/wp-json\/wp\/v2\/users\/20"}],"replies":[{"embeddable":true,"href":"https:\/\/webs.uab.cat\/upmic\/wp-json\/wp\/v2\/comments?post=134"}],"version-history":[{"count":1,"href":"https:\/\/webs.uab.cat\/upmic\/wp-json\/wp\/v2\/pages\/134\/revisions"}],"predecessor-version":[{"id":310,"href":"https:\/\/webs.uab.cat\/upmic\/wp-json\/wp\/v2\/pages\/134\/revisions\/310"}],"wp:attachment":[{"href":"https:\/\/webs.uab.cat\/upmic\/wp-json\/wp\/v2\/media?parent=134"}],"curies":[{"name":"wp","href":"https:\/\/api.w.org\/{rel}","templated":true}]}}