{"id":285,"date":"2025-01-15T11:37:26","date_gmt":"2025-01-15T09:37:26","guid":{"rendered":"https:\/\/webs.uab.cat\/veus\/?page_id=285"},"modified":"2025-11-17T18:47:40","modified_gmt":"2025-11-17T16:47:40","slug":"xerrades-2024","status":"publish","type":"page","link":"https:\/\/webs.uab.cat\/veus\/xerrades-2024\/","title":{"rendered":"Xerrades"},"content":{"rendered":"\n<p><strong>Veus \u00e9s la iniciativa de la UAB perqu\u00e8 estudiants de doctorat, personal d&#8217; investigaci\u00f3, d\u2019administraci\u00f3 i serveis i alumni puguin fer divulgaci\u00f3 de la ci\u00e8ncia a la societat en format de xerrades. <\/strong><\/p>\n\n\n\n<p>Veus t\u00e9 l\u2019objectiu de divulgar el coneixement per tal de fomentar la cultura cient\u00edfica i l\u2019esperit cr\u00edtic de la societat i donar a con\u00e8ixer idees inspiradores i transformadores sorgides de la comunitat universit\u00e0ria. La segna edici\u00f3 va tenir lloc, coincidint amb la Setmana de la Ci\u00e8ncia, el 17 de novembre a la Sala Teatre de la Universitat, podeu veure aqu\u00ed les 6 xerrades de l&#8217;edici\u00f3.<\/p>\n\n\n\n<div class=\"wp-block-columns alignwide is-layout-flex wp-container-core-columns-is-layout-9d6595d7 wp-block-columns-is-layout-flex\">\n<div class=\"wp-block-column is-layout-flow wp-block-column-is-layout-flow\">\n<figure class=\"wp-block-embed is-type-video is-provider-youtube wp-block-embed-youtube wp-embed-aspect-16-9 wp-has-aspect-ratio\"><div class=\"wp-block-embed__wrapper\">\n<iframe loading=\"lazy\" title=\"Qu\u00e8 se\u2019n fa d\u2019aquell mitj\u00f3 foradat i desaparellat que ja no vull? -  VeusUAB\" width=\"580\" height=\"326\" src=\"https:\/\/www.youtube.com\/embed\/sqMV6-iwtjY?list=PLSl0-hG_seZqPSkfnYfhavpkJ3e2w5Jtq\" frameborder=\"0\" allow=\"accelerometer; autoplay; clipboard-write; encrypted-media; gyroscope; picture-in-picture; web-share\" referrerpolicy=\"strict-origin-when-cross-origin\" allowfullscreen><\/iframe>\n<\/div><\/figure>\n<\/div>\n\n\n\n<div class=\"wp-block-column is-layout-flow wp-block-column-is-layout-flow\">\n<h2 class=\"wp-block-heading\">Qu\u00e8 se&#8217;n fa d&#8217;aquell mitj\u00f3 foradat i desaparellat que ja no vull?<\/h2>\n\n\n\n<p>T\u2019has preguntat mai on acaba la roba que elimines del teu armari perqu\u00e8 ja no la vols? Cada dia, nom\u00e9s a Catalunya, es generen tones i tones de residu t\u00e8xtil. Per\u00f2 qu\u00e8 se\u2019n fa d\u2019aquest residu? I quin impacte t\u00e9 la seva gesti\u00f3 en el medi ambient? En aquesta xerrada, la doctoranda Gemma Morell Delgado, de l\u2019Institut de Ci\u00e8ncia i Tecnologia Ambientals de la UAB, ens guiar\u00e0 a trav\u00e9s del recorregut que pateix la roba quan l\u2019eliminem dels nostres armaris, identificant quins s\u00f3n aquells aspectes que fan que la gesti\u00f3 del residu t\u00e8xtil tingui un major o menor impacte en el medi ambient.&nbsp;<\/p>\n\n\n\n<p><strong>Gemma Morell<\/strong><\/p>\n<\/div>\n<\/div>\n\n\n\n<div class=\"wp-block-columns alignwide is-layout-flex wp-container-core-columns-is-layout-9d6595d7 wp-block-columns-is-layout-flex\">\n<div class=\"wp-block-column is-layout-flow wp-block-column-is-layout-flow\">\n<h2 class=\"wp-block-heading\">Transformant el CO2: de residu a recurs<\/h2>\n\n\n\n<p>En aquesta xerrada, exploro la problem\u00e0tica de les emissions de CO\u2082, subratllant la necessitat de no nom\u00e9s reduir-les, sin\u00f3 tamb\u00e9 de transformar-les en un recurs \u00fatil. La meva recerca se centra en la captura del CO\u2082 de les emissions industrials i la seva conversi\u00f3 en \u00e0cid f\u00f2rmic mitjan\u00e7ant electricitat. Aquest \u00e0cid, quan \u00e9s consumit per microorganismes, genera \u00e0cid 3-hidroxipropi\u00f2nic, que s&#8217;utilitza per produir biopl\u00e0stics biodegradables. Encara que aquest proc\u00e9s es troba en fase de laboratori, representa una alternativa significativa per abordar el canvi clim\u00e0tic i construir un futur m\u00e9s sostenible.<\/p>\n\n\n\n<p><strong>Zainab Ul Kausar<\/strong><\/p>\n<\/div>\n\n\n\n<div class=\"wp-block-column is-layout-flow wp-block-column-is-layout-flow\">\n<figure class=\"wp-block-embed is-type-video is-provider-youtube wp-block-embed-youtube wp-embed-aspect-16-9 wp-has-aspect-ratio\"><div class=\"wp-block-embed__wrapper\">\n<iframe loading=\"lazy\" title=\"Transformant el CO\u2082: de residu a recurs - VeusUAB\" width=\"580\" height=\"326\" src=\"https:\/\/www.youtube.com\/embed\/Q_kUihqeh5w?list=PLSl0-hG_seZqPSkfnYfhavpkJ3e2w5Jtq\" frameborder=\"0\" allow=\"accelerometer; autoplay; clipboard-write; encrypted-media; gyroscope; picture-in-picture; web-share\" referrerpolicy=\"strict-origin-when-cross-origin\" allowfullscreen><\/iframe>\n<\/div><\/figure>\n<\/div>\n<\/div>\n\n\n\n<div class=\"wp-block-columns alignwide is-layout-flex wp-container-core-columns-is-layout-9d6595d7 wp-block-columns-is-layout-flex\">\n<div class=\"wp-block-column is-layout-flow wp-block-column-is-layout-flow\">\n<figure class=\"wp-block-embed is-type-video is-provider-youtube wp-block-embed-youtube wp-embed-aspect-16-9 wp-has-aspect-ratio\"><div class=\"wp-block-embed__wrapper\">\n<iframe loading=\"lazy\" title=\"La revoluci\u00f3 silenciosa: cap a una Europa laboralment justa - VeusUAB\" width=\"580\" height=\"326\" src=\"https:\/\/www.youtube.com\/embed\/6-hPahH1-xg?list=PLSl0-hG_seZqPSkfnYfhavpkJ3e2w5Jtq\" frameborder=\"0\" allow=\"accelerometer; autoplay; clipboard-write; encrypted-media; gyroscope; picture-in-picture; web-share\" referrerpolicy=\"strict-origin-when-cross-origin\" allowfullscreen><\/iframe>\n<\/div><\/figure>\n<\/div>\n\n\n\n<div class=\"wp-block-column is-layout-flow wp-block-column-is-layout-flow\">\n<h2 class=\"wp-block-heading\">La revoluci\u00f3 silenciosa: cap a una Europa laboralment justa<\/h2>\n\n\n\n<p>Imagineu que us desperteu dem\u00e0 al mat\u00ed i tots els vostres drets laborals han canviat durant la nit. Aquest escenari extrem posa de manifest la import\u00e0ncia d\u2019avan\u00e7ar cap a una veritable harmonitzaci\u00f3 de les normes dins de la Uni\u00f3 Europea. Avui, les regles del joc no s\u00f3n iguals arreu: tot i que existeix la llibertat de despla\u00e7ar-se i treballar en qualsevol pa\u00eds europeu, la manca d\u2019una regulaci\u00f3 homog\u00e8nia pot afectar greument la protecci\u00f3 dels drets laborals.<\/p>\n\n\n\n<p><strong>Ester Parareda<\/strong><\/p>\n<\/div>\n<\/div>\n\n\n\n<div class=\"wp-block-columns alignwide is-layout-flex wp-container-core-columns-is-layout-9d6595d7 wp-block-columns-is-layout-flex\">\n<div class=\"wp-block-column is-layout-flow wp-block-column-is-layout-flow\">\n<h2 class=\"wp-block-heading\">De les <em>fake news<\/em> a la (veritable) desinformaci\u00f3<\/h2>\n\n\n\n<p>Ja fa anys que sentim a parlar de \u201cfake news\u201d, de postveritat\u2026 Potser per aix\u00f2 pensem que coneixem el fenomen de la desinformaci\u00f3. Segur? Si desmuntem la narrativa medi\u00e0tica sobre la desinformaci\u00f3, veiem que hi ha for\u00e7a afirmacions dubtoses. A m\u00e9s, la recerca moltes vegades no recolza el que diuen els mitjans. Aix\u00ed veiem que no en sab\u00edem tant com ens pens\u00e0vem i, encara m\u00e9s important, aprenem que la veritable desinformaci\u00f3 no s\u00f3n les anomenades \u201cfake news\u201d sin\u00f3 la desconnexi\u00f3 entre el debat p\u00fablic i el coneixement especialitzat. Ara b\u00e9, hi ha vies de soluci\u00f3.&nbsp;<\/p>\n\n\n\n<p><strong>Miquel Urmeneta<\/strong><\/p>\n<\/div>\n\n\n\n<div class=\"wp-block-column is-layout-flow wp-block-column-is-layout-flow\">\n<figure class=\"wp-block-embed is-type-video is-provider-youtube wp-block-embed-youtube wp-embed-aspect-16-9 wp-has-aspect-ratio\"><div class=\"wp-block-embed__wrapper\">\n<iframe loading=\"lazy\" title=\"De les fake news a la (veritable) desinformaci\u00f3 - VeusUAB\" width=\"580\" height=\"326\" src=\"https:\/\/www.youtube.com\/embed\/qRf484R9TXQ?list=PLSl0-hG_seZqPSkfnYfhavpkJ3e2w5Jtq\" frameborder=\"0\" allow=\"accelerometer; autoplay; clipboard-write; encrypted-media; gyroscope; picture-in-picture; web-share\" referrerpolicy=\"strict-origin-when-cross-origin\" allowfullscreen><\/iframe>\n<\/div><\/figure>\n<\/div>\n<\/div>\n\n\n\n<div class=\"wp-block-columns alignwide is-layout-flex wp-container-core-columns-is-layout-9d6595d7 wp-block-columns-is-layout-flex\">\n<div class=\"wp-block-column is-layout-flow wp-block-column-is-layout-flow\">\n<figure class=\"wp-block-embed is-type-video is-provider-youtube wp-block-embed-youtube wp-embed-aspect-16-9 wp-has-aspect-ratio\"><div class=\"wp-block-embed__wrapper\">\n<iframe loading=\"lazy\" title=\"M\u00e9s enll\u00e0 de les paraules: el poder de la veu en la interpretaci\u00f3 de confer\u00e8ncies - VeusUAB\" width=\"580\" height=\"326\" src=\"https:\/\/www.youtube.com\/embed\/ND5sKif9OVI?feature=oembed\" frameborder=\"0\" allow=\"accelerometer; autoplay; clipboard-write; encrypted-media; gyroscope; picture-in-picture; web-share\" referrerpolicy=\"strict-origin-when-cross-origin\" allowfullscreen><\/iframe>\n<\/div><\/figure>\n<\/div>\n\n\n\n<div class=\"wp-block-column is-layout-flow wp-block-column-is-layout-flow\">\n<h2 class=\"wp-block-heading\">Mes enll\u00e0 de les paraules: el poder de la veu en la interpretaci\u00f3 de confer\u00e8ncies<\/h2>\n\n\n\n<p>En un m\u00f3n on la globalitzaci\u00f3 \u00e9s cada cop m\u00e9s present, la tasca dels int\u00e8rprets com a ponts entre lleng\u00fces i cultures esdev\u00e9 essencial per establir una comunicaci\u00f3 efica\u00e7 i de confian\u00e7a. Tanmateix, la feina de l\u2019int\u00e8rpret va molt m\u00e9s enll\u00e0 de les paraules. En aquesta xerrada descobrirem la import\u00e0ncia de la veu per tal que l\u2019int\u00e8rpret transmeti al p\u00fablic els missatges amb fidelitat, reflectint les emocions de l\u2019orador original i afavorint la comprensi\u00f3 del p\u00fablic, tot mantenint la professionalitat en cada moment.<\/p>\n\n\n\n<p><strong>Ana Isabel P\u00e9rez Real<\/strong><\/p>\n<\/div>\n<\/div>\n\n\n\n<div class=\"wp-block-columns alignwide is-layout-flex wp-container-core-columns-is-layout-9d6595d7 wp-block-columns-is-layout-flex\">\n<div class=\"wp-block-column is-layout-flow wp-block-column-is-layout-flow\">\n<h2 class=\"wp-block-heading\">Surfejant el dia a dia: mentalitzaci\u00f3 i salut mental<\/h2>\n\n\n\n<p>Qu\u00e8 \u00e9s salut mental? Qu\u00e8 \u00e9s tenir salut mental? Per a Freud i Schopenhauer, era la capacitat d\u2019estimar i de treballar. Per a nosaltres, avui dia, la idea m\u00e9s moderna de salut mental seria m\u00e9s aviat la d\u2019un estat d\u2019un equilibri din\u00e0mic. Com la que necessita un surfista per mantenir-se dret a sobre d\u2019aquesta realitat din\u00e0mica, en moviment, que \u00e9s la onada. El surfista sembla que no fa res, que estigui quiet per\u00f2 en realitat ha d\u2019estar constantment modificant la seva posici\u00f3 en l\u2019espai i rectificant el sistema de forces i contrapesos per no ser derivat per la onada. Avui dia, entenem la salut mental com un aspecte din\u00e0mic i canviant, que ens ha d\u2019ajudar a afrontar els grans estressors de la vida quotidiana.<\/p>\n\n\n\n<p><strong>Sergi Ballesp\u00ed<\/strong><\/p>\n<\/div>\n\n\n\n<div class=\"wp-block-column is-layout-flow wp-block-column-is-layout-flow\">\n<figure class=\"wp-block-embed is-type-video is-provider-youtube wp-block-embed-youtube wp-embed-aspect-16-9 wp-has-aspect-ratio\"><div class=\"wp-block-embed__wrapper\">\n<iframe loading=\"lazy\" title=\"Surfejant el dia a dia: mentalitzaci\u00f3 i salut mental - VeusUAB\" width=\"580\" height=\"326\" src=\"https:\/\/www.youtube.com\/embed\/LbQW8yKaXkw?list=PLSl0-hG_seZqPSkfnYfhavpkJ3e2w5Jtq\" frameborder=\"0\" allow=\"accelerometer; autoplay; clipboard-write; encrypted-media; gyroscope; picture-in-picture; web-share\" referrerpolicy=\"strict-origin-when-cross-origin\" allowfullscreen><\/iframe>\n<\/div><\/figure>\n<\/div>\n<\/div>\n\n\n\n<hr class=\"wp-block-separator has-alpha-channel-opacity\" \/>\n\n\n\n<div class=\"wp-block-media-text has-media-on-the-right is-stacked-on-mobile\"><div class=\"wp-block-media-text__content\">\n<p class=\"has-small-font-size\">Amb la col\u00b7laboraci\u00f3 de<\/p>\n<\/div><figure class=\"wp-block-media-text__media\"><img loading=\"lazy\" decoding=\"async\" width=\"1024\" height=\"207\" src=\"https:\/\/webs.uab.cat\/veus\/wp-content\/uploads\/sites\/475\/2025\/01\/mcin-fecyt-web-1024x207.jpeg\" alt=\"\" class=\"wp-image-302 size-full\" srcset=\"https:\/\/webs.uab.cat\/veus\/wp-content\/uploads\/sites\/475\/2025\/01\/mcin-fecyt-web-1024x207.jpeg 1024w, https:\/\/webs.uab.cat\/veus\/wp-content\/uploads\/sites\/475\/2025\/01\/mcin-fecyt-web-300x61.jpeg 300w, https:\/\/webs.uab.cat\/veus\/wp-content\/uploads\/sites\/475\/2025\/01\/mcin-fecyt-web-768x155.jpeg 768w, https:\/\/webs.uab.cat\/veus\/wp-content\/uploads\/sites\/475\/2025\/01\/mcin-fecyt-web-1536x311.jpeg 1536w, https:\/\/webs.uab.cat\/veus\/wp-content\/uploads\/sites\/475\/2025\/01\/mcin-fecyt-web-2048x414.jpeg 2048w, https:\/\/webs.uab.cat\/veus\/wp-content\/uploads\/sites\/475\/2025\/01\/mcin-fecyt-web-1200x243.jpeg 1200w, https:\/\/webs.uab.cat\/veus\/wp-content\/uploads\/sites\/475\/2025\/01\/mcin-fecyt-web-1980x401.jpeg 1980w\" sizes=\"auto, (max-width: 1024px) 100vw, 1024px\" \/><\/figure><\/div>\n\n\n\n<p class=\"has-text-align-center\"><\/p>\n\n\n\n<p><\/p>\n","protected":false},"excerpt":{"rendered":"<p>Veus \u00e9s la iniciativa de la UAB perqu\u00e8 estudiants de doctorat, personal d&#8217; investigaci\u00f3, d\u2019administraci\u00f3 i serveis i alumni puguin fer divulgaci\u00f3 de la ci\u00e8ncia a la societat en format de xerrades. Veus t\u00e9 l\u2019objectiu de divulgar el coneixement per tal de fomentar la cultura cient\u00edfica i l\u2019esperit cr\u00edtic de la societat i donar a [&hellip;]<\/p>\n","protected":false},"author":20,"featured_media":0,"parent":0,"menu_order":0,"comment_status":"closed","ping_status":"closed","template":"","meta":{"footnotes":""},"class_list":["post-285","page","type-page","status-publish","hentry"],"_links":{"self":[{"href":"https:\/\/webs.uab.cat\/veus\/wp-json\/wp\/v2\/pages\/285","targetHints":{"allow":["GET"]}}],"collection":[{"href":"https:\/\/webs.uab.cat\/veus\/wp-json\/wp\/v2\/pages"}],"about":[{"href":"https:\/\/webs.uab.cat\/veus\/wp-json\/wp\/v2\/types\/page"}],"author":[{"embeddable":true,"href":"https:\/\/webs.uab.cat\/veus\/wp-json\/wp\/v2\/users\/20"}],"replies":[{"embeddable":true,"href":"https:\/\/webs.uab.cat\/veus\/wp-json\/wp\/v2\/comments?post=285"}],"version-history":[{"count":19,"href":"https:\/\/webs.uab.cat\/veus\/wp-json\/wp\/v2\/pages\/285\/revisions"}],"predecessor-version":[{"id":521,"href":"https:\/\/webs.uab.cat\/veus\/wp-json\/wp\/v2\/pages\/285\/revisions\/521"}],"wp:attachment":[{"href":"https:\/\/webs.uab.cat\/veus\/wp-json\/wp\/v2\/media?parent=285"}],"curies":[{"name":"wp","href":"https:\/\/api.w.org\/{rel}","templated":true}]}}