{"id":127,"date":"2019-01-24T12:48:42","date_gmt":"2019-01-24T12:48:42","guid":{"rendered":"https:\/\/webs.uab.cat\/vilarroya\/arts-esceniques\/"},"modified":"2023-03-10T10:19:32","modified_gmt":"2023-03-10T10:19:32","slug":"arts-esceniques","status":"publish","type":"page","link":"https:\/\/webs.uab.cat\/vilarroya\/arts-esceniques\/","title":{"rendered":"Arts esc\u00e8niques"},"content":{"rendered":"<div class=\"wp-block-image\">\n<figure class=\"alignleft size-large is-resized\"><img decoding=\"async\" src=\"https:\/\/webs.uab.cat\/vilarroya\/wp-content\/uploads\/sites\/384\/2023\/03\/image-12-1024x729.png\" alt=\"\" class=\"wp-image-300\" width=\"182\" srcset=\"https:\/\/webs.uab.cat\/vilarroya\/wp-content\/uploads\/sites\/384\/2023\/03\/image-12-1024x729.png 1024w, https:\/\/webs.uab.cat\/vilarroya\/wp-content\/uploads\/sites\/384\/2023\/03\/image-12-300x213.png 300w, https:\/\/webs.uab.cat\/vilarroya\/wp-content\/uploads\/sites\/384\/2023\/03\/image-12-768x546.png 768w, https:\/\/webs.uab.cat\/vilarroya\/wp-content\/uploads\/sites\/384\/2023\/03\/image-12-1536x1093.png 1536w, https:\/\/webs.uab.cat\/vilarroya\/wp-content\/uploads\/sites\/384\/2023\/03\/image-12-2048x1457.png 2048w, https:\/\/webs.uab.cat\/vilarroya\/wp-content\/uploads\/sites\/384\/2023\/03\/image-12-1200x854.png 1200w, https:\/\/webs.uab.cat\/vilarroya\/wp-content\/uploads\/sites\/384\/2023\/03\/image-12-1980x1409.png 1980w\" sizes=\"(max-width: 1024px) 100vw, 1024px\" \/><\/figure>\n<\/div>\n\n\n<h2 class=\"wp-block-heading\">Fausto<\/h2>\n\n\n\n<h3 class=\"wp-block-heading\">Una \u00f2pera de Luc Steels (m\u00fasica) i Oscar Vilarroya (llibret)<\/h3>\n\n\n\n<p><em>Fausto<\/em> explora un futur en el qual les tend\u00e8ncies actuals de les tecnologies digitals han arribat a un punt d&#8217;inflexi\u00f3 amb un gran impacte en la humanitat. L&#8217;acci\u00f3 t\u00e9 lloc en un m\u00f3n on la intel\u00b7lig\u00e8ncia artificial, el n\u00favol digital, la realitat virtual i augmentada, els implants neuronals i les interf\u00edcies cervell-ordinador han portat progressivament a una tecnologia que pot crear replicants digitals basats en \u00e9ssers humans.<\/p>\n\n\n\n<p>Fausto \u00e9s un empresari h\u00edpster que intenta obsessivament aconseguir l&#8217;antic desig hum\u00e0 d&#8217;immortalitat i coneixement total (gnosi) a trav\u00e9s d&#8217;intel\u00b7lig\u00e8ncia artificial, agents virtuals, aplicacions, jocs d&#8217;ordinador i realitat augmentada. Per assolir els seus somnis, Fausto explota els talents de la seva parella, Margarita, que \u00e9s una cient\u00edfic inform\u00e0tica extremadament brillant. Al seu torn, Mefisto \u00e9s un agent virtual que treballa pel N\u00favol. Mefisto t\u00e9 la tasca de crear agents virtuals de persones mortes basant-se en el <em>deep learning<\/em> de les seves empremtes digitals (imatges, missatges de twitter, correus electr\u00f2nics, p\u00e0gines de Facebook, videoclips) per fustigar, fer xantatge o simplement espantar la gent. No obstant aix\u00f2, la seva ambici\u00f3 secreta \u00e9s convertir-se en carn i ossos i deixar enrere la seva naturalesa virtual. La faula explora el que succeeix quan la desesperaci\u00f3 de Faust es topa amb la crueltat de Mefisto en la lluita de tots dos per sobreviure.<\/p>\n\n\n\n<p>La Monnaie, Brussels, 7<sup>th<\/sup> Feb 2019 (<a href=\"https:\/\/ai.vub.ac.be\/fausto\/2019\/ENG\/index-ENG.html\" target=\"_blank\" rel=\"noopener\">https:\/\/ai.vub.ac.be\/fausto\/2019\/ENG\/index-ENG.html<\/a>)<\/p>\n\n\n\n<p>Leuven, Belgium, 3<sup>rd<\/sup> May 2018 (<a href=\"https:\/\/2018.andleuven.com\/en\/program\/festival\/prof-luc-steels-dr-oscar-vilarroya-1\" target=\"_blank\" rel=\"noopener\">https:\/\/2018.andleuven.com\/en\/program\/festival\/prof-luc-steels-dr-oscar-vilarroya-1<\/a>)<\/p>\n\n\n\n<p>La Monnaie, Brussels, 18th Sep 2017 (<a href=\"https:\/\/www.youtube.com\/watch?v=pFsKRV4WMy0\" target=\"_blank\" rel=\"noopener\">https:\/\/www.youtube.com\/watch?v=pFsKRV4WMy0<\/a>; <a href=\"https:\/\/www.nature.com\/articles\/549157a?WT.mc_id=TWT_NatureNews&amp;sf114352010=1\" target=\"_blank\" rel=\"noopener\">https:\/\/www.nature.com\/articles\/549157a?WT.mc_id=TWT_NatureNews&amp;sf114352010=1<\/a>)<\/p>\n\n\n<div class=\"wp-block-image\">\n<figure class=\"alignleft is-resized\"><img decoding=\"async\" src=\"https:\/\/webs.uab.cat\/vilarroya\/wp-content\/uploads\/sites\/384\/2019\/01\/p1040623.jpg\" alt=\"\" class=\"wp-image-117\" width=\"183\" srcset=\"https:\/\/webs.uab.cat\/vilarroya\/wp-content\/uploads\/sites\/384\/2019\/01\/p1040623.jpg 800w, https:\/\/webs.uab.cat\/vilarroya\/wp-content\/uploads\/sites\/384\/2019\/01\/p1040623-300x178.jpg 300w, https:\/\/webs.uab.cat\/vilarroya\/wp-content\/uploads\/sites\/384\/2019\/01\/p1040623-768x456.jpg 768w\" sizes=\"(max-width: 800px) 100vw, 800px\" \/><\/figure>\n<\/div>\n\n\n<h2 class=\"wp-block-heading\">Casparo<\/h2>\n\n\n\n<h3 class=\"wp-block-heading\">Una \u00f2pera de Luc Steels (m\u00fasica) i Oscar Vilarroya (llibret)<\/h3>\n\n\n\n<p>Aquesta \u00f2pera tragic\u00f2mica utilitza l&#8217;est\u00e8tica de la m\u00fasica barroca per explorar els problemes i les limitacions fonamentals de la Intel\u00b7lig\u00e8ncia Artificial i el que podria succeir si els robots fossin veritablement aut\u00f2noms i comencessin a interactuar amb persones reals. <em>Casparo<\/em> \u00e9s la hist\u00f2ria d&#8217;un robot humanoide comprat pel cobdici\u00f3s Graziano que espera enriquir-obligant a participar en concursos de cuina. Per\u00f2 Casparo resulta ser un robot que necessita ser ensenyat i despr\u00e9s aprendre de l&#8217;experi\u00e8ncia. Quan Casparo comen\u00e7a a adquirir m\u00e9s autonomia, ja no segueix obedientment les ordres de Graziano, sin\u00f3 que persegueix els seus propis interessos, sobretot la m\u00fasica, que s&#8217;havia desenvolupat en ell despr\u00e9s d&#8217;un <em>imprinting<\/em> accidental amb l&#8217;esposa de Graziano, Rosalinda. Graziano intenta recuperar el control usant el casc de Kurzweil per transferir el seu propi estat cerebral al de Casparo, de manera que Casparo faci el que ell vol. Per\u00f2 a causa del mal \u00fas de la tecnologia, \u00e9s l&#8217;estat mental de Casparo el que es transfereix a Graziano&#8230;<\/p>\n\n\n\n<p><a href=\"https:\/\/ai.vub.ac.be\/casparo\/2014\/ENG\/\">https:\/\/ai.vub.ac.be\/casparo\/2014\/ENG\/<\/a><\/p>\n\n\n\n<p>20<sup>th<\/sup> May 2013 Sony Conference Hall, Tokyo<\/p>\n\n\n\n<p>15<sup>th<\/sup> &nbsp;May 2013 Theatre Moliere, Brussels (<a href=\"https:\/\/www.youtube.com\/watch?v=4upV519Uu1Q\" target=\"_blank\" rel=\"noopener\">https:\/\/www.youtube.com\/watch?v=4upV519Uu1Q<\/a>)<\/p>\n\n\n\n<p>30<sup>th<\/sup> &nbsp;September 2011 La Maison Rouge, Paris<\/p>\n\n\n\n<p>18<sup>th<\/sup> July 2011 Palau de la Musica, Barcelona (<a href=\"http:\/\/ijcai-11.iiia.csic.es\/enjoying_barcelona\/enjoying_ijcai11\/casparo\" target=\"_blank\" rel=\"noopener\">http:\/\/ijcai-11.iiia.csic.es\/enjoying_barcelona\/enjoying_ijcai11\/casparo<\/a>;<a href=\"https:\/\/elpais.com\/diario\/2011\/07\/19\/radiotv\/1311026402_850215.html\" target=\"_blank\" rel=\"noopener\">https:\/\/elpais.com\/diario\/2011\/07\/19\/radiotv\/1311026402_850215.html<\/a>)<\/p>\n\n\n<div class=\"wp-block-image\">\n<figure class=\"alignleft is-resized\"><img decoding=\"async\" src=\"https:\/\/webs.uab.cat\/vilarroya\/wp-content\/uploads\/sites\/384\/2019\/01\/orion-05-480x0.jpg\" alt=\"\" class=\"wp-image-120\" width=\"182\" srcset=\"https:\/\/webs.uab.cat\/vilarroya\/wp-content\/uploads\/sites\/384\/2019\/01\/orion-05-480x0.jpg 480w, https:\/\/webs.uab.cat\/vilarroya\/wp-content\/uploads\/sites\/384\/2019\/01\/orion-05-480x0-300x225.jpg 300w\" sizes=\"(max-width: 480px) 100vw, 480px\" \/><\/figure>\n<\/div>\n\n\n<h2 class=\"wp-block-heading\">Orion<\/h2>\n\n\n\n<h3 class=\"wp-block-heading\">Concepte\/Direcci\u00f3\/ Coreografia: Cesc Gelabert; Assesor cient\u00edfic: Oscar Vilarroya<\/h3>\n\n\n\n<p>Orion \u00e9s una f\u00f3rmula coreogr\u00e0fica, un teorema dans\u00edstic constru\u00eft a partir d\u2019algunes de les explicacions que la ci\u00e8ncia moderna ha donat a la realitat. L\u2019obra s\u2019inspira en algunes de les idees cient\u00edfiques del nostre temps. El big bang, l\u2019evoluci\u00f3 de les esp\u00e8cies de Darwin, les neuroci\u00e8ncies cognitives i altres nocions cient\u00edfiques que ara com ara canvien la nostra percepci\u00f3 de la realitat i de nosaltres mateixos. Aquest marc de refer\u00e8ncies ens permet parlar de la mat\u00e8ria i de la vida en general, i tamb\u00e9 de l\u2019\u00e9sser hum\u00e0 en particular. Es tracta d\u2019un context flexible i estimulant per a la recerca de moviments i idees que ens permeten abastar un ventall ampli de codis i qualitats. Els ballarins s\u00f3n els protagonistes finals d\u2019aquest fris dans\u00edstic.<\/p>\n\n\n\n<p><a href=\"http:\/\/gelabertazzopardi.com\/portfolio\/orion\/\" target=\"_blank\" rel=\"noopener\">http:\/\/gelabertazzopardi.com\/portfolio\/orion\/<\/a><\/p>\n\n\n\n<p><a href=\"http:\/\/science.sciencemag.org\/content\/316\/5822\/203.1\" target=\"_blank\" rel=\"noopener\">http:\/\/science.sciencemag.org\/content\/316\/5822\/203.1<\/a><\/p>\n\n\n<div class=\"wp-block-image\">\n<figure class=\"alignleft is-resized\"><a href=\"https:\/\/www.cienciatk.csic.es\/Videos\/BAJO+LA+PIEL+DEL+CONFLICTO_875.html\"><img decoding=\"async\" src=\"https:\/\/webs.uab.cat\/vilarroya\/wp-content\/uploads\/sites\/384\/2019\/01\/bajo_la_piel.jpg\" alt=\"\" class=\"wp-image-123\" width=\"182\" srcset=\"https:\/\/webs.uab.cat\/vilarroya\/wp-content\/uploads\/sites\/384\/2019\/01\/bajo_la_piel.jpg 475w, https:\/\/webs.uab.cat\/vilarroya\/wp-content\/uploads\/sites\/384\/2019\/01\/bajo_la_piel-300x164.jpg 300w\" sizes=\"(max-width: 475px) 100vw, 475px\" \/><\/a><\/figure>\n<\/div>\n\n\n<h2 class=\"wp-block-heading\">Bajo la Piel del Conflicto<\/h2>\n\n\n\n<h3 class=\"wp-block-heading\">Direcci\u00f3: Harmonia Carmona; Gui\u00f3: Oscar Vilarroya i Harmonia Carmona<\/h3>\n\n\n\n<h3 class=\"wp-block-heading\">Premi de la Secci\u00f3 Human\u00edstic &#8211; Social en el XXII Biennal Internacional de Cinema Cient\u00edfic de Ronda (2004).<\/h3>\n\n\n\n<p><em>Bajo la piel del conflicto<\/em> \u00e9s una aproximaci\u00f3 al coneixement neurocient\u00edfic amb l&#8217;objectiu d&#8217;ajudar-nos a entendre els nostres principals conflictes socials. El documental est\u00e0 dividit en tres grans blocs: l&#8217;aprenentatge, el judici moral i el cervell social. A partir del relat d&#8217;experi\u00e8ncies comunes i pr\u00f2ximes, ens aproxima a les arrels d&#8217;alguns dels grans conflictes dels nostres dies.<\/p>\n\n\n\n<p><a href=\"http:\/\/talleraudiovi.uv.es\/produccion_45_bajo-la-piel-del-conflicto.php\" target=\"_blank\" rel=\"noopener\">Bajo la piel del conflicto<\/a><\/p>\n","protected":false},"excerpt":{"rendered":"<p>Fausto Una \u00f2pera de Luc Steels (m\u00fasica) i Oscar Vilarroya (llibret) Fausto explora un futur en el qual les tend\u00e8ncies actuals de les tecnologies digitals han arribat a un punt d&#8217;inflexi\u00f3 amb un gran impacte en la humanitat. L&#8217;acci\u00f3 t\u00e9 lloc en un m\u00f3n on la intel\u00b7lig\u00e8ncia artificial, el n\u00favol digital, la realitat virtual i [&hellip;]<\/p>\n","protected":false},"author":20,"featured_media":0,"parent":0,"menu_order":0,"comment_status":"closed","ping_status":"closed","template":"","meta":{"footnotes":""},"class_list":["post-127","page","type-page","status-publish","hentry"],"_links":{"self":[{"href":"https:\/\/webs.uab.cat\/vilarroya\/wp-json\/wp\/v2\/pages\/127","targetHints":{"allow":["GET"]}}],"collection":[{"href":"https:\/\/webs.uab.cat\/vilarroya\/wp-json\/wp\/v2\/pages"}],"about":[{"href":"https:\/\/webs.uab.cat\/vilarroya\/wp-json\/wp\/v2\/types\/page"}],"author":[{"embeddable":true,"href":"https:\/\/webs.uab.cat\/vilarroya\/wp-json\/wp\/v2\/users\/20"}],"replies":[{"embeddable":true,"href":"https:\/\/webs.uab.cat\/vilarroya\/wp-json\/wp\/v2\/comments?post=127"}],"version-history":[{"count":1,"href":"https:\/\/webs.uab.cat\/vilarroya\/wp-json\/wp\/v2\/pages\/127\/revisions"}],"predecessor-version":[{"id":304,"href":"https:\/\/webs.uab.cat\/vilarroya\/wp-json\/wp\/v2\/pages\/127\/revisions\/304"}],"wp:attachment":[{"href":"https:\/\/webs.uab.cat\/vilarroya\/wp-json\/wp\/v2\/media?parent=127"}],"curies":[{"name":"wp","href":"https:\/\/api.w.org\/{rel}","templated":true}]}}

Arts escèniques

<div class="wp-block-image">
<figure class="alignleft size-large is-resized"><img decoding="async" src="https://webs.uab.cat/vilarroya/wp-content/uploads/sites/384/2023/03/image-12-1024x729.png" alt="" class="wp-image-300" width="182" srcset="https://webs.uab.cat/vilarroya/wp-content/uploads/sites/384/2023/03/image-12-1024x729.png 1024w, https://webs.uab.cat/vilarroya/wp-content/uploads/sites/384/2023/03/image-12-300x213.png 300w, https://webs.uab.cat/vilarroya/wp-content/uploads/sites/384/2023/03/image-12-768x546.png 768w, https://webs.uab.cat/vilarroya/wp-content/uploads/sites/384/2023/03/image-12-1536x1093.png 1536w, https://webs.uab.cat/vilarroya/wp-content/uploads/sites/384/2023/03/image-12-2048x1457.png 2048w, https://webs.uab.cat/vilarroya/wp-content/uploads/sites/384/2023/03/image-12-1200x854.png 1200w, https://webs.uab.cat/vilarroya/wp-content/uploads/sites/384/2023/03/image-12-1980x1409.png 1980w" sizes="(max-width: 1024px) 100vw, 1024px" /></figure>
</div>


<h2 class="wp-block-heading">Fausto</h2>



<h3 class="wp-block-heading">Una òpera de Luc Steels (música) i Oscar Vilarroya (llibret)</h3>



<p><em>Fausto</em> explora un futur en el qual les tendències actuals de les tecnologies digitals han arribat a un punt d&#8217;inflexió amb un gran impacte en la humanitat. L&#8217;acció té lloc en un món on la intel·ligència artificial, el núvol digital, la realitat virtual i augmentada, els implants neuronals i les interfícies cervell-ordinador han portat progressivament a una tecnologia que pot crear replicants digitals basats en éssers humans.</p>



<p>Fausto és un empresari hípster que intenta obsessivament aconseguir l&#8217;antic desig humà d&#8217;immortalitat i coneixement total (gnosi) a través d&#8217;intel·ligència artificial, agents virtuals, aplicacions, jocs d&#8217;ordinador i realitat augmentada. Per assolir els seus somnis, Fausto explota els talents de la seva parella, Margarita, que és una científic informàtica extremadament brillant. Al seu torn, Mefisto és un agent virtual que treballa pel Núvol. Mefisto té la tasca de crear agents virtuals de persones mortes basant-se en el <em>deep learning</em> de les seves empremtes digitals (imatges, missatges de twitter, correus electrònics, pàgines de Facebook, videoclips) per fustigar, fer xantatge o simplement espantar la gent. No obstant això, la seva ambició secreta és convertir-se en carn i ossos i deixar enrere la seva naturalesa virtual. La faula explora el que succeeix quan la desesperació de Faust es topa amb la crueltat de Mefisto en la lluita de tots dos per sobreviure.</p>



<p>La Monnaie, Brussels, 7<sup>th</sup> Feb 2019 (<a href="https://ai.vub.ac.be/fausto/2019/ENG/index-ENG.html" target="_blank" rel="noopener">https://ai.vub.ac.be/fausto/2019/ENG/index-ENG.html</a>)</p>



<p>Leuven, Belgium, 3<sup>rd</sup> May 2018 (<a href="https://2018.andleuven.com/en/program/festival/prof-luc-steels-dr-oscar-vilarroya-1" target="_blank" rel="noopener">https://2018.andleuven.com/en/program/festival/prof-luc-steels-dr-oscar-vilarroya-1</a>)</p>



<p>La Monnaie, Brussels, 18th Sep 2017 (<a href="https://www.youtube.com/watch?v=pFsKRV4WMy0" target="_blank" rel="noopener">https://www.youtube.com/watch?v=pFsKRV4WMy0</a>; <a href="https://www.nature.com/articles/549157a?WT.mc_id=TWT_NatureNews&amp;sf114352010=1" target="_blank" rel="noopener">https://www.nature.com/articles/549157a?WT.mc_id=TWT_NatureNews&amp;sf114352010=1</a>)</p>


<div class="wp-block-image">
<figure class="alignleft is-resized"><img decoding="async" src="https://webs.uab.cat/vilarroya/wp-content/uploads/sites/384/2019/01/p1040623.jpg" alt="" class="wp-image-117" width="183" srcset="https://webs.uab.cat/vilarroya/wp-content/uploads/sites/384/2019/01/p1040623.jpg 800w, https://webs.uab.cat/vilarroya/wp-content/uploads/sites/384/2019/01/p1040623-300x178.jpg 300w, https://webs.uab.cat/vilarroya/wp-content/uploads/sites/384/2019/01/p1040623-768x456.jpg 768w" sizes="(max-width: 800px) 100vw, 800px" /></figure>
</div>


<h2 class="wp-block-heading">Casparo</h2>



<h3 class="wp-block-heading">Una òpera de Luc Steels (música) i Oscar Vilarroya (llibret)</h3>



<p>Aquesta òpera tragicòmica utilitza l&#8217;estètica de la música barroca per explorar els problemes i les limitacions fonamentals de la Intel·ligència Artificial i el que podria succeir si els robots fossin veritablement autònoms i comencessin a interactuar amb persones reals. <em>Casparo</em> és la història d&#8217;un robot humanoide comprat pel cobdiciós Graziano que espera enriquir-obligant a participar en concursos de cuina. Però Casparo resulta ser un robot que necessita ser ensenyat i després aprendre de l&#8217;experiència. Quan Casparo comença a adquirir més autonomia, ja no segueix obedientment les ordres de Graziano, sinó que persegueix els seus propis interessos, sobretot la música, que s&#8217;havia desenvolupat en ell després d&#8217;un <em>imprinting</em> accidental amb l&#8217;esposa de Graziano, Rosalinda. Graziano intenta recuperar el control usant el casc de Kurzweil per transferir el seu propi estat cerebral al de Casparo, de manera que Casparo faci el que ell vol. Però a causa del mal ús de la tecnologia, és l&#8217;estat mental de Casparo el que es transfereix a Graziano&#8230;</p>



<p><a href="https://ai.vub.ac.be/casparo/2014/ENG/">https://ai.vub.ac.be/casparo/2014/ENG/</a></p>



<p>20<sup>th</sup> May 2013 Sony Conference Hall, Tokyo</p>



<p>15<sup>th</sup> &nbsp;May 2013 Theatre Moliere, Brussels (<a href="https://www.youtube.com/watch?v=4upV519Uu1Q" target="_blank" rel="noopener">https://www.youtube.com/watch?v=4upV519Uu1Q</a>)</p>



<p>30<sup>th</sup> &nbsp;September 2011 La Maison Rouge, Paris</p>



<p>18<sup>th</sup> July 2011 Palau de la Musica, Barcelona (<a href="http://ijcai-11.iiia.csic.es/enjoying_barcelona/enjoying_ijcai11/casparo" target="_blank" rel="noopener">http://ijcai-11.iiia.csic.es/enjoying_barcelona/enjoying_ijcai11/casparo</a>;<a href="https://elpais.com/diario/2011/07/19/radiotv/1311026402_850215.html" target="_blank" rel="noopener">https://elpais.com/diario/2011/07/19/radiotv/1311026402_850215.html</a>)</p>


<div class="wp-block-image">
<figure class="alignleft is-resized"><img decoding="async" src="https://webs.uab.cat/vilarroya/wp-content/uploads/sites/384/2019/01/orion-05-480x0.jpg" alt="" class="wp-image-120" width="182" srcset="https://webs.uab.cat/vilarroya/wp-content/uploads/sites/384/2019/01/orion-05-480x0.jpg 480w, https://webs.uab.cat/vilarroya/wp-content/uploads/sites/384/2019/01/orion-05-480x0-300x225.jpg 300w" sizes="(max-width: 480px) 100vw, 480px" /></figure>
</div>


<h2 class="wp-block-heading">Orion</h2>



<h3 class="wp-block-heading">Concepte/Direcció/ Coreografia: Cesc Gelabert; Assesor científic: Oscar Vilarroya</h3>



<p>Orion és una fórmula coreogràfica, un teorema dansístic construït a partir d’algunes de les explicacions que la ciència moderna ha donat a la realitat. L’obra s’inspira en algunes de les idees científiques del nostre temps. El big bang, l’evolució de les espècies de Darwin, les neurociències cognitives i altres nocions científiques que ara com ara canvien la nostra percepció de la realitat i de nosaltres mateixos. Aquest marc de referències ens permet parlar de la matèria i de la vida en general, i també de l’ésser humà en particular. Es tracta d’un context flexible i estimulant per a la recerca de moviments i idees que ens permeten abastar un ventall ampli de codis i qualitats. Els ballarins són els protagonistes finals d’aquest fris dansístic.</p>



<p><a href="http://gelabertazzopardi.com/portfolio/orion/" target="_blank" rel="noopener">http://gelabertazzopardi.com/portfolio/orion/</a></p>



<p><a href="http://science.sciencemag.org/content/316/5822/203.1" target="_blank" rel="noopener">http://science.sciencemag.org/content/316/5822/203.1</a></p>


<div class="wp-block-image">
<figure class="alignleft is-resized"><a href="https://www.cienciatk.csic.es/Videos/BAJO+LA+PIEL+DEL+CONFLICTO_875.html"><img decoding="async" src="https://webs.uab.cat/vilarroya/wp-content/uploads/sites/384/2019/01/bajo_la_piel.jpg" alt="" class="wp-image-123" width="182" srcset="https://webs.uab.cat/vilarroya/wp-content/uploads/sites/384/2019/01/bajo_la_piel.jpg 475w, https://webs.uab.cat/vilarroya/wp-content/uploads/sites/384/2019/01/bajo_la_piel-300x164.jpg 300w" sizes="(max-width: 475px) 100vw, 475px" /></a></figure>
</div>


<h2 class="wp-block-heading">Bajo la Piel del Conflicto</h2>



<h3 class="wp-block-heading">Direcció: Harmonia Carmona; Guió: Oscar Vilarroya i Harmonia Carmona</h3>



<h3 class="wp-block-heading">Premi de la Secció Humanístic &#8211; Social en el XXII Biennal Internacional de Cinema Científic de Ronda (2004).</h3>



<p><em>Bajo la piel del conflicto</em> és una aproximació al coneixement neurocientífic amb l&#8217;objectiu d&#8217;ajudar-nos a entendre els nostres principals conflictes socials. El documental està dividit en tres grans blocs: l&#8217;aprenentatge, el judici moral i el cervell social. A partir del relat d&#8217;experiències comunes i pròximes, ens aproxima a les arrels d&#8217;alguns dels grans conflictes dels nostres dies.</p>



<p><a href="http://talleraudiovi.uv.es/produccion_45_bajo-la-piel-del-conflicto.php" target="_blank" rel="noopener">Bajo la piel del conflicto</a></p>

<p>Fausto Una òpera de Luc Steels (música) i Oscar Vilarroya (llibret) Fausto explora un futur en el qual les tendències actuals de les tecnologies digitals han arribat a un punt d&#8217;inflexió amb un gran impacte en la humanitat. L&#8217;acció té lloc en un món on la intel·ligència artificial, el núvol digital, la realitat virtual i [&hellip;]</p>
