{"id":391,"date":"2024-04-25T17:07:56","date_gmt":"2024-04-25T17:07:56","guid":{"rendered":"https:\/\/webs.uab.cat\/vilarroya\/?page_id=391"},"modified":"2024-04-25T17:07:57","modified_gmt":"2024-04-25T17:07:57","slug":"altres-projectes","status":"publish","type":"page","link":"https:\/\/webs.uab.cat\/vilarroya\/altres-projectes\/","title":{"rendered":"Altres projectes"},"content":{"rendered":"\n<p><a href=\"https:\/\/webs.uab.cat\/vilarroya\/wp-content\/uploads\/sites\/384\/2019\/02\/catedra_el_cervell_social_2006-2012.pdf\">C\u00e0tedra UAB \u201cel cervell social\u201d (2006-2012)<\/a><\/p>\n\n\n\n<p>La C\u00e0tedra \u201cel cervell social\u201d va ser un centre de reflexi\u00f3 i educaci\u00f3 en l\u2019\u00e0mbit de la neuroci\u00e8ncia social. El seu objectiu fou generar, difondre i apropar aquells coneixements neurocient\u00edfics que ajuden a entendre el comportament hum\u00e0 en societat, sobre tot els que poden aplicar-se als problemes i conflictes m\u00e9s presents en el m\u00f3n contemporani. Al llarg de la seva activitat, la C\u00e0tedra \u201cel cervell social\u201d va organitzar reunions cient\u00edfiques internacionals, confer\u00e8ncies p\u00fabliques, tallers per infants i adults, aix\u00ed com va desenvolupar activitats educatives juntament amb el Consorci d\u2019Educaci\u00f3 de Barcelona dirigits a aquells infants i joves amb m\u00e9s dificultats d\u2019integraci\u00f3 escolar. Gran part de les seves activitats van ser difoses en format de documents audiovisuals, articles, revistes i llibres.<\/p>\n\n\n\n<p><a href=\"https:\/\/webs.uab.cat\/vilarroya\/wp-content\/uploads\/sites\/384\/2019\/02\/creatopia_projecte.pdf\">Creatopia (2005)<\/a><\/p>\n\n\n\n<p>Creatopia es va configurar com un espai d\u2019an\u00e0lisi, trobada, exposici\u00f3 de la creativitat contempor\u00e0nia. La idea era obrir els itineraris creatius actuals a l\u2019observaci\u00f3 i la reflexi\u00f3. Buscar itineraris creatius rellevants, sense restriccions, en qualsevol camp on es pugui identificar la creativitat contempor\u00e0nia: en la pintura, l\u2019art digital, el multim\u00e8dia, la ci\u00e8ncia, la quotidianitat&#8230; Analitzar-los, exposar-los, convidar els seus creadors i enfrontar-los a les seves pr\u00f2pies traject\u00f2ries i a les d\u2019altres creadors. El repte va ser fer d\u2019aquesta observaci\u00f3 i reflexi\u00f3 un esdeveniment d\u2019atractiu tant per al gran p\u00fablic com per als propis creadors aix\u00ed com per a tot aquell que tenia un inter\u00e8s per la reflexi\u00f3 sobre la creaci\u00f3 contempor\u00e0nia. Creatopia tractava de respondre a preguntes com: Quines traject\u00f2ries hi ha darrera els productes i processos creatius contemporanis? Quina natura particular tenen les connexions, derives, interseccions que es produeixen avui en dia en els itineraris creatius? Fins on arriba la insatisfacci\u00f3 amb els propis camps creatius i de quina manera es trenquen les barreres entre disciplines? Quines idees, coneixements, disciplines s\u00f3n les m\u00e9s fruct\u00edferes?<\/p>\n","protected":false},"excerpt":{"rendered":"<p>C\u00e0tedra UAB \u201cel cervell social\u201d (2006-2012) La C\u00e0tedra \u201cel cervell social\u201d va ser un centre de reflexi\u00f3 i educaci\u00f3 en l\u2019\u00e0mbit de la neuroci\u00e8ncia social. El seu objectiu fou generar, difondre i apropar aquells coneixements neurocient\u00edfics que ajuden a entendre el comportament hum\u00e0 en societat, sobre tot els que poden aplicar-se als problemes i conflictes [&hellip;]<\/p>\n","protected":false},"author":32,"featured_media":0,"parent":0,"menu_order":0,"comment_status":"closed","ping_status":"closed","template":"","meta":{"footnotes":""},"class_list":["post-391","page","type-page","status-publish","hentry"],"_links":{"self":[{"href":"https:\/\/webs.uab.cat\/vilarroya\/wp-json\/wp\/v2\/pages\/391","targetHints":{"allow":["GET"]}}],"collection":[{"href":"https:\/\/webs.uab.cat\/vilarroya\/wp-json\/wp\/v2\/pages"}],"about":[{"href":"https:\/\/webs.uab.cat\/vilarroya\/wp-json\/wp\/v2\/types\/page"}],"author":[{"embeddable":true,"href":"https:\/\/webs.uab.cat\/vilarroya\/wp-json\/wp\/v2\/users\/32"}],"replies":[{"embeddable":true,"href":"https:\/\/webs.uab.cat\/vilarroya\/wp-json\/wp\/v2\/comments?post=391"}],"version-history":[{"count":1,"href":"https:\/\/webs.uab.cat\/vilarroya\/wp-json\/wp\/v2\/pages\/391\/revisions"}],"predecessor-version":[{"id":392,"href":"https:\/\/webs.uab.cat\/vilarroya\/wp-json\/wp\/v2\/pages\/391\/revisions\/392"}],"wp:attachment":[{"href":"https:\/\/webs.uab.cat\/vilarroya\/wp-json\/wp\/v2\/media?parent=391"}],"curies":[{"name":"wp","href":"https:\/\/api.w.org\/{rel}","templated":true}]}}