{"id":76,"date":"2016-05-02T10:11:34","date_gmt":"2016-05-02T10:11:34","guid":{"rendered":"https:\/\/webs.uab.cat\/vilarroya\/neuroimatge\/"},"modified":"2025-02-07T13:36:40","modified_gmt":"2025-02-07T13:36:40","slug":"neuroimatge","status":"publish","type":"page","link":"https:\/\/webs.uab.cat\/vilarroya\/neuroimatge\/","title":{"rendered":"Matresc\u00e8ncia"},"content":{"rendered":"\n<h2 class=\"wp-block-heading\"><strong>L\u00ednies de Recerca Actives<\/strong><\/h2>\n\n\n\n<p class=\"has-normal-font-size\"><strong>Reorganitzaci\u00f3 del cervell orientada a la maternitat.<\/strong><\/p>\n\n\n\n<p class=\"has-text-align-left\">Durant l\u2019embar\u00e0s, el cervell experimenta importants adaptacions que preparen les dones per als desafiaments de la maternitat. Concretament, els nostres estudis previs han revelat que la xarxa cerebral de cognici\u00f3 social de dones embarassades experimenta modificacions sistem\u00e0tiques, que persisteixen almenys dos anys despr\u00e9s del part, contribuint a la relaci\u00f3 de les mares amb els seus nadons. El projecte actual desenvolupar\u00e0 un model d\u2019adaptacions que es produeixen en les dones durant l\u2019embar\u00e0s i el postpart. El projecte preveu establir quan i com es reorganitza el cervell durant l\u2019embar\u00e0s, els canvis neuropsicol\u00f2gics durant aquest per\u00edode, aix\u00ed com identificar els mediadors hormonals que poden participar en aquesta reorganitzaci\u00f3 cerebral. L\u2019objectiu final del projecte \u00e9s integrar les troballes neuronals, neuropsicol\u00f2giques i metabol\u00f2miques en un model de desenvolupament del comportament matern.<\/p>\n\n\n\n<p><strong>Finan\u00e7ament:<\/strong><\/p>\n\n\n\n<p>ERC-2019-ADG \u2013 ERC Advanced Grant (883069) (PI: Oscar Vilarroya; Import: 2.465.131 \u20ac; Durada: 2020-2025)<\/p>\n\n\n\n<p><strong>Publicacions rellevants:<\/strong><\/p>\n\n\n\n<p>Servin-Barthet, C., Mart\u00ednez-Garc\u00eda, M., Paternina-Die, M., Marcos-Vidal, L., Mart\u00edn de Blas, D., Soler, A., Khymenets, O., Berg\u00e9, D., Casals, G., Prats, P., Pozo, O. J., Pretus, C., Carmona, S., &amp; Vilarroya, O. (2025). Pregnancy entails a U-shaped trajectory in human brain structure linked to hormones and maternal attachment. <em>Nature Communications<\/em>, 16(1). https:\/\/doi.org\/10.1038\/s41467-025-55830-0.<\/p>\n\n\n\n<p>Servin-Barthet, C., Mart\u00ednez-Garc\u00eda, M., Pretus, C. Paternina-Die M, Soler A, Khymenets O, Pozo O, Leuner B, Vilarroya O*, Carmona S. The transition to motherhood: linking hormones, brain and behaviour. <em>Nat. Rev. Neurosci<\/em>. 24, 605\u2013619 (2023). <a href=\"https:\/\/doi.org\/10.1038\/s41583-023-00733-6\">https:\/\/doi.org\/10.1038\/s41583-023-00733-6<\/a><\/p>\n\n\n\n<p>Carmona S*, (&#8230;) Vilarroya O*, Desco M, and Hoekzema E (2019) <a href=\"https:\/\/onlinelibrary.wiley.com\/doi\/10.1002\/hbm.24513\">Pregnancy and adolescence entail similar neuroanatomical adaptations<\/a>: A comparative analysis of cerebral morphometric changes. <em>Hum Brain Mapp<\/em>. 2019;1\u201310.<\/p>\n\n\n\n<p>Hoekzema E*, (&#8230;)Oscar Vilarroya (2017) <a href=\"https:\/\/www.nature.com\/articles\/nn.4458\">Pregnancy changes the brain: transitioning into motherhood involves long-lasting alterations in human brain structure<\/a>. Nature Neuroscience&nbsp;&nbsp;&nbsp; 20(2): 287-296.<\/p>\n","protected":false},"excerpt":{"rendered":"<p>L\u00ednies de Recerca Actives Reorganitzaci\u00f3 del cervell orientada a la maternitat. Durant l\u2019embar\u00e0s, el cervell experimenta importants adaptacions que preparen les dones per als desafiaments de la maternitat. Concretament, els nostres estudis previs han revelat que la xarxa cerebral de cognici\u00f3 social de dones embarassades experimenta modificacions sistem\u00e0tiques, que persisteixen almenys dos anys despr\u00e9s del [&hellip;]<\/p>\n","protected":false},"author":20,"featured_media":0,"parent":0,"menu_order":0,"comment_status":"closed","ping_status":"closed","template":"","meta":{"footnotes":""},"class_list":["post-76","page","type-page","status-publish","hentry"],"_links":{"self":[{"href":"https:\/\/webs.uab.cat\/vilarroya\/wp-json\/wp\/v2\/pages\/76","targetHints":{"allow":["GET"]}}],"collection":[{"href":"https:\/\/webs.uab.cat\/vilarroya\/wp-json\/wp\/v2\/pages"}],"about":[{"href":"https:\/\/webs.uab.cat\/vilarroya\/wp-json\/wp\/v2\/types\/page"}],"author":[{"embeddable":true,"href":"https:\/\/webs.uab.cat\/vilarroya\/wp-json\/wp\/v2\/users\/20"}],"replies":[{"embeddable":true,"href":"https:\/\/webs.uab.cat\/vilarroya\/wp-json\/wp\/v2\/comments?post=76"}],"version-history":[{"count":9,"href":"https:\/\/webs.uab.cat\/vilarroya\/wp-json\/wp\/v2\/pages\/76\/revisions"}],"predecessor-version":[{"id":603,"href":"https:\/\/webs.uab.cat\/vilarroya\/wp-json\/wp\/v2\/pages\/76\/revisions\/603"}],"wp:attachment":[{"href":"https:\/\/webs.uab.cat\/vilarroya\/wp-json\/wp\/v2\/media?parent=76"}],"curies":[{"name":"wp","href":"https:\/\/api.w.org\/{rel}","templated":true}]}}