{"id":71,"date":"2018-11-14T12:54:49","date_gmt":"2018-11-14T12:54:49","guid":{"rendered":"https:\/\/webs.uab.cat\/vulneras\/eventos-2\/"},"modified":"2022-08-05T12:23:39","modified_gmt":"2022-08-05T12:23:39","slug":"eventos-2","status":"publish","type":"page","link":"https:\/\/webs.uab.cat\/vulneras\/ca\/eventos-2\/","title":{"rendered":"Eventos"},"content":{"rendered":"\n<h1 class=\"wp-block-heading\"><strong>2018.<\/strong><\/h1>\n\n\n\n<p>&#8211; Organizaci\u00f3n del Panel <strong><em>Crianza en contextos de vulnerabilidad social: enfoques interdisciplinares<\/em><\/strong>, IV Encuentro Internacional de Antropolog\u00eda AIBR. <em>Encuentros, di\u00e1logos y Retos desde los Sures<\/em>. 4-7 de septiembre de 2018. Comunicaciones presentadas por miembros del grupo:<\/p>\n\n\n\n<ul class=\"wp-block-list\"><li>Garc\u00eda, Carmen de Jes\u00fas. \u201cPara comprender la vulnerabilidad en la crianza: or\u00edgenes y adaptaciones\u201d.<\/li><li>Grau, Jorge y Lorite, Nicol\u00e1s. \u201cEl papel de los medios de comunicaci\u00f3n en el abordaje de la vulnerabilidad social en contextos de crianza\u201d.<\/li><li>Bretones, Eva. \u201cPol\u00edticas educativas en contextos de vulnerabilidad: los institutos escuela\u201d.<\/li><li>Piella, Anna. \u201cParentalidad, infecundidad y estrategias de apoyo\u201d.<\/li><\/ul>\n\n\n\n<p><em>&#8211; <strong>Seminario Internacional de Comunicaci\u00f3n Estrat\u00e9gica Audiovisual y Etnogr\u00e1fica aplicada a la Intervenci\u00f3n Social Inclusiva en Salud<\/strong><\/em><strong>.<\/strong> Con participaci\u00f3n de Jorge Grau y Nicol\u00e1s Lorite.<\/p>\n\n\n\n<p>&#8211; Irina Casado. \u201cMaternidades y Paternidades en noruega. Estado de bienestar y experiencias cotidianas\u201d. Jornada cienti\u0301fica de ASMI WAIMH-Espan\u0303a:<strong> <em>Retos actuales en el desarrollo de la maternidad y la paternidad en diferentes culturas<\/em><\/strong>. 30 de noviembre \/ 1 de diciembre 2018.<\/p>\n\n\n\n<p>&#8211; <strong> Comunica\u00e7\u00e3o e Antropologia na Sa\u00fade. Desafios e Perspectivas das diversidades e desigualdades socioculturais<\/strong>. Universidade Federal do Rio Grande do Norte (Natal, Brasil). 29\/08\/2019 &#8211; 05\/09\/2019. Seminaris impartis des del projecte:<\/p>\n\n\n\n<ul class=\"wp-block-list\"><li><strong>Biomedicina e Antropologia: <\/strong><strong>Reflex\u00f5es sobre o trabalho interdisciplinar con&nbsp;popula\u00e7\u00f5es em Vulnerabilidade. <\/strong>Luc\u00eda Sanju\u00e1n N\u00fa\u00f1ez (GRAFO i investigadora del projecte)..<\/li><li><strong>Como a m\u00eddia olha para a sociedade e como a sociedade olha para a M\u00eddia. <\/strong>Nicol\u00e1s Lorite Garc\u00eda (MIGRACOM i investigador del projecte).<\/li><\/ul>\n\n\n\n<figure class=\"wp-block-image\"><img decoding=\"async\" src=\"http:\/\/pagines.uab.cat\/vulneras\/sites\/pagines.uab.cat.vulneras\/files\/antropologia-na-saude.jpg\" alt=\"\"\/><\/figure>\n\n\n\n<p>Per a consultar el cartell a mida completa, feu clic al seg\u00fcent enlla\u00e7:<\/p>\n\n\n\n<div class=\"wp-block-file\"><a id=\"wp-block-file--media-e518495c-f05d-4497-9176-64f656c25799\" href=\"https:\/\/webs.uab.cat\/vulneras\/wp-content\/uploads\/sites\/131\/2022\/08\/antropologia-na-saude.jpg\">antropologia-na-saude<\/a><a href=\"https:\/\/webs.uab.cat\/vulneras\/wp-content\/uploads\/sites\/131\/2022\/08\/antropologia-na-saude.jpg\" class=\"wp-block-file__button\" download aria-describedby=\"wp-block-file--media-e518495c-f05d-4497-9176-64f656c25799\">Descarga<\/a><\/div>\n","protected":false},"excerpt":{"rendered":"<p>2018. &#8211; Organizaci\u00f3n del Panel Crianza en contextos de vulnerabilidad social: enfoques interdisciplinares, IV Encuentro Internacional de Antropolog\u00eda AIBR. Encuentros, di\u00e1logos y Retos desde los Sures. 4-7 de septiembre de 2018. Comunicaciones presentadas por miembros del grupo: Garc\u00eda, Carmen de Jes\u00fas. \u201cPara comprender la vulnerabilidad en la crianza: or\u00edgenes y adaptaciones\u201d. Grau, Jorge y Lorite, [&hellip;]<\/p>\n","protected":false},"author":20,"featured_media":0,"parent":0,"menu_order":0,"comment_status":"closed","ping_status":"closed","template":"","meta":{"footnotes":""},"class_list":["post-71","page","type-page","status-publish","hentry"],"_links":{"self":[{"href":"https:\/\/webs.uab.cat\/vulneras\/ca\/wp-json\/wp\/v2\/pages\/71","targetHints":{"allow":["GET"]}}],"collection":[{"href":"https:\/\/webs.uab.cat\/vulneras\/ca\/wp-json\/wp\/v2\/pages"}],"about":[{"href":"https:\/\/webs.uab.cat\/vulneras\/ca\/wp-json\/wp\/v2\/types\/page"}],"author":[{"embeddable":true,"href":"https:\/\/webs.uab.cat\/vulneras\/ca\/wp-json\/wp\/v2\/users\/20"}],"replies":[{"embeddable":true,"href":"https:\/\/webs.uab.cat\/vulneras\/ca\/wp-json\/wp\/v2\/comments?post=71"}],"version-history":[{"count":2,"href":"https:\/\/webs.uab.cat\/vulneras\/ca\/wp-json\/wp\/v2\/pages\/71\/revisions"}],"predecessor-version":[{"id":213,"href":"https:\/\/webs.uab.cat\/vulneras\/ca\/wp-json\/wp\/v2\/pages\/71\/revisions\/213"}],"wp:attachment":[{"href":"https:\/\/webs.uab.cat\/vulneras\/ca\/wp-json\/wp\/v2\/media?parent=71"}],"curies":[{"name":"wp","href":"https:\/\/api.w.org\/{rel}","templated":true}]}}

<h1 class="wp-block-heading"><strong>2018.</strong></h1>



<p>&#8211; Organización del Panel <strong><em>Crianza en contextos de vulnerabilidad social: enfoques interdisciplinares</em></strong>, IV Encuentro Internacional de Antropología AIBR. <em>Encuentros, diálogos y Retos desde los Sures</em>. 4-7 de septiembre de 2018. Comunicaciones presentadas por miembros del grupo:</p>



<ul class="wp-block-list"><li>García, Carmen de Jesús. “Para comprender la vulnerabilidad en la crianza: orígenes y adaptaciones”.</li><li>Grau, Jorge y Lorite, Nicolás. “El papel de los medios de comunicación en el abordaje de la vulnerabilidad social en contextos de crianza”.</li><li>Bretones, Eva. “Políticas educativas en contextos de vulnerabilidad: los institutos escuela”.</li><li>Piella, Anna. “Parentalidad, infecundidad y estrategias de apoyo”.</li></ul>



<p><em>&#8211; <strong>Seminario Internacional de Comunicación Estratégica Audiovisual y Etnográfica aplicada a la Intervención Social Inclusiva en Salud</strong></em><strong>.</strong> Con participación de Jorge Grau y Nicolás Lorite.</p>



<p>&#8211; Irina Casado. “Maternidades y Paternidades en noruega. Estado de bienestar y experiencias cotidianas”. Jornada científica de ASMI WAIMH-España:<strong> <em>Retos actuales en el desarrollo de la maternidad y la paternidad en diferentes culturas</em></strong>. 30 de noviembre / 1 de diciembre 2018.</p>



<p>&#8211; <strong> Comunicação e Antropologia na Saúde. Desafios e Perspectivas das diversidades e desigualdades socioculturais</strong>. Universidade Federal do Rio Grande do Norte (Natal, Brasil). 29/08/2019 &#8211; 05/09/2019. Seminaris impartis des del projecte:</p>



<ul class="wp-block-list"><li><strong>Biomedicina e Antropologia: </strong><strong>Reflexões sobre o trabalho interdisciplinar con&nbsp;populações em Vulnerabilidade. </strong>Lucía Sanjuán Núñez (GRAFO i investigadora del projecte)..</li><li><strong>Como a mídia olha para a sociedade e como a sociedade olha para a Mídia. </strong>Nicolás Lorite García (MIGRACOM i investigador del projecte).</li></ul>



<figure class="wp-block-image"><img decoding="async" src="http://pagines.uab.cat/vulneras/sites/pagines.uab.cat.vulneras/files/antropologia-na-saude.jpg" alt=""/></figure>



<p>Per a consultar el cartell a mida completa, feu clic al següent enllaç:</p>



<div class="wp-block-file"><a id="wp-block-file--media-e518495c-f05d-4497-9176-64f656c25799" href="https://webs.uab.cat/vulneras/wp-content/uploads/sites/131/2022/08/antropologia-na-saude.jpg">antropologia-na-saude</a><a href="https://webs.uab.cat/vulneras/wp-content/uploads/sites/131/2022/08/antropologia-na-saude.jpg" class="wp-block-file__button" download aria-describedby="wp-block-file--media-e518495c-f05d-4497-9176-64f656c25799">Descarga</a></div>

<p>2018. &#8211; Organización del Panel Crianza en contextos de vulnerabilidad social: enfoques interdisciplinares, IV Encuentro Internacional de Antropología AIBR. Encuentros, diálogos y Retos desde los Sures. 4-7 de septiembre de 2018. Comunicaciones presentadas por miembros del grupo: García, Carmen de Jesús. “Para comprender la vulnerabilidad en la crianza: orígenes y adaptaciones”. Grau, Jorge y Lorite, [&hellip;]</p>
