{"id":70,"date":"2018-11-14T12:54:49","date_gmt":"2018-11-14T12:54:49","guid":{"rendered":"https:\/\/webs.uab.cat\/vulneras\/eventos\/"},"modified":"2022-08-05T12:32:55","modified_gmt":"2022-08-05T12:32:55","slug":"eventos","status":"publish","type":"page","link":"https:\/\/webs.uab.cat\/vulneras\/eventos\/","title":{"rendered":"Eventos"},"content":{"rendered":"\n<h1 class=\"wp-block-heading\"><strong>2021<\/strong><\/h1>\n\n\n\n<p>&#8211; Seminario Internacional:&nbsp;<em>Antropolog\u00eda, salud y comunicaci\u00f3n audiovisual.&nbsp;Perspectivas interdisciplinares para el abordaje de la vulnerabilidad<\/em>. 25 de enero de 2021 (15:30h-19:30h). En l\u00ednea.&nbsp;<\/p>\n\n\n\n<figure class=\"wp-block-image\"><img decoding=\"async\" src=\"https:\/\/grupsderecerca.uab.cat\/grafo\/sites\/grupsderecerca.uab.cat.grafo\/files\/cartel-seminario-brasil-20210118.png\" alt=\"\"\/><\/figure>\n\n\n\n<p>Puede acceder al cartel completo\u00a0<a href=\"https:\/\/webs.uab.cat\/vulneras\/wp-content\/uploads\/sites\/131\/2022\/08\/cartel-seminario-brasil-20210118.png\" data-type=\"attachment\" data-id=\"219\">aqu\u00ed<\/a>.<\/p>\n\n\n\n<p>Puede consultar el programa completo <a href=\"https:\/\/webs.uab.cat\/vulneras\/wp-content\/uploads\/sites\/131\/2022\/08\/programa-mano-seminario-brasil.pdf\" data-type=\"attachment\" data-id=\"237\">aqu\u00ed<\/a>.<\/p>\n\n\n\n<h1 class=\"wp-block-heading\"><strong>2020<\/strong><\/h1>\n\n\n\n<p>&#8211; Seminario interdisciplinar estatal: <em>Crianza en contextos vulnerables. Necesidades y recursos de afrontamiento<\/em>. 27 de noviembre de 2020. (9:30h-14:00h). En l\u00ednea.<\/p>\n\n\n\n<figure class=\"wp-block-image\"><img decoding=\"async\" src=\"https:\/\/gent.uab.cat\/jordigrau\/sites\/gent.uab.cat.jordigrau\/files\/cartel-seminario-online-6.png\" alt=\"\"\/><\/figure>\n\n\n\n<p>Puede consultar el cartel a tama\u00f1o completo <a href=\"https:\/\/webs.uab.cat\/vulneras\/wp-content\/uploads\/sites\/131\/2022\/08\/cartel-seminario-online-6.png\" data-type=\"attachment\" data-id=\"222\">aqu\u00ed<\/a>.<\/p>\n\n\n\n<p>Puede consultar el programa del seminario <a href=\"https:\/\/webs.uab.cat\/vulneras\/wp-content\/uploads\/sites\/131\/2022\/08\/programa_seminario_20201125-final.pdf\" data-type=\"attachment\" data-id=\"234\">aqu\u00ed<\/a>.<\/p>\n\n\n\n<p>&#8211; Coordinaci\u00f3n del Panel&nbsp;<em>Parenting and Childcare in Contexts of Vulnerability.&nbsp;<\/em>16th EASA Biennial Conference&nbsp;<strong><a href=\"https:\/\/easaonline.org\/conferences\/easa2020\/index.shtml\" target=\"_blank\" rel=\"noopener\">New anthropological horizons in and beyond Europe<\/a>.&nbsp;<\/strong>20-24 de julio de&nbsp;2020, Virtual Lisbon conference.&nbsp;ISCTE-University Institute of Lisbon and ICS-Institute of Social Sciences, University of Lisbon. 23 de julio&nbsp;de 2020.<\/p>\n\n\n\n<p>&#8211; Jornada: <em>La publicitat com a agent de transformaci\u00f3 social<\/em>. 21 de febrer de 2020. Sala Teatre de la Universitat Aut\u00f2noma de Barcelona.<\/p>\n\n\n\n<figure class=\"wp-block-image\"><img decoding=\"async\" src=\"http:\/\/pagines.uab.cat\/vulneras\/ca\/sites\/pagines.uab.cat.vulneras\/files\/styles\/galeria\/public\/cartel-jornada-publicidad-2-horizontal_0.png?itok=shukCAdl\" alt=\"\"\/><\/figure>\n\n\n\n<p>Puede acceder al cartel completo <a href=\"https:\/\/webs.uab.cat\/vulneras\/wp-content\/uploads\/sites\/131\/2022\/08\/cartel-jornada-publicidad-2.png\" data-type=\"attachment\" data-id=\"216\">aqu\u00ed<\/a>.<\/p>\n\n\n\n<p><strong>&#8211; <\/strong>Coordinaci\u00f3n del Simposio: <a href=\"http:\/\/pagines.uab.cat\/vulneras\/sites\/pagines.uab.cat.vulneras\/files\/programa_simposi.pdf\">Vulnerabilidad sociocultural y estrategias de supervivencia: escenarios de precariedad y \u00e1mbitos de intervenci\u00f3n<\/a>. <a href=\"https:\/\/coca2020.imf.csic.es\/sites\/default\/files\/documents\/Programa_CoCA_complet.pdf\">I Congreso Catal\u00e1n de Antropolog\u00eda (COCA)<\/a>. Tarragona, 31 de enero de 2020<strong>.<\/strong><\/p>\n\n\n\n<figure class=\"wp-block-image\"><img decoding=\"async\" src=\"http:\/\/pagines.uab.cat\/vulneras\/sites\/pagines.uab.cat.vulneras\/files\/diapo-coca-petita.png\" alt=\"\"\/><\/figure>\n\n\n\n<h1 class=\"wp-block-heading\"><strong>2019<\/strong><\/h1>\n\n\n\n<p>&#8211; <a href=\"https:\/\/www.uab.cat\/web\/vivir-el-campus\/cultura-en-viu\/sala-cine\/ciclos-tematicos\/crianza-y-vulnerabilidad-miradas-cinematograficas-1345798341678.html\">Ciclo Audiovisual <strong><em>Crianza y Vulnerabilidad Social. Miradas Cinematogr\u00e1ficas<\/em><\/strong>.<\/a> Cine de la UAB. Del 14 de octubre de 2019 al 18 de febrero de 2020.<\/p>\n\n\n\n<p>Este ciclo se ha pensado como un espacio de an\u00e1lisis y debate en torno a lenguajes audiovisuales que tratan la crianza y la vulnerabilidad sociocultural en contextos y momentos diferentes, pero manteniendo la crianza vulnerable como eje narrativo central.<\/p>\n\n\n\n<p>Cada pel\u00edcula se dirige principalmente a comprender c\u00f3mo la narrativa audiovisual y espec\u00edficamente la cinematogr\u00e1fica aborda diferentes situaciones de vulnerabilidad: conceptualizaci\u00f3n <em>(Las uvas de la ira<\/em>), apoyo parental extendido (<em>Un asunto de familia<\/em>), <em>protecci\u00f3n a la infancia<\/em> (El Bola ), educaci\u00f3n (<em>Hoy empieza todo<\/em>) y salud (<em>Un monstruo viene a verme<\/em>).<\/p>\n\n\n\n<p>El ciclo se ha vinculado con diversas materias impartidas en las titulaciones de Antropolog\u00eda Social y Cultural y Comunicaci\u00f3n Audiovisual, y despu\u00e9s de cada proyecci\u00f3n se abrir\u00e1 un coloquio con el p\u00fablico asistente.<\/p>\n\n\n\n<p>Todas las sesiones son de acceso libre y gratuito, limitado al aforo de la sala<\/p>\n\n\n\n<figure class=\"wp-block-image\"><img decoding=\"async\" src=\"http:\/\/pagines.uab.cat\/vulneras\/sites\/pagines.uab.cat.vulneras\/files\/cartell-cicle-uab-es.jpg\" alt=\"\"\/><\/figure>\n\n\n\n<p>Puede acceder al cartel completo <a href=\"https:\/\/webs.uab.cat\/vulneras\/wp-content\/uploads\/sites\/131\/2022\/08\/cartell-cicle-uab-es.jpg\" data-type=\"attachment\" data-id=\"225\">aqu\u00ed<\/a>.<\/p>\n\n\n\n<p>&#8211; <strong>Interdisciplinariedad, medios y vulnerabilidad sociocultural. Algunas reflexiones <\/strong>(Jorge Grau Rebollo). Videocomunicaci\u00f3 presentada al <a href=\"https:\/\/seminarioredeamlat2019.wordpress.com\/\"><em>XIII Semin\u00e1rio Internacional de Metodologias Transformadoras<\/em><\/a><b> <\/b>(Universidade Federal de Roraima \u2013 UFRR, Brasil), 21 a 25\/10\/2019.<\/p>\n\n\n\n<figure class=\"wp-block-image\"><img decoding=\"async\" src=\"http:\/\/pagines.uab.cat\/vulneras\/ca\/sites\/pagines.uab.cat.vulneras\/files\/styles\/galeria\/public\/rede_amlat_2019.png?itok=tbh-Bszo\" alt=\"\"\/><\/figure>\n\n\n\n<p>&#8211; <strong>CICLO DE PALESTRAS &#8211; Comunica\u00e7\u00e3o e Antropologia na Sa\u00fade: desafios e perspectivas das diversidades e desigualdades socioculturais<\/strong>. (Universidade Federal do Rio Grande do Norte -UFRN-, Brasil). 20\/08\/2019 &#8211; 05\/09\/2019. Ponencias invitadas presentadas por miembros del proyecto:<\/p>\n\n\n\n<ul class=\"wp-block-list\"><li><em>Biomedicina y antropolog\u00eda: reflexiones sobre el trabajo interdisciplinario con poblaciones vulnerables<\/em> (Luc\u00eda Sanj\u00faan).<\/li><li><em>C\u00f3mo los medios miran a la sociedad y c\u00f3mo la sociedad mira a los medios<\/em> (Nicol\u00e1s Lorite)<\/li><\/ul>\n\n\n\n<p>Talleres te\u00f3rico-pr\u00e1cticos impartidos por miembros del proyecto:<\/p>\n\n\n\n<ul class=\"wp-block-list\"><li><em>Introducci\u00f3n a la Antropolog\u00eda aplicada en salud. Reflexiones sobre los m\u00e9todos, t\u00e9cnicas e instrumentos para el estudio de la situaci\u00f3n de salud de poblaciones vulnerables y culturalmente diversas<\/em> (Luc\u00eda Sanju\u00e1n).<\/li><li><em>Itinerarios terap\u00e9uticos. Estrategias para su estudio desde la Antropolog\u00eda de la salud<\/em> (Irina Casado).<\/li><li><em>Procesos de transmisi\u00f3n de conocimientos sobre salud en contextos de diversidad. Reflexiones desde la pr\u00e1ctica profesional <\/em>(Beatriz Garc\u00eda).<\/li><li><em>C\u00f3mo representan los medios la sociedad y c\u00f3mo deber\u00edan representarla realmente: materiales para un dec\u00e1logo de buenas pr\u00e1cticas medi\u00e1ticas aplicadas a la inclusi\u00f3n y a la prevenci\u00f3n social <\/em>(Nicol\u00e1s Lorite).<\/li><\/ul>\n\n\n\n<p>&#8211; Simposio <em><strong>Vulnerabilidad y crianza. Contextos, necesidades y recursos<\/strong><\/em>. <a href=\"http:\/\/2019.aibr.org\/es\/\"><em>V Congreso Internacional de Antropolog\u00eda AIBR<\/em><\/a>. Madrid, 11 de julio de 2019. Coordinaci\u00f3n: Anna Piella.<\/p>\n\n\n\n<p>&nbsp;Comunicaciones presentadas por miembros del proyecto:<\/p>\n\n\n\n<ul class=\"wp-block-list\"><li><em>Narrativas familiares a prop\u00f3sito de la participaci\u00f3n escolar<\/em>. (Eva Bretones Peregrina).<\/li><li><em>Las medidas de protecci\u00f3n como potenciales factores de vulnerabilidad: la adopci\u00f3n internacional<\/em>. (Lourdes Garc\u00eda Tugas y Jorge Grau Rebollo).<\/li><li><em>Estrategias de la poblaci\u00f3n rife\u00f1a de Marruecos para el cuidado de menores en el espacio de la familia extensa transnacional<\/em>. (Irina Casado Aij\u00f3n).<\/li><li><em>Contextos de crianza en situaci\u00f3n de vulnerabilidad: esbozo te\u00f3rico-metodol\u00f3gico<\/em>. (Mar\u00eda Vald\u00e9s G\u00e1zquez).<\/li><li><em>Propuestas metodol\u00f3gicas para el abordaje de las desigualdades en alimentaci\u00f3n en edad infantil en el \u00e1mbito sanitario p\u00fablico<\/em> (Luc\u00eda Sanju\u00e1n N\u00fa\u00f1ez).<\/li><\/ul>\n\n\n\n<p>&#8211; Seminario Interdisciplinar Estatal. <strong><em>Crianza y vulnerabilidad sociocultural: aproximaciones te\u00f3ricas y emp\u00edricas<\/em><\/strong>. Sala de Juntas Jordi Arbon\u00e8s, Facultat de Traducci\u00f3 i Interpretaci\u00f3 (UAB). 10 de mayo de 2019, de 10 a 19:30h.<\/p>\n\n\n\n<figure class=\"wp-block-image\"><img decoding=\"async\" src=\"http:\/\/pagines.uab.cat\/vulneras\/sites\/pagines.uab.cat.vulneras\/files\/diptico-seminario_0.png\" alt=\"\"\/><\/figure>\n\n\n\n<p>Puede consultar el cartel completo <a href=\"https:\/\/webs.uab.cat\/vulneras\/wp-content\/uploads\/sites\/131\/2022\/08\/diptico-seminario_0.png\" data-type=\"attachment\" data-id=\"228\">aqu\u00ed<\/a>.<\/p>\n\n\n\n<p>Puede consultar el programa de mano (res\u00famenes, CV, etc.) <a href=\"https:\/\/webs.uab.cat\/vulneras\/wp-content\/uploads\/sites\/131\/2022\/08\/esborrany-programa-ma.pdf\" data-type=\"attachment\" data-id=\"231\">aqu\u00ed<\/a>.<\/p>\n\n\n\n<p>&#8211; <strong>Parentesco, diversidad y exclusi\u00f3n<\/strong>&nbsp;(Anna Piella). Jornada departamental en el marco de la III Semana de la Investigaci\u00f3n en la Facultad de Filosof\u00eda Letras de la UAB. <em><strong>C\u00f3mo abordar la diversidad y la exclusi\u00f3n social? La investigaci\u00f3n en el departamento de antropolog\u00eda social y cultural<\/strong><\/em>. 13 de mayo de 2019. Aula Ram\u00f3n Vald\u00e9s, Departamento de Antropolog\u00eda Social y Cultural, UAB.<\/p>\n\n\n\n<p><strong>&#8211; Comunica\u00e7\u00e3o e Antropologia na Sa\u00fade. Desafios e Perspectivas das diversidades e desigualdades socioculturais<\/strong>. Universidade Federal do Rio Grande do Norte (Natal, Brasil). 29\/08\/2019 &#8211; 05\/09\/2019. Seminarios impartidosdesde el proyecto:<\/p>\n\n\n\n<ul class=\"wp-block-list\"><li><strong>Biomedicina e Antropologia: Reflex\u00f5es sobre o trabalho interdisciplinar con&nbsp;popula\u00e7\u00f5es em Vulnerabilidade. <\/strong>Luc\u00eda Sanju\u00e1n N\u00fa\u00f1ez (GRAFO e investigadora del proyecto).<\/li><li><strong>Como a m\u00eddia olha para a sociedade e como a sociedade olha para a M\u00eddia. <\/strong>Nicol\u00e1s Lorite Garc\u00eda (MIGRACOM e ivnestigador del proyecto).<\/li><\/ul>\n\n\n\n<figure class=\"wp-block-image\"><img decoding=\"async\" src=\"http:\/\/pagines.uab.cat\/vulneras\/sites\/pagines.uab.cat.vulneras\/files\/antropologia-na-saude.jpg\" alt=\"\"\/><\/figure>\n\n\n\n<p>Puede consultar el cartel en una ventana nueva <a href=\"https:\/\/webs.uab.cat\/vulneras\/wp-content\/uploads\/sites\/131\/2022\/08\/antropologia-na-saude.jpg\" data-type=\"attachment\" data-id=\"212\">aqu\u00ed<\/a>.<\/p>\n\n\n\n<h1 class=\"wp-block-heading\"><strong>2018<\/strong>.<\/h1>\n\n\n\n<p>&#8211; Organizaci\u00f3n del Panel <strong><em>Crianza en contextos de vulnerabilidad social: enfoques interdisciplinares<\/em><\/strong>, IV Encuentro Internacional de Antropolog\u00eda AIBR. <em>Encuentros, di\u00e1logos y Retos desde los Sures<\/em>. 4-7 de septiembre de 2018. Comunicaciones presentadas por miembros del grupo:<\/p>\n\n\n\n<ul class=\"wp-block-list\"><li>Garc\u00eda, Carmen de Jes\u00fas. \u201cPara comprender la vulnerabilidad en la crianza: or\u00edgenes y adaptaciones\u201d.<\/li><li>Grau, Jorge y Lorite, Nicol\u00e1s. \u201cEl papel de los medios de comunicaci\u00f3n en el abordaje de la vulnerabilidad social en contextos de crianza\u201d.<\/li><li>Bretones, Eva. \u201cPol\u00edticas educativas en contextos de vulnerabilidad: los institutos escuela\u201d.<\/li><li>Piella, Anna. \u201cParentalidad, infecundidad y estrategias de apoyo\u201d.<\/li><\/ul>\n\n\n\n<p><em>&#8211; <strong>Seminario Internacional de Comunicaci\u00f3n Estrat\u00e9gica Audiovisual y Etnogr\u00e1fica aplicada a la Intervenci\u00f3n Social Inclusiva en Salud<\/strong><\/em><strong>.<\/strong> Organizaci\u00f3n y participaci\u00f3n de Jorge Grau, Nicol\u00e1s Lorite y Luc\u00eda Sanju\u00e1n. 12 de Noviembre. Facultad de Filosof\u00eda y Letras (UAB).<\/p>\n\n\n\n<figure class=\"wp-block-image\"><img decoding=\"async\" src=\"http:\/\/pagines.uab.cat\/vulneras\/sites\/pagines.uab.cat.vulneras\/files\/portada-seminario-logos.jpg\" alt=\"\"\/><\/figure>\n\n\n\n<p>&#8211; Irina Casado. \u201cMaternidades y Paternidades en noruega. Estado de bienestar y experiencias cotidianas\u201d. Jornada cient\u00edfica de ASMI WAIMH-Espa\u00f1a:<strong> <em>Retos actuales en el desarrollo de la maternidad y la paternidad en diferentes culturas<\/em><\/strong>. 30 de noviembre \/ 1 de diciembre 2018.<\/p>\n","protected":false},"excerpt":{"rendered":"<p>2021 &#8211; Seminario Internacional:&nbsp;Antropolog\u00eda, salud y comunicaci\u00f3n audiovisual.&nbsp;Perspectivas interdisciplinares para el abordaje de la vulnerabilidad. 25 de enero de 2021 (15:30h-19:30h). En l\u00ednea.&nbsp; Puede acceder al cartel completo\u00a0aqu\u00ed. Puede consultar el programa completo aqu\u00ed. 2020 &#8211; Seminario interdisciplinar estatal: Crianza en contextos vulnerables. Necesidades y recursos de afrontamiento. 27 de noviembre de 2020. (9:30h-14:00h). En [&hellip;]<\/p>\n","protected":false},"author":20,"featured_media":0,"parent":0,"menu_order":0,"comment_status":"closed","ping_status":"closed","template":"","meta":{"footnotes":""},"class_list":["post-70","page","type-page","status-publish","hentry"],"_links":{"self":[{"href":"https:\/\/webs.uab.cat\/vulneras\/wp-json\/wp\/v2\/pages\/70","targetHints":{"allow":["GET"]}}],"collection":[{"href":"https:\/\/webs.uab.cat\/vulneras\/wp-json\/wp\/v2\/pages"}],"about":[{"href":"https:\/\/webs.uab.cat\/vulneras\/wp-json\/wp\/v2\/types\/page"}],"author":[{"embeddable":true,"href":"https:\/\/webs.uab.cat\/vulneras\/wp-json\/wp\/v2\/users\/20"}],"replies":[{"embeddable":true,"href":"https:\/\/webs.uab.cat\/vulneras\/wp-json\/wp\/v2\/comments?post=70"}],"version-history":[{"count":3,"href":"https:\/\/webs.uab.cat\/vulneras\/wp-json\/wp\/v2\/pages\/70\/revisions"}],"predecessor-version":[{"id":241,"href":"https:\/\/webs.uab.cat\/vulneras\/wp-json\/wp\/v2\/pages\/70\/revisions\/241"}],"wp:attachment":[{"href":"https:\/\/webs.uab.cat\/vulneras\/wp-json\/wp\/v2\/media?parent=70"}],"curies":[{"name":"wp","href":"https:\/\/api.w.org\/{rel}","templated":true}]}}