{"id":2606,"date":"2023-03-30T09:48:07","date_gmt":"2023-03-30T07:48:07","guid":{"rendered":"https:\/\/webs.uab.cat\/edicio-web\/?page_id=2606"},"modified":"2025-12-17T17:07:26","modified_gmt":"2025-12-17T15:07:26","slug":"com-accedir","status":"publish","type":"page","link":"https:\/\/webs.uab.cat\/webedit\/primeres-passes\/com-accedir\/","title":{"rendered":"Com accedir a Oracle Webcenter Sites"},"content":{"rendered":"\n<p>Per accedir al gestor de continguts Oracle WebCenter Sites, cal tenir oberta la sessi\u00f3 a la Xarxa Privada Virtual (VPN) de la UAB mitjan\u00e7ant FortiClient.<\/p>\n\n\n\n<p class=\"wp-block-uab-alerta missatge\">Si tens dificultats per instal\u00b7lar o activar FortiClient, posa\u2019t en contacte amb el CAS (cas@uab.cat).<\/p>\n\n\n\n<h2 class=\"wp-block-heading\">Passos per accedir<\/h2>\n\n\n\n<p>Obre un navegador i introdueix l\u2019adre\u00e7a:<\/p>\n\n\n\n<div class=\"wp-block-buttons is-content-justification-center is-layout-flex wp-container-core-buttons-is-layout-16018d1d wp-block-buttons-is-layout-flex\">\n<div class=\"wp-block-button aligncenter\"><a class=\"wp-block-button__link wp-element-button\" href=\"https:\/\/webedit.uab.cat\/login\" target=\"_blank\" rel=\"noreferrer noopener\">Acc\u00e9s Oracle WebCenter Sites<\/a><\/div>\n<\/div>\n\n\n\n<p>A la p\u00e0gina de validaci\u00f3, escriu el teu <strong>NIU<\/strong> i <strong>contrasenya<\/strong>.<\/p>\n\n\n\n<figure class=\"wp-block-image size-full\"><img loading=\"lazy\" decoding=\"async\" width=\"835\" height=\"435\" src=\"https:\/\/webs.uab.cat\/webedit\/wp-content\/uploads\/sites\/667\/2025\/07\/finestra_login_oraclewcs.jpg\" alt=\"Captura de pantalla de la finestra de login d'Oracle Webcenter Sites\" class=\"wp-image-4633\" srcset=\"https:\/\/webs.uab.cat\/webedit\/wp-content\/uploads\/sites\/667\/2025\/07\/finestra_login_oraclewcs.jpg 835w, https:\/\/webs.uab.cat\/webedit\/wp-content\/uploads\/sites\/667\/2025\/07\/finestra_login_oraclewcs-300x156.jpg 300w, https:\/\/webs.uab.cat\/webedit\/wp-content\/uploads\/sites\/667\/2025\/07\/finestra_login_oraclewcs-768x400.jpg 768w\" sizes=\"auto, (max-width: 835px) 100vw, 835px\" \/><\/figure>\n\n\n\n<p>M\u00e9s informaci\u00f3 sobre l\u2019acc\u00e9s:<\/p>\n\n\n\n<div class=\"wp-block-buttons is-layout-flex wp-container-core-buttons-is-layout-c07eda73 wp-block-buttons-is-layout-flex\">\n<div class=\"wp-block-button aligncenter\"><a class=\"wp-block-button__link wp-element-button\" href=\"https:\/\/webs.uab.cat\/webedit\/primeres-passes\/altes-al-gestor-de-continguts\/\">altes al gestor de continguts<\/a><\/div>\n<\/div>\n\n\n\n<h2 class=\"wp-block-heading\">Altes al gestor de continguts<\/h2>\n\n\n\n<p>Per accedir per primera vegada a Oracle WebCenter Sites, cal:<\/p>\n\n\n\n<ul class=\"wp-block-list\">\n<li>Fer la formaci\u00f3 en el gestor de continguts.<\/li>\n\n\n\n<li>Sol\u00b7licitar l\u2019acc\u00e9s mitjan\u00e7ant el <strong><a href=\"https:\/\/tiquets.uab.cat\/servicedesk\/customer\/portal\/7\/create\/115\" target=\"_blank\" rel=\"noreferrer noopener\">Formulari per sol\u00b7licitar l\u2019alta d\u2019una persona al gestor de continguts Oracle<\/a><\/strong> (la petici\u00f3 l\u2019ha de fer una persona que ja tingui acc\u00e9s al site)<\/li>\n<\/ul>\n\n\n\n<h2 class=\"wp-block-heading\">Acc\u00e9s per a formaci\u00f3<\/h2>\n\n\n\n<ul class=\"wp-block-list\">\n<li>Si la persona fa un curs de formaci\u00f3 d\u2019Oracle WebCenter Sites, la Unitat de Formaci\u00f3 tramita l\u2019alta temporal per al site de formaci\u00f3.<\/li>\n\n\n\n<li>Posteriorment, cal demanar l\u2019assignaci\u00f3 al site real mitjan\u00e7ant el formulari d\u2019alta.<\/li>\n<\/ul>\n\n\n\n<h2 class=\"wp-block-heading\">Suport i incid\u00e8ncies<\/h2>\n\n\n\n<p>Un cop treballis amb Oracle WebCenter Sites, davant d&#8217;una incid\u00e8ncia:<\/p>\n\n\n\n<ul class=\"wp-block-list\">\n<li>Consulta el manual o el <a href=\"https:\/\/webs.uab.cat\/webedit\/\">Blog de l&#8217;Edici\u00f3 del portal web de la UAB<\/a>.<\/li>\n\n\n\n<li>Demana ajuda a companys\/es que tamb\u00e9 utilitzin el gestor.<\/li>\n\n\n\n<li>Si no trobes la soluci\u00f3, envia la consulta a trav\u00e9s del formulari seg\u00fcent:<\/li>\n<\/ul>\n\n\n\n<div class=\"wp-block-buttons is-content-justification-center is-layout-flex wp-container-core-buttons-is-layout-16018d1d wp-block-buttons-is-layout-flex\">\n<div class=\"wp-block-button aligncenter\"><a class=\"wp-block-button__link wp-element-button\" href=\"https:\/\/tiquets.uab.cat\/servicedesk\/customer\/portal\/7\/create\/112\" target=\"_blank\" rel=\"noreferrer noopener\">Reportar incid\u00e8ncia &#8211; Portal Web &#8211; Service project<\/a><\/div>\n<\/div>\n","protected":false},"excerpt":{"rendered":"<p>Per accedir al gestor de continguts Oracle WebCenter Sites, cal tenir oberta la sessi\u00f3 a la Xarxa Privada Virtual (VPN) de la UAB mitjan\u00e7ant FortiClient. Passos per accedir Obre un navegador i introdueix l\u2019adre\u00e7a: A la p\u00e0gina de validaci\u00f3, escriu el teu NIU i contrasenya. M\u00e9s informaci\u00f3 sobre l\u2019acc\u00e9s: Altes al gestor de continguts Per [&hellip;]<\/p>\n","protected":false},"author":39,"featured_media":0,"parent":4497,"menu_order":0,"comment_status":"closed","ping_status":"closed","template":"","meta":{"footnotes":""},"class_list":["post-2606","page","type-page","status-publish","hentry"],"_links":{"self":[{"href":"https:\/\/webs.uab.cat\/webedit\/wp-json\/wp\/v2\/pages\/2606","targetHints":{"allow":["GET"]}}],"collection":[{"href":"https:\/\/webs.uab.cat\/webedit\/wp-json\/wp\/v2\/pages"}],"about":[{"href":"https:\/\/webs.uab.cat\/webedit\/wp-json\/wp\/v2\/types\/page"}],"author":[{"embeddable":true,"href":"https:\/\/webs.uab.cat\/webedit\/wp-json\/wp\/v2\/users\/39"}],"replies":[{"embeddable":true,"href":"https:\/\/webs.uab.cat\/webedit\/wp-json\/wp\/v2\/comments?post=2606"}],"version-history":[{"count":14,"href":"https:\/\/webs.uab.cat\/webedit\/wp-json\/wp\/v2\/pages\/2606\/revisions"}],"predecessor-version":[{"id":7035,"href":"https:\/\/webs.uab.cat\/webedit\/wp-json\/wp\/v2\/pages\/2606\/revisions\/7035"}],"up":[{"embeddable":true,"href":"https:\/\/webs.uab.cat\/webedit\/wp-json\/wp\/v2\/pages\/4497"}],"wp:attachment":[{"href":"https:\/\/webs.uab.cat\/webedit\/wp-json\/wp\/v2\/media?parent=2606"}],"curies":[{"name":"wp","href":"https:\/\/api.w.org\/{rel}","templated":true}]}}