{"id":2936,"date":"2023-03-31T10:48:54","date_gmt":"2023-03-31T08:48:54","guid":{"rendered":"https:\/\/webs.uab.cat\/edicio-web\/?page_id=2936"},"modified":"2025-12-03T14:04:11","modified_gmt":"2025-12-03T12:04:11","slug":"asset-modul","status":"publish","type":"page","link":"https:\/\/webs.uab.cat\/webedit\/edicio-de-continguts\/manual\/asset-modul\/","title":{"rendered":"Els m\u00f2duls"},"content":{"rendered":"\n<p>Els <strong>m\u00f2duls<\/strong> s\u00f3n assets que es troben a les p\u00e0gines interiors i que permeten <strong>agrupar assets d\u2019un mateix tipus i mostrar-los amb diferents dissenys<\/strong>.<\/p>\n\n\n\n<p>Hi ha <strong>m\u00f2duls que utilitzem a la part central de la p\u00e0gina<\/strong> i <strong>m\u00f2duls que utilitzem a la columna de la dreta<\/strong>. S\u00f3n totalment opcionals i molt pr\u00e0ctics quan necessitem afegir molta informaci\u00f3 a una p\u00e0gina o quan volem una visualitzaci\u00f3 determinada.<\/p>\n\n\n\n<p>El nom dels assets de tipus <strong>M\u00f2dul<\/strong> ha de comen\u00e7ar pel prefix <strong>&#8220;MOD_&#8221;<\/strong>.<\/p>\n\n\n\n<ul class=\"wp-block-list\">\n<li>Si s\u2019associen al camp <strong>&#8220;M\u00f2duls principals (centre)&#8221;<\/strong>, apareixen a la part central de la p\u00e0gina.<\/li>\n\n\n\n<li>Si s\u2019associen al camp <strong>&#8220;M\u00f2duls secundaris (dreta)&#8221;<\/strong>, es visualitzaran en una columna a la dreta de la p\u00e0gina.<\/li>\n<\/ul>\n\n\n\n<div class=\"wp-block-columns is-layout-flex wp-container-core-columns-is-layout-9d6595d7 wp-block-columns-is-layout-flex\">\n<div class=\"wp-block-column is-layout-flow wp-block-column-is-layout-flow\">\n<div class=\"wp-block-buttons is-content-justification-center is-layout-flex wp-container-core-buttons-is-layout-16018d1d wp-block-buttons-is-layout-flex\">\n<div class=\"wp-block-button\"><a class=\"wp-block-button__link wp-element-button\" href=\"https:\/\/webs.uab.cat\/webedit\/edicio-de-continguts\/components-de-les-pagines-interiors\/\">M\u00f2duls DISPONIBLES<\/a><\/div>\n<\/div>\n<\/div>\n<\/div>\n","protected":false},"excerpt":{"rendered":"<p>Els m\u00f2duls s\u00f3n assets que es troben a les p\u00e0gines interiors i que permeten agrupar assets d\u2019un mateix tipus i mostrar-los amb diferents dissenys. Hi ha m\u00f2duls que utilitzem a la part central de la p\u00e0gina i m\u00f2duls que utilitzem a la columna de la dreta. S\u00f3n totalment opcionals i molt pr\u00e0ctics quan necessitem afegir [&hellip;]<\/p>\n","protected":false},"author":39,"featured_media":0,"parent":4525,"menu_order":0,"comment_status":"closed","ping_status":"closed","template":"","meta":{"footnotes":""},"class_list":["post-2936","page","type-page","status-publish","hentry"],"_links":{"self":[{"href":"https:\/\/webs.uab.cat\/webedit\/wp-json\/wp\/v2\/pages\/2936","targetHints":{"allow":["GET"]}}],"collection":[{"href":"https:\/\/webs.uab.cat\/webedit\/wp-json\/wp\/v2\/pages"}],"about":[{"href":"https:\/\/webs.uab.cat\/webedit\/wp-json\/wp\/v2\/types\/page"}],"author":[{"embeddable":true,"href":"https:\/\/webs.uab.cat\/webedit\/wp-json\/wp\/v2\/users\/39"}],"replies":[{"embeddable":true,"href":"https:\/\/webs.uab.cat\/webedit\/wp-json\/wp\/v2\/comments?post=2936"}],"version-history":[{"count":6,"href":"https:\/\/webs.uab.cat\/webedit\/wp-json\/wp\/v2\/pages\/2936\/revisions"}],"predecessor-version":[{"id":6170,"href":"https:\/\/webs.uab.cat\/webedit\/wp-json\/wp\/v2\/pages\/2936\/revisions\/6170"}],"up":[{"embeddable":true,"href":"https:\/\/webs.uab.cat\/webedit\/wp-json\/wp\/v2\/pages\/4525"}],"wp:attachment":[{"href":"https:\/\/webs.uab.cat\/webedit\/wp-json\/wp\/v2\/media?parent=2936"}],"curies":[{"name":"wp","href":"https:\/\/api.w.org\/{rel}","templated":true}]}}