{"id":4072,"date":"2023-12-18T17:33:11","date_gmt":"2023-12-18T15:33:11","guid":{"rendered":"https:\/\/webs.uab.cat\/edicio-web\/?page_id=4072"},"modified":"2025-12-19T11:17:54","modified_gmt":"2025-12-19T09:17:54","slug":"audio","status":"publish","type":"page","link":"https:\/\/webs.uab.cat\/webedit\/edicio-de-continguts\/manual\/audio\/","title":{"rendered":"\u00c0udio"},"content":{"rendered":"\n<p>L\u2019<strong>asset Multim\u00e8dia \u00c0udio<\/strong> s\u2019utilitza per acompanyar les not\u00edcies, i tamb\u00e9 es pot inserir en p\u00e0gines interiors. En la captura de pantalla que veiem m\u00e9s avall, podem observar un exemple d\u2019un \u00e0udio dins d\u2019una p\u00e0gina interior.<\/p>\n\n\n<div class=\"wp-block-image\">\n<figure class=\"aligncenter size-full\"><img loading=\"lazy\" decoding=\"async\" width=\"1024\" height=\"476\" src=\"https:\/\/webs.uab.cat\/webedit\/wp-content\/uploads\/sites\/667\/2025\/09\/AudioVisualitzacio.png\" alt=\"Exemple de visualitzaci\u00f3 al web d'un contingut de tipus \u00e0udio\" class=\"wp-image-4965\" srcset=\"https:\/\/webs.uab.cat\/webedit\/wp-content\/uploads\/sites\/667\/2025\/09\/AudioVisualitzacio.png 1024w, https:\/\/webs.uab.cat\/webedit\/wp-content\/uploads\/sites\/667\/2025\/09\/AudioVisualitzacio-300x139.png 300w, https:\/\/webs.uab.cat\/webedit\/wp-content\/uploads\/sites\/667\/2025\/09\/AudioVisualitzacio-768x357.png 768w\" sizes=\"auto, (max-width: 1024px) 100vw, 1024px\" \/><\/figure>\n<\/div>\n\n\n<p>Tot i que l\u2019exemple \u00e9s dins d\u2019una p\u00e0gina interior, en realitat aquest asset serveix per reproduir \u00e0udios dins de <strong>P\u00e0gines<\/strong>, <strong>Not\u00edcies<\/strong> i <strong>M\u00f2duls<\/strong>. Si voleu crear un contingut d\u2019aquest tipus, simplement cal anar al bot\u00f3 <strong>\u2018Contenido\u2019<\/strong>, seleccionar l\u2019opci\u00f3&nbsp;<strong>Nuevo &gt; Multim\u00e8dia<\/strong>&nbsp;i despr\u00e9s seleccionar la definici\u00f3 <strong>Multim\u00e8dia \u2018\u00c0udio\u2019<\/strong>.<\/p>\n\n\n<div class=\"wp-block-image\">\n<figure class=\"aligncenter size-full\"><img loading=\"lazy\" decoding=\"async\" width=\"930\" height=\"660\" src=\"https:\/\/webs.uab.cat\/webedit\/wp-content\/uploads\/sites\/667\/2025\/09\/NouAssetMultimedia.png\" alt=\"Ubicaci\u00f3 de l'asset Multim\u00e8dia en el men\u00fa Nuevo del gestor de continguts\" class=\"wp-image-4885\" srcset=\"https:\/\/webs.uab.cat\/webedit\/wp-content\/uploads\/sites\/667\/2025\/09\/NouAssetMultimedia.png 930w, https:\/\/webs.uab.cat\/webedit\/wp-content\/uploads\/sites\/667\/2025\/09\/NouAssetMultimedia-300x213.png 300w, https:\/\/webs.uab.cat\/webedit\/wp-content\/uploads\/sites\/667\/2025\/09\/NouAssetMultimedia-768x545.png 768w\" sizes=\"auto, (max-width: 930px) 100vw, 930px\" \/><\/figure>\n<\/div>\n\n<div class=\"wp-block-image\">\n<figure class=\"aligncenter size-full\"><img loading=\"lazy\" decoding=\"async\" width=\"810\" height=\"608\" src=\"https:\/\/webs.uab.cat\/webedit\/wp-content\/uploads\/sites\/667\/2025\/09\/Definicio-Multimedia-Audio.png\" alt=\"Captura de pantalla de les definicions de l'asset multim\u00e8dia on s'ha resaltat la definici\u00f3 \u00c0udio\" class=\"wp-image-4966\" srcset=\"https:\/\/webs.uab.cat\/webedit\/wp-content\/uploads\/sites\/667\/2025\/09\/Definicio-Multimedia-Audio.png 810w, https:\/\/webs.uab.cat\/webedit\/wp-content\/uploads\/sites\/667\/2025\/09\/Definicio-Multimedia-Audio-300x225.png 300w, https:\/\/webs.uab.cat\/webedit\/wp-content\/uploads\/sites\/667\/2025\/09\/Definicio-Multimedia-Audio-768x576.png 768w\" sizes=\"auto, (max-width: 810px) 100vw, 810px\" \/><\/figure>\n<\/div>\n\n\n<p>Una vegada creat el nou asset, \u00e9s hora d\u2019emplenar els camps. A continuaci\u00f3 us expliquem tots els camps que formen part de l\u2019asset. Nom\u00e9s cal emplenar els que tenen un asterisc, que s\u00f3n obligatoris perqu\u00e8 la visualitzaci\u00f3 funcioni correctament.<\/p>\n\n\n\n<h2 class=\"wp-block-heading\">Camps de l&#8217;asset<\/h2>\n\n\n\n<ul class=\"wp-block-list\">\n<li>*<strong>Nombre:<\/strong> el nom de l\u2019asset Multim\u00e8dia \u00c0udio no apareix en cap lloc de la p\u00e0gina web, nom\u00e9s us serveix per identificar l\u2019asset dins del gestor de continguts. El nom ha de comen\u00e7ar pel prefix AUDIO_, aix\u00ed: &#8216;<strong>AUDIO_<\/strong>ExempleNomMultim\u00e8dia&#8217;<br>En el cas dels multim\u00e8dia que s\u00f3n traduccions, hi afegirem sempre el prefix (es) o (en) per indicar-ne l\u2019idioma.<\/li>\n\n\n\n<li><strong>Etiquetas:<\/strong> camp opcional per etiquetar els assets. D\u2019aquesta manera, els podreu trobar m\u00e9s r\u00e0pidament al gestor de continguts.<\/li>\n\n\n\n<li><strong>Categor\u00eda:<\/strong> aqu\u00ed es pot escollir una o m\u00e9s de les categories creades per a aquest contingut. En aquest tipus d\u2019asset, realment no cal omplir aquest camp.<\/li>\n\n\n\n<li>*<strong>Audio<\/strong>: camp on afegirem l\u2019ID de l\u2019\u00e0udio allotjat a <a href=\"https:\/\/videosdigitals.uab.cat\/\" target=\"_blank\" rel=\"noreferrer noopener\">Pumukit<\/a>.<\/li>\n\n\n\n<li><strong>*T\u00edtol:<\/strong> aquest camp \u00e9s obligatori perqu\u00e8 determina el t\u00edtol de l\u2019asset i \u00e9s important que sigui prou entenedor, ja que apareix com a encap\u00e7alament principal de la p\u00e0gina.<\/li>\n\n\n\n<li><strong>Peu de foto:<\/strong> opcionalment, es pot mostrar un peu de foto. En aquest cas, es visualitzar\u00e0 com una petita descripci\u00f3 de l\u2019\u00e0udio.<\/li>\n\n\n\n<li><strong>Arxiu imatge miniatura<\/strong>: aquest camp no \u00e9s obligatori, per\u00f2 \u00e9s molt recomanable quan l\u2019\u00e0udio forma part d\u2019una <strong>Galeria<\/strong> (Fila o M\u00f2dul).<\/li>\n<\/ul>\n\n\n\n<p>Exemple:<\/p>\n\n\n<div class=\"wp-block-image\">\n<figure class=\"aligncenter size-full\"><img loading=\"lazy\" decoding=\"async\" width=\"900\" height=\"647\" src=\"https:\/\/webs.uab.cat\/webedit\/wp-content\/uploads\/sites\/667\/2025\/09\/Visualitzacio-Audio-Galeria.jpg\" alt=\"Exemple de visualitzaci\u00f3 d'un \u00e0udio dins d'una galeria multim\u00e8dia\" class=\"wp-image-4964\" srcset=\"https:\/\/webs.uab.cat\/webedit\/wp-content\/uploads\/sites\/667\/2025\/09\/Visualitzacio-Audio-Galeria.jpg 900w, https:\/\/webs.uab.cat\/webedit\/wp-content\/uploads\/sites\/667\/2025\/09\/Visualitzacio-Audio-Galeria-300x216.jpg 300w, https:\/\/webs.uab.cat\/webedit\/wp-content\/uploads\/sites\/667\/2025\/09\/Visualitzacio-Audio-Galeria-768x552.jpg 768w\" sizes=\"auto, (max-width: 900px) 100vw, 900px\" \/><\/figure>\n<\/div>\n\n\n<p>Una vegada creat l\u2019asset Multim\u00e8dia \u00c0udio, podeu afegir-lo dins d\u2019una <strong><a href=\"https:\/\/webs.uab.cat\/webedit\/edicio-de-continguts\/manual\/asset-pagina\/\" data-type=\"link\" data-id=\"https:\/\/webs.uab.cat\/webedit\/edicio-de-continguts\/manual\/asset-pagina\/\">P\u00e0gina interior<\/a><\/strong>, una <strong><a href=\"https:\/\/webs.uab.cat\/webedit\/edicio-de-continguts\/manual\/noticia\/\" data-type=\"page\" data-id=\"2913\">Not\u00edcia<\/a><\/strong> o una <strong>Galeria multim\u00e8dia<\/strong>.<\/p>\n","protected":false},"excerpt":{"rendered":"<p>L\u2019asset Multim\u00e8dia \u00c0udio s\u2019utilitza per acompanyar les not\u00edcies, i tamb\u00e9 es pot inserir en p\u00e0gines interiors. En la captura de pantalla que veiem m\u00e9s avall, podem observar un exemple d\u2019un \u00e0udio dins d\u2019una p\u00e0gina interior. Tot i que l\u2019exemple \u00e9s dins d\u2019una p\u00e0gina interior, en realitat aquest asset serveix per reproduir \u00e0udios dins de P\u00e0gines, [&hellip;]<\/p>\n","protected":false},"author":24,"featured_media":0,"parent":4525,"menu_order":0,"comment_status":"closed","ping_status":"closed","template":"","meta":{"footnotes":""},"class_list":["post-4072","page","type-page","status-publish","hentry"],"_links":{"self":[{"href":"https:\/\/webs.uab.cat\/webedit\/wp-json\/wp\/v2\/pages\/4072","targetHints":{"allow":["GET"]}}],"collection":[{"href":"https:\/\/webs.uab.cat\/webedit\/wp-json\/wp\/v2\/pages"}],"about":[{"href":"https:\/\/webs.uab.cat\/webedit\/wp-json\/wp\/v2\/types\/page"}],"author":[{"embeddable":true,"href":"https:\/\/webs.uab.cat\/webedit\/wp-json\/wp\/v2\/users\/24"}],"replies":[{"embeddable":true,"href":"https:\/\/webs.uab.cat\/webedit\/wp-json\/wp\/v2\/comments?post=4072"}],"version-history":[{"count":13,"href":"https:\/\/webs.uab.cat\/webedit\/wp-json\/wp\/v2\/pages\/4072\/revisions"}],"predecessor-version":[{"id":7098,"href":"https:\/\/webs.uab.cat\/webedit\/wp-json\/wp\/v2\/pages\/4072\/revisions\/7098"}],"up":[{"embeddable":true,"href":"https:\/\/webs.uab.cat\/webedit\/wp-json\/wp\/v2\/pages\/4525"}],"wp:attachment":[{"href":"https:\/\/webs.uab.cat\/webedit\/wp-json\/wp\/v2\/media?parent=4072"}],"curies":[{"name":"wp","href":"https:\/\/api.w.org\/{rel}","templated":true}]}}