{"id":4499,"date":"2025-07-01T11:13:20","date_gmt":"2025-07-01T09:13:20","guid":{"rendered":"https:\/\/webs.uab.cat\/webedit\/?page_id=4499"},"modified":"2025-12-15T14:46:38","modified_gmt":"2025-12-15T12:46:38","slug":"edicio-de-continguts","status":"publish","type":"page","link":"https:\/\/webs.uab.cat\/webedit\/edicio-de-continguts\/","title":{"rendered":"Edici\u00f3 de continguts"},"content":{"rendered":"\n<p>Publicar continguts a la web de la UAB \u00e9s m\u00e9s senzill del que sembla! El nostre gestor, l\u2019Oracle WCS, us espera a&nbsp;<a href=\"http:\/\/webedit.uab.cat\/servlet\/wem\/fatwire\/home\" target=\"_blank\" rel=\"noreferrer noopener\">webedit.uab.cat<\/a>&nbsp;per ajudar-vos a donar vida a les p\u00e0gines de facultats, serveis, departaments i tots els espais de la universitat. Per dominar-lo, nom\u00e9s cal que recordeu una petita f\u00f3rmula m\u00e0gica: els 4 passos clau.<\/p>\n\n\n\n<ol class=\"wp-block-list\">\n<li><strong>Prepara els continguts<\/strong><br>Redacta els textos seguint el<a href=\"https:\/\/www.uab.cat\/ca\/identitatcorporativa\/web-escriptori-mobil\" target=\"_blank\" rel=\"noreferrer noopener\">\u00a0llibre d\u2019estil,\u00a0<\/a>optimitza les imatges, puja els v\u00eddeos al repositori de v\u00eddeos institucional (Pumukit)\u2026<\/li>\n\n\n\n<li><strong>Introdueix els continguts als assets<\/strong><br>Crea tots els assets que necessitis. Recorda que tenim publicats\u00a0<a href=\"https:\/\/webs.uab.cat\/webedit\/videotutorials-del-gestor\/\">tutorials en v\u00eddeo\u00a0<\/a>per si no recordes alguna cosa.<\/li>\n\n\n\n<li><strong>Munta i combina els assets<\/strong><br>Actualitza les col\u00b7leccions, p\u00e0gines, files o m\u00f2duls per tal que els assets que has creat es puguin\u00a0<a href=\"https:\/\/webs.uab.cat\/webedit\/2017\/03\/24\/lentorn-de-proves-existeix-utilitzeu-lo\/\">visualitzar correctament a webedit<\/a>.<\/li>\n\n\n\n<li><strong>Aprova per publicar i fes la revisi\u00f3 final<\/strong><br>Quan\u00a0<a href=\"https:\/\/webs.uab.cat\/webedit\/2019\/10\/23\/aprovar-per-publicar-a-la-interficie-contributor\/\" target=\"_blank\" rel=\"noreferrer noopener\">aproves els assets<\/a>\u00a0cal que esperis una mica per comprovar que tot s\u2019ha publicat correctament.\u00a0<a href=\"https:\/\/webs.uab.cat\/edicio-web\/2019\/12\/10\/horari-de-publicacio\/\" target=\"_blank\" rel=\"noreferrer noopener\">Consulta\u00a0<\/a><a href=\"https:\/\/webs.uab.cat\/webedit\/2019\/12\/10\/horari-de-publicacio\/\" target=\"_blank\" rel=\"noreferrer noopener\">els\u00a0<\/a><a href=\"https:\/\/webs.uab.cat\/edicio-web\/2019\/12\/10\/horari-de-publicacio\/\" target=\"_blank\" rel=\"noreferrer noopener\">horaris de\u00a0<\/a><a href=\"https:\/\/webs.uab.cat\/webedit\/2019\/12\/10\/horari-de-publicacio\/\" target=\"_blank\" rel=\"noreferrer noopener\">publicaci\u00f3<\/a><a href=\"https:\/\/webs.uab.cat\/edicio-web\/2019\/12\/10\/horari-de-publicacio\/\" target=\"_blank\" rel=\"noreferrer noopener\">.<\/a><\/li>\n<\/ol>\n","protected":false},"excerpt":{"rendered":"<p>Publicar continguts a la web de la UAB \u00e9s m\u00e9s senzill del que sembla! El nostre gestor, l\u2019Oracle WCS, us espera a&nbsp;webedit.uab.cat&nbsp;per ajudar-vos a donar vida a les p\u00e0gines de facultats, serveis, departaments i tots els espais de la universitat. Per dominar-lo, nom\u00e9s cal que recordeu una petita f\u00f3rmula m\u00e0gica: els 4 passos clau.<\/p>\n","protected":false},"author":7,"featured_media":0,"parent":0,"menu_order":0,"comment_status":"closed","ping_status":"closed","template":"","meta":{"footnotes":""},"class_list":["post-4499","page","type-page","status-publish","hentry"],"_links":{"self":[{"href":"https:\/\/webs.uab.cat\/webedit\/wp-json\/wp\/v2\/pages\/4499","targetHints":{"allow":["GET"]}}],"collection":[{"href":"https:\/\/webs.uab.cat\/webedit\/wp-json\/wp\/v2\/pages"}],"about":[{"href":"https:\/\/webs.uab.cat\/webedit\/wp-json\/wp\/v2\/types\/page"}],"author":[{"embeddable":true,"href":"https:\/\/webs.uab.cat\/webedit\/wp-json\/wp\/v2\/users\/7"}],"replies":[{"embeddable":true,"href":"https:\/\/webs.uab.cat\/webedit\/wp-json\/wp\/v2\/comments?post=4499"}],"version-history":[{"count":3,"href":"https:\/\/webs.uab.cat\/webedit\/wp-json\/wp\/v2\/pages\/4499\/revisions"}],"predecessor-version":[{"id":6838,"href":"https:\/\/webs.uab.cat\/webedit\/wp-json\/wp\/v2\/pages\/4499\/revisions\/6838"}],"wp:attachment":[{"href":"https:\/\/webs.uab.cat\/webedit\/wp-json\/wp\/v2\/media?parent=4499"}],"curies":[{"name":"wp","href":"https:\/\/api.w.org\/{rel}","templated":true}]}}