{"id":4503,"date":"2025-07-01T11:13:40","date_gmt":"2025-07-01T09:13:40","guid":{"rendered":"https:\/\/webs.uab.cat\/webedit\/?page_id=4503"},"modified":"2026-02-10T13:07:37","modified_gmt":"2026-02-10T11:07:37","slug":"accessibilitat","status":"publish","type":"page","link":"https:\/\/webs.uab.cat\/webedit\/accessibilitat\/","title":{"rendered":"Accessibilitat"},"content":{"rendered":"\n<div class=\"wp-block-columns alignwide is-layout-flex wp-container-core-columns-is-layout-9d6595d7 wp-block-columns-is-layout-flex\">\n<div class=\"wp-block-column is-layout-flow wp-block-column-is-layout-flow\" style=\"flex-basis:75%\">\n<p class=\"wp-block-uab-entradeta entradeta\"><strong>Un lloc web accessible est\u00e0 dissenyat i constru\u00eft perqu\u00e8 tots els seus continguts i serveis estiguin disponibles per a qualsevol persona, amb independ\u00e8ncia de les seves capacitats visuals, auditives, cognitives o motrius i independentment de la tecnologia que utilitzen.&nbsp;<\/strong><\/p>\n\n\n\n<p>Quan el nostre lloc web \u00e9s accessible estem afavorint la igualtat d&#8217;oportunitats, facilitant l&#8217;acc\u00e9s a la informaci\u00f3 i garantint la inclusi\u00f3 social. Per tant, podrem arribar a un major nombre d&#8217;usuaris i millorarem el servei cap a la resta de la ciutadania ja que l&#8217;accessibilitat ens beneficia a tots.&nbsp;<\/p>\n\n\n\n<p>Segons el Banc Mundial el 15% de la poblaci\u00f3 mundial t\u00e9 algun tipus de discapacitat. A aquestes xifres caldria sumar-li les possibles discapacitats temporals o&nbsp;les dificultats de visi\u00f3 o audici\u00f3 que no arriben a ser considerades discapacitat formalment.&nbsp;<\/p>\n\n\n\n<p>Les principals discapacitats que afecten l&#8217;\u00fas d&#8217;un lloc web s\u00f3n:&nbsp;<\/p>\n\n\n\n<ul class=\"wp-block-list\">\n<li>Discapacitat visual&nbsp;<\/li>\n\n\n\n<li>Discapacitat auditiva&nbsp;<\/li>\n\n\n\n<li>Discapacitat motora&nbsp;<\/li>\n\n\n\n<li>Discapacitat cognitiva i&nbsp;neurosensorial&nbsp;<\/li>\n<\/ul>\n\n\n\n<p>A m\u00e9s de les limitacions f\u00edsiques personals tamb\u00e9 cal atendre a les limitacions tecnol\u00f2giques, considerant que generalment solen estar lligades a contextos socioecon\u00f2mics o de localitzaci\u00f3 que podrien suposar una discriminaci\u00f3.&nbsp;<\/p>\n\n\n\n<ul class=\"wp-block-list\">\n<li>Ample de&nbsp;banda d&#8217;acc\u00e9s.&nbsp;<\/li>\n\n\n\n<li>Diferents dispositius. No tots els dispositius admeten les mateixes tecnologies ni es comporten exactament de la mateixa manera.&nbsp;<\/li>\n<\/ul>\n\n\n\n<h2 class=\"wp-block-heading\">El comprom\u00eds de la UAB per l&#8217;accessibilitat<\/h2>\n\n\n\n<p>Les plantilles del portal web de la UAB s&#8217;han constru\u00eft amb l&#8217;\u00e0nim de facilitar l&#8217;acc\u00e9s universal a totes les persones que el consulten independentment de les seves capacitats f\u00edsiques, sensorials o intel\u00b7lectuals, i del context t\u00e8cnic d&#8217;\u00fas amb qu\u00e8 ho fan (tipus de dispositiu, programari, velocitat de la connexi\u00f3, condicions ambientals, etc.).<\/p>\n\n\n\n<p>Per aix\u00f2, es treballa amb l&#8217;objectiu d&#8217;adaptar tot el web a les recomanacions del World Wide Web Consortium (W3C) i eliminar les barreres que dificulten l&#8217;acc\u00e9s a la informaci\u00f3 i la comunicaci\u00f3. Aquestes recomanacions es concreten en les pautes d&#8217;accessibilitat del web WCAG 2.1. El comprom\u00eds de la UAB \u00e9s arribar a complir el nivell de conformitat \u2018Doble-A\u2019 (AA), tal com exigeixen a les administracions p\u00fabliques les legislacions europea i estatal.<\/p>\n\n\n\n<p class=\"wp-block-uab-alerta missatge alerta\">Com a editors de les p\u00e0gines allotjades al portal web de la UAB cal que tingueu en compte les recomanacions sobre accessibilitat que teniu en aquest apartat.<\/p>\n<\/div>\n\n\n\n<div class=\"wp-block-column is-layout-flow wp-block-column-is-layout-flow\" style=\"flex-basis:25%\">\n<div class=\"wp-block-buttons is-layout-flex wp-block-buttons-is-layout-flex\">\n<div class=\"wp-block-button\"><a class=\"wp-block-button__link wp-element-button\" href=\"https:\/\/webs.uab.cat\/webedit\/accessibilitat-amb-ckeditor\/\">Bones pr\u00e0ctiques d&#8217;accessibilitat web <\/a><\/div>\n<\/div>\n\n\n\n<h2 class=\"wp-block-heading\">Legislaci\u00f3<\/h2>\n\n\n\n<div class=\"wp-block-buttons is-layout-flex wp-block-buttons-is-layout-flex\">\n<div class=\"wp-block-button is-style-outline is-style-outline--1\"><a class=\"wp-block-button__link wp-element-button\">DECRET 216\/2023, de 5 de desembre, sobre accessibilitat dels llocs web i de les aplicacions per a dispositius m\u00f2bils de l&#8217;Administraci\u00f3 de la Generalitat de Catalunya i del seu sector p\u00fablic.<\/a><\/div>\n\n\n\n<div class=\"wp-block-button is-style-outline is-style-outline--2\"><a class=\"wp-block-button__link wp-element-button\" href=\"https:\/\/www.boe.es\/buscar\/act.php?id=BOE-A-2018-12699\">Real Decreto 1112\/2018, de 7 de septiembre, sobre accesibilidad de los sitios web y aplicaciones para dispositivos m\u00f3viles del sector p\u00fablico.<\/a><\/div>\n\n\n\n<div class=\"wp-block-button is-style-outline is-style-outline--3\"><a class=\"wp-block-button__link wp-element-button\" href=\"https:\/\/commission.europa.eu\/strategy-and-policy\/policies\/justice-and-fundamental-rights\/disability\/union-equality-strategy-rights-persons-disabilities-2021-2030\/european-accessibility-act_en\">European accessibility act<\/a><\/div>\n<\/div>\n<\/div>\n<\/div>\n\n\n\n<p><\/p>\n","protected":false},"excerpt":{"rendered":"<p>Quan el nostre lloc web \u00e9s accessible estem afavorint la igualtat d&#8217;oportunitats, facilitant l&#8217;acc\u00e9s a la informaci\u00f3 i garantint la inclusi\u00f3 social. Per tant, podrem arribar a un major nombre d&#8217;usuaris i millorarem el servei cap a la resta de la ciutadania ja que l&#8217;accessibilitat ens beneficia a tots.&nbsp; Segons el Banc Mundial el 15% [&hellip;]<\/p>\n","protected":false},"author":7,"featured_media":0,"parent":0,"menu_order":0,"comment_status":"closed","ping_status":"closed","template":"","meta":{"footnotes":""},"class_list":["post-4503","page","type-page","status-publish","hentry"],"_links":{"self":[{"href":"https:\/\/webs.uab.cat\/webedit\/wp-json\/wp\/v2\/pages\/4503","targetHints":{"allow":["GET"]}}],"collection":[{"href":"https:\/\/webs.uab.cat\/webedit\/wp-json\/wp\/v2\/pages"}],"about":[{"href":"https:\/\/webs.uab.cat\/webedit\/wp-json\/wp\/v2\/types\/page"}],"author":[{"embeddable":true,"href":"https:\/\/webs.uab.cat\/webedit\/wp-json\/wp\/v2\/users\/7"}],"replies":[{"embeddable":true,"href":"https:\/\/webs.uab.cat\/webedit\/wp-json\/wp\/v2\/comments?post=4503"}],"version-history":[{"count":14,"href":"https:\/\/webs.uab.cat\/webedit\/wp-json\/wp\/v2\/pages\/4503\/revisions"}],"predecessor-version":[{"id":7145,"href":"https:\/\/webs.uab.cat\/webedit\/wp-json\/wp\/v2\/pages\/4503\/revisions\/7145"}],"wp:attachment":[{"href":"https:\/\/webs.uab.cat\/webedit\/wp-json\/wp\/v2\/media?parent=4503"}],"curies":[{"name":"wp","href":"https:\/\/api.w.org\/{rel}","templated":true}]}}