{"id":4505,"date":"2025-07-01T11:15:31","date_gmt":"2025-07-01T09:15:31","guid":{"rendered":"https:\/\/webs.uab.cat\/webedit\/?page_id=4505"},"modified":"2025-12-03T14:15:24","modified_gmt":"2025-12-03T12:15:24","slug":"formacio","status":"publish","type":"page","link":"https:\/\/webs.uab.cat\/webedit\/formacio\/","title":{"rendered":"Formaci\u00f3"},"content":{"rendered":"\n<p>Benvinguts i benvingudes a l\u2019oferta de formaci\u00f3 continuada dels editors web de la UAB. Us proposem un ventall d\u2019accions formatives dissenyades per acompanyar-vos en el vostre creixement professional i dotar-vos de les eines m\u00e9s \u00fatils per al vostre dia a dia.<\/p>\n\n\n\n<p>Entenem que les necessitats i disponibilitats s\u00f3n diverses, per aix\u00f2 hem creat una oferta flexible en temes, formats i horaris. Inclou formaci\u00f3 en horari de tarda i modalitat virtual as\u00edncrona per facilitar la conciliaci\u00f3, i s\u2019adre\u00e7a tant al PDI com al PTAS, amb itineraris espec\u00edfics i l\u00ednies transversals com la perspectiva de g\u00e8nere i les compet\u00e8ncies digitals.<\/p>\n\n\n\n<p><strong>Explora les nostres l\u00ednies de formaci\u00f3:<\/strong><\/p>\n\n\n\n<div class=\"wp-block-columns is-layout-flex wp-container-core-columns-is-layout-9d6595d7 wp-block-columns-is-layout-flex\">\n<div class=\"wp-block-column is-layout-flow wp-block-column-is-layout-flow\"><div class=\"wp-block-image\">\n<figure class=\"aligncenter size-full is-resized\"><img loading=\"lazy\" decoding=\"async\" width=\"900\" height=\"900\" src=\"https:\/\/webs.uab.cat\/webedit\/wp-content\/uploads\/sites\/667\/2025\/12\/oracle.png\" alt=\"\" class=\"wp-image-6172\" style=\"width:90px\" srcset=\"https:\/\/webs.uab.cat\/webedit\/wp-content\/uploads\/sites\/667\/2025\/12\/oracle.png 900w, https:\/\/webs.uab.cat\/webedit\/wp-content\/uploads\/sites\/667\/2025\/12\/oracle-300x300.png 300w, https:\/\/webs.uab.cat\/webedit\/wp-content\/uploads\/sites\/667\/2025\/12\/oracle-150x150.png 150w, https:\/\/webs.uab.cat\/webedit\/wp-content\/uploads\/sites\/667\/2025\/12\/oracle-768x768.png 768w\" sizes=\"auto, (max-width: 900px) 100vw, 900px\" \/><\/figure>\n<\/div>\n\n\n<p class=\"has-text-align-center has-normal-font-size\"><strong><a href=\"https:\/\/webs.uab.cat\/webedit\/formacio\/cursos-doracle\/\">Curs d&#8217;Oracle<\/a><\/strong><\/p>\n<\/div>\n\n\n\n<div class=\"wp-block-column is-layout-flow wp-block-column-is-layout-flow\"><div class=\"wp-block-image\">\n<figure class=\"aligncenter size-full is-resized\"><img loading=\"lazy\" decoding=\"async\" width=\"608\" height=\"608\" src=\"https:\/\/webs.uab.cat\/webedit\/wp-content\/uploads\/sites\/667\/2025\/12\/universal-access-3.png\" alt=\"\" class=\"wp-image-6177\" style=\"width:90px\" srcset=\"https:\/\/webs.uab.cat\/webedit\/wp-content\/uploads\/sites\/667\/2025\/12\/universal-access-3.png 608w, https:\/\/webs.uab.cat\/webedit\/wp-content\/uploads\/sites\/667\/2025\/12\/universal-access-3-300x300.png 300w, https:\/\/webs.uab.cat\/webedit\/wp-content\/uploads\/sites\/667\/2025\/12\/universal-access-3-150x150.png 150w\" sizes=\"auto, (max-width: 608px) 100vw, 608px\" \/><\/figure>\n<\/div>\n\n\n<p class=\"has-text-align-center has-normal-font-size\"><strong><a href=\"https:\/\/webs.uab.cat\/webedit\/formacio\/curs-daccesibilitat\/\">Curs d&#8217;accesibilitat<\/a><\/strong><\/p>\n<\/div>\n<\/div>\n\n\n\n<p><\/p>\n","protected":false},"excerpt":{"rendered":"<p>Benvinguts i benvingudes a l\u2019oferta de formaci\u00f3 continuada dels editors web de la UAB. Us proposem un ventall d\u2019accions formatives dissenyades per acompanyar-vos en el vostre creixement professional i dotar-vos de les eines m\u00e9s \u00fatils per al vostre dia a dia. Entenem que les necessitats i disponibilitats s\u00f3n diverses, per aix\u00f2 hem creat una oferta [&hellip;]<\/p>\n","protected":false},"author":7,"featured_media":0,"parent":0,"menu_order":0,"comment_status":"closed","ping_status":"closed","template":"","meta":{"footnotes":""},"class_list":["post-4505","page","type-page","status-publish","hentry"],"_links":{"self":[{"href":"https:\/\/webs.uab.cat\/webedit\/wp-json\/wp\/v2\/pages\/4505","targetHints":{"allow":["GET"]}}],"collection":[{"href":"https:\/\/webs.uab.cat\/webedit\/wp-json\/wp\/v2\/pages"}],"about":[{"href":"https:\/\/webs.uab.cat\/webedit\/wp-json\/wp\/v2\/types\/page"}],"author":[{"embeddable":true,"href":"https:\/\/webs.uab.cat\/webedit\/wp-json\/wp\/v2\/users\/7"}],"replies":[{"embeddable":true,"href":"https:\/\/webs.uab.cat\/webedit\/wp-json\/wp\/v2\/comments?post=4505"}],"version-history":[{"count":10,"href":"https:\/\/webs.uab.cat\/webedit\/wp-json\/wp\/v2\/pages\/4505\/revisions"}],"predecessor-version":[{"id":6178,"href":"https:\/\/webs.uab.cat\/webedit\/wp-json\/wp\/v2\/pages\/4505\/revisions\/6178"}],"wp:attachment":[{"href":"https:\/\/webs.uab.cat\/webedit\/wp-json\/wp\/v2\/media?parent=4505"}],"curies":[{"name":"wp","href":"https:\/\/api.w.org\/{rel}","templated":true}]}}