{"id":5489,"date":"2025-11-07T15:51:34","date_gmt":"2025-11-07T13:51:34","guid":{"rendered":"https:\/\/webs.uab.cat\/webedit\/?page_id=5489"},"modified":"2025-12-03T12:30:52","modified_gmt":"2025-12-03T10:30:52","slug":"curs-daccesibilitat","status":"publish","type":"page","link":"https:\/\/webs.uab.cat\/webedit\/formacio\/curs-daccesibilitat\/","title":{"rendered":"Curs d\u2019accesibilitat"},"content":{"rendered":"\n<p>Construir una web accessible no \u00e9s nom\u00e9s un requisit legal; \u00e9s un comprom\u00eds amb la igualtat d&#8217;oportunitats i la inclusi\u00f3. En aquesta l\u00ednia de formaci\u00f3 us proporcionarem els coneixements i les eines pr\u00e0ctiques necess\u00e0ries per crear i revisar continguts digitals que tot el m\u00f3n pugui percebre, entendre i utilitzar.<\/p>\n\n\n\n<p>Aprendreu a aplicar els criteris d&#8217;accessibilitat des del primer moment, des de la redacci\u00f3 d&#8217;un text clar fins a l&#8217;etiquetatge correcte d&#8217;imatges i la creaci\u00f3 de documents PDF accessibles. Convertiu-vos en un agent clau per garantir que la pres\u00e8ncia digital de la UAB sigui oberta i inclusiva per a totes les persones.<\/p>\n\n\n\n<p><strong>Objectius principals:<\/strong><\/p>\n\n\n\n<ul class=\"wp-block-list\">\n<li>Comprendre els principis de l&#8217;accessibilitat web.<\/li>\n\n\n\n<li>Aprendre t\u00e8cniques per crear continguts accessibles (text, imatges, multim\u00e8dia).<\/li>\n\n\n\n<li>Con\u00e8ixer les eines per verificar i corregir errors d&#8217;accessibilitat.<\/li>\n<\/ul>\n\n\n\n<p><span style=\"box-sizing: inherit; -webkit-font-smoothing: antialiased; word-break: break-word; overflow-wrap: break-word; font-weight: 600; letter-spacing: 0.6px; white-space-collapse: collapse;\"><a href=\"https:\/\/rrhh-portal.uxxi.uab.cat\/rrhh_app\/f?p=800700:4:3541737070756:::4::\">Cerca els cursos\u00a0d\u2019Oracle\u00a0en la oferta formativa de la UAB \u2013><\/a><\/span><\/p>\n\n\n\n<p><\/p>\n","protected":false},"excerpt":{"rendered":"<p>Construir una web accessible no \u00e9s nom\u00e9s un requisit legal; \u00e9s un comprom\u00eds amb la igualtat d&#8217;oportunitats i la inclusi\u00f3. En aquesta l\u00ednia de formaci\u00f3 us proporcionarem els coneixements i les eines pr\u00e0ctiques necess\u00e0ries per crear i revisar continguts digitals que tot el m\u00f3n pugui percebre, entendre i utilitzar. Aprendreu a aplicar els criteris d&#8217;accessibilitat [&hellip;]<\/p>\n","protected":false},"author":205,"featured_media":0,"parent":4505,"menu_order":0,"comment_status":"closed","ping_status":"closed","template":"","meta":{"footnotes":""},"class_list":["post-5489","page","type-page","status-publish","hentry"],"_links":{"self":[{"href":"https:\/\/webs.uab.cat\/webedit\/wp-json\/wp\/v2\/pages\/5489","targetHints":{"allow":["GET"]}}],"collection":[{"href":"https:\/\/webs.uab.cat\/webedit\/wp-json\/wp\/v2\/pages"}],"about":[{"href":"https:\/\/webs.uab.cat\/webedit\/wp-json\/wp\/v2\/types\/page"}],"author":[{"embeddable":true,"href":"https:\/\/webs.uab.cat\/webedit\/wp-json\/wp\/v2\/users\/205"}],"replies":[{"embeddable":true,"href":"https:\/\/webs.uab.cat\/webedit\/wp-json\/wp\/v2\/comments?post=5489"}],"version-history":[{"count":3,"href":"https:\/\/webs.uab.cat\/webedit\/wp-json\/wp\/v2\/pages\/5489\/revisions"}],"predecessor-version":[{"id":6144,"href":"https:\/\/webs.uab.cat\/webedit\/wp-json\/wp\/v2\/pages\/5489\/revisions\/6144"}],"up":[{"embeddable":true,"href":"https:\/\/webs.uab.cat\/webedit\/wp-json\/wp\/v2\/pages\/4505"}],"wp:attachment":[{"href":"https:\/\/webs.uab.cat\/webedit\/wp-json\/wp\/v2\/media?parent=5489"}],"curies":[{"name":"wp","href":"https:\/\/api.w.org\/{rel}","templated":true}]}}