{"id":5572,"date":"2025-11-14T16:56:18","date_gmt":"2025-11-14T14:56:18","guid":{"rendered":"https:\/\/webs.uab.cat\/webedit\/?page_id=5572"},"modified":"2025-11-14T17:08:40","modified_gmt":"2025-11-14T15:08:40","slug":"presentacions-i-diapositives-de-les-sessions","status":"publish","type":"page","link":"https:\/\/webs.uab.cat\/webedit\/presentacions-i-diapositives-de-les-sessions\/","title":{"rendered":"Presentacions i diapositives de les sessions"},"content":{"rendered":"\n<ol class=\"wp-block-list\">\n<li><strong><a href=\"https:\/\/view.genially.com\/67ade7d275e98440661ecf95\">Qu\u00e8 \u00e9s un web, proc\u00e9s de creaci\u00f3 i identitat corporativa<\/a><\/strong><\/li>\n\n\n\n<li><strong><a href=\"https:\/\/view.genially.com\/6798bfb9dc7b243f29ff59f4\" target=\"_blank\" rel=\"noreferrer noopener\">El gestor de continguts, l&#8217;ecosistema Oracle i p\u00e0gines i els seus elements<\/a><\/strong><\/li>\n\n\n\n<li><strong><a href=\"https:\/\/view.genially.com\/67a5df480ee96de1c04bc073\" target=\"_blank\" rel=\"noreferrer noopener\">Redacci\u00f3 per al web, accessibilitat web, drets d&#8217;autor i protecci\u00f3 de dades personals<\/a><\/strong><\/li>\n\n\n\n<li><strong><a href=\"https:\/\/view.genially.com\/679b663153fd9a67d467a7a5\">Cerca d&#8217;assets a partir de la URL<\/a><\/strong><\/li>\n\n\n\n<li><strong><a href=\"https:\/\/view.genially.com\/67a5f0ca3f3cd95cf8cb48d2\" target=\"_blank\" rel=\"noreferrer noopener\">Fluxe de treball d&#8217;edici\u00f3, les adreces URL i l&#8217;editor CKEditor<\/a><\/strong><\/li>\n\n\n\n<li><a href=\"https:\/\/view.genially.com\/67a0ddaf97f8bf402de75c66\" target=\"_blank\" rel=\"noreferrer noopener\"><strong>La p\u00e0gina interior<\/strong><\/a><\/li>\n\n\n\n<li><a href=\"https:\/\/view.genially.com\/67bef6f2b4714e23e6c0c12f\" target=\"_blank\" rel=\"noreferrer noopener\"><strong>Variants de contingut<\/strong><\/a><\/li>\n\n\n\n<li><a href=\"https:\/\/view.genially.com\/67b4a3384c230a8822b301c6\" target=\"_blank\" rel=\"noreferrer noopener\"><strong>Edici\u00f3 de portada i traduccions<\/strong><\/a><\/li>\n\n\n\n<li><a href=\"https:\/\/view.genially.com\/67bc6240aa6b0c6112c67678\" target=\"_blank\" rel=\"noreferrer noopener\"><strong>Publicaci\u00f3 de continguts<\/strong><\/a><\/li>\n<\/ol>\n\n\n\n<p><\/p>\n","protected":false},"excerpt":{"rendered":"","protected":false},"author":205,"featured_media":0,"parent":0,"menu_order":0,"comment_status":"closed","ping_status":"closed","template":"","meta":{"footnotes":""},"class_list":["post-5572","page","type-page","status-publish","hentry"],"_links":{"self":[{"href":"https:\/\/webs.uab.cat\/webedit\/wp-json\/wp\/v2\/pages\/5572","targetHints":{"allow":["GET"]}}],"collection":[{"href":"https:\/\/webs.uab.cat\/webedit\/wp-json\/wp\/v2\/pages"}],"about":[{"href":"https:\/\/webs.uab.cat\/webedit\/wp-json\/wp\/v2\/types\/page"}],"author":[{"embeddable":true,"href":"https:\/\/webs.uab.cat\/webedit\/wp-json\/wp\/v2\/users\/205"}],"replies":[{"embeddable":true,"href":"https:\/\/webs.uab.cat\/webedit\/wp-json\/wp\/v2\/comments?post=5572"}],"version-history":[{"count":3,"href":"https:\/\/webs.uab.cat\/webedit\/wp-json\/wp\/v2\/pages\/5572\/revisions"}],"predecessor-version":[{"id":5586,"href":"https:\/\/webs.uab.cat\/webedit\/wp-json\/wp\/v2\/pages\/5572\/revisions\/5586"}],"wp:attachment":[{"href":"https:\/\/webs.uab.cat\/webedit\/wp-json\/wp\/v2\/media?parent=5572"}],"curies":[{"name":"wp","href":"https:\/\/api.w.org\/{rel}","templated":true}]}}