{"id":6336,"date":"2025-12-10T16:33:41","date_gmt":"2025-12-10T14:33:41","guid":{"rendered":"https:\/\/webs.uab.cat\/webedit\/?page_id=6336"},"modified":"2025-12-11T12:25:50","modified_gmt":"2025-12-11T10:25:50","slug":"modul-de-mediateca","status":"publish","type":"page","link":"https:\/\/webs.uab.cat\/webedit\/edicio-de-continguts\/components-de-les-pagines-interiors\/modul-de-mediateca\/","title":{"rendered":"M\u00f2dul de Mediateca"},"content":{"rendered":"\n<p>Aquest m\u00f2dul ens permet agrupar els diferents assets multim\u00e8dia (<a href=\"https:\/\/webs.uab.cat\/webedit\/edicio-de-continguts\/manual\/imatges\/\">imatge<\/a>,\u00a0<a href=\"https:\/\/webs.uab.cat\/webedit\/edicio-de-continguts\/manual\/video\/\">v\u00eddeo<\/a>,\u00a0<a href=\"https:\/\/webs.uab.cat\/webedit\/edicio-de-continguts\/manual\/audio\/\">\u00e0udio<\/a>\u00a0o\u00a0<a href=\"https:\/\/webs.uab.cat\/webedit\/edicio-de-continguts\/manual\/diapositiva\/\">diapositiva<\/a>) en una galeria.<\/p>\n\n\n\n<h2 class=\"wp-block-heading\">Creaci\u00f3 d&#8217;un m\u00f2dul de Mediateca<\/h2>\n\n\n\n<p>Per crear un nou m\u00f2dul de Mediateca:<\/p>\n\n\n\n<ol class=\"wp-block-list\">\n<li>Aneu al men\u00fa superior:&nbsp;<strong>Contenido &gt; Nuevo &gt;&nbsp;M\u00f2dul<\/strong><\/li>\n\n\n\n<li>Trieu l\u2019opci\u00f3&nbsp;Mediateca<\/li>\n<\/ol>\n\n\n<div class=\"wp-block-image\">\n<figure class=\"aligncenter size-full\"><img loading=\"lazy\" decoding=\"async\" width=\"600\" height=\"670\" src=\"https:\/\/webs.uab.cat\/webedit\/wp-content\/uploads\/sites\/667\/2025\/12\/NouModul.jpg\" alt=\"Opcions del men\u00fa Nou on s'ha resaltat la ubicaci\u00f3 de l'opci\u00f3 M\u00f2dul\" class=\"wp-image-6233\" srcset=\"https:\/\/webs.uab.cat\/webedit\/wp-content\/uploads\/sites\/667\/2025\/12\/NouModul.jpg 600w, https:\/\/webs.uab.cat\/webedit\/wp-content\/uploads\/sites\/667\/2025\/12\/NouModul-269x300.jpg 269w\" sizes=\"auto, (max-width: 600px) 100vw, 600px\" \/><\/figure>\n<\/div>\n\n<div class=\"wp-block-image\">\n<figure class=\"aligncenter size-full\"><img loading=\"lazy\" decoding=\"async\" width=\"586\" height=\"900\" src=\"https:\/\/webs.uab.cat\/webedit\/wp-content\/uploads\/sites\/667\/2025\/12\/definicio-modul-mediateca.jpg\" alt=\"Captura de pantalla de les definicions de l'asset M\u00f2dul on s'ha resaltat la definici\u00f3 Mediateca\" class=\"wp-image-6244\" srcset=\"https:\/\/webs.uab.cat\/webedit\/wp-content\/uploads\/sites\/667\/2025\/12\/definicio-modul-mediateca.jpg 586w, https:\/\/webs.uab.cat\/webedit\/wp-content\/uploads\/sites\/667\/2025\/12\/definicio-modul-mediateca-195x300.jpg 195w\" sizes=\"auto, (max-width: 586px) 100vw, 586px\" \/><\/figure>\n<\/div>\n\n\n<p>Un cop creat l\u2019asset, cal emplenar els camps seg\u00fcents:<\/p>\n\n\n<div class=\"wp-block-image\">\n<figure class=\"aligncenter size-full\"><img loading=\"lazy\" decoding=\"async\" width=\"900\" height=\"570\" src=\"https:\/\/webs.uab.cat\/webedit\/wp-content\/uploads\/sites\/667\/2025\/11\/modul-galeria.jpg\" alt=\"Captura de pantalla de l'asset M\u00f2dul de Mediateca\" class=\"wp-image-5831\" srcset=\"https:\/\/webs.uab.cat\/webedit\/wp-content\/uploads\/sites\/667\/2025\/11\/modul-galeria.jpg 900w, https:\/\/webs.uab.cat\/webedit\/wp-content\/uploads\/sites\/667\/2025\/11\/modul-galeria-300x190.jpg 300w, https:\/\/webs.uab.cat\/webedit\/wp-content\/uploads\/sites\/667\/2025\/11\/modul-galeria-768x486.jpg 768w\" sizes=\"auto, (max-width: 900px) 100vw, 900px\" \/><\/figure>\n<\/div>\n\n\n<h3 class=\"wp-block-heading\">Camps de l\u2019asset<\/h3>\n\n\n\n<p>Els camps que cont\u00e9 s\u00f3n:<\/p>\n\n\n\n<ul class=\"wp-block-list\">\n<li><strong>*Nombre:<\/strong>&nbsp;nom intern per identificar l\u2019asset dins d\u2019Oracle WCS. Ha de comen\u00e7ar amb el prefix MOD_<\/li>\n\n\n\n<li><strong>Etiquetas:&nbsp;<\/strong>opcionalment, es poden afegir etiquetes als assets per facilitar-ne la localitzaci\u00f3.<\/li>\n\n\n\n<li><strong>T\u00edtol:<\/strong>&nbsp;t\u00edtol de l\u2019apartat.<\/li>\n\n\n\n<li><strong>Multim\u00e8dias:<\/strong> aqu\u00ed s\u2019han d\u2019afegir els assets multim\u00e8dia (<a href=\"https:\/\/webs.uab.cat\/webedit\/edicio-de-continguts\/manual\/imatges\/\">imatge<\/a>,\u00a0<a href=\"https:\/\/webs.uab.cat\/webedit\/edicio-de-continguts\/manual\/video\/\">v\u00eddeo<\/a>,\u00a0<a href=\"https:\/\/webs.uab.cat\/webedit\/edicio-de-continguts\/manual\/audio\/\">\u00e0udio<\/a>\u00a0o\u00a0<a href=\"https:\/\/webs.uab.cat\/webedit\/edicio-de-continguts\/manual\/diapositiva\/\">diapositiva<\/a>) que formaran el m\u00f2dul, arrossegant-los des de l\u2019historial o els marcadors.<\/li>\n<\/ul>\n","protected":false},"excerpt":{"rendered":"<p>Aquest m\u00f2dul ens permet agrupar els diferents assets multim\u00e8dia (imatge,\u00a0v\u00eddeo,\u00a0\u00e0udio\u00a0o\u00a0diapositiva) en una galeria. Creaci\u00f3 d&#8217;un m\u00f2dul de Mediateca Per crear un nou m\u00f2dul de Mediateca: Un cop creat l\u2019asset, cal emplenar els camps seg\u00fcents: Camps de l\u2019asset Els camps que cont\u00e9 s\u00f3n:<\/p>\n","protected":false},"author":24,"featured_media":0,"parent":4529,"menu_order":0,"comment_status":"closed","ping_status":"closed","template":"","meta":{"footnotes":""},"class_list":["post-6336","page","type-page","status-publish","hentry"],"_links":{"self":[{"href":"https:\/\/webs.uab.cat\/webedit\/wp-json\/wp\/v2\/pages\/6336","targetHints":{"allow":["GET"]}}],"collection":[{"href":"https:\/\/webs.uab.cat\/webedit\/wp-json\/wp\/v2\/pages"}],"about":[{"href":"https:\/\/webs.uab.cat\/webedit\/wp-json\/wp\/v2\/types\/page"}],"author":[{"embeddable":true,"href":"https:\/\/webs.uab.cat\/webedit\/wp-json\/wp\/v2\/users\/24"}],"replies":[{"embeddable":true,"href":"https:\/\/webs.uab.cat\/webedit\/wp-json\/wp\/v2\/comments?post=6336"}],"version-history":[{"count":12,"href":"https:\/\/webs.uab.cat\/webedit\/wp-json\/wp\/v2\/pages\/6336\/revisions"}],"predecessor-version":[{"id":6459,"href":"https:\/\/webs.uab.cat\/webedit\/wp-json\/wp\/v2\/pages\/6336\/revisions\/6459"}],"up":[{"embeddable":true,"href":"https:\/\/webs.uab.cat\/webedit\/wp-json\/wp\/v2\/pages\/4529"}],"wp:attachment":[{"href":"https:\/\/webs.uab.cat\/webedit\/wp-json\/wp\/v2\/media?parent=6336"}],"curies":[{"name":"wp","href":"https:\/\/api.w.org\/{rel}","templated":true}]}}