{"id":585,"date":"2025-02-17T09:39:56","date_gmt":"2025-02-17T07:39:56","guid":{"rendered":"https:\/\/webs.uab.cat\/wel\/programa-jornada-local\/"},"modified":"2025-11-12T10:49:40","modified_gmt":"2025-11-12T08:49:40","slug":"programa-jornada-local","status":"publish","type":"page","link":"https:\/\/webs.uab.cat\/wel\/es\/programa-jornada-local\/","title":{"rendered":"Jornada local"},"content":{"rendered":"\n<h2 class=\"wp-block-heading\">Jornada local del Proyecto WEL<\/h2>\n\n\n\n<p><strong>Compartimos experiencias<\/strong><\/p>\n\n\n\n<ul class=\"wp-block-list\">\n<li><strong>Fecha<\/strong>: 16 junio 2025<\/li>\n\n\n\n<li><strong>Hora<\/strong>: 10.00-12.00<\/li>\n\n\n\n<li><strong>Lugar<\/strong>: Sala Jordi Arbon\u00e8s, Facultat de Traducci\u00f3 i Interpretaci\u00f3 (UAB) (<a href=\"https:\/\/maps.app.goo.gl\/4JyWGtS2otaWDtn88\">c\u00f3mo llegar<\/a>)<\/li>\n\n\n\n<li><strong>Inscripci\u00f3n<\/strong>: La inscripci\u00f3n \u00e9s gratis pero es necesario inscribirse (inscripci\u00f3n cerrada)<\/li>\n<\/ul>\n\n\n\n<p>El pr\u00f3ximo lunes 16 de junio de 2025 tendremos la oportunidad de compartir experiencias y resultados sobre el proyecto WEL en la jornada local. Esta jornada nos permitir\u00e1 conocer de primera mano los avances, resultados e impacto de los estudios llevados a cabo y abrir un espacio para hablar de los pr\u00f3ximos pasos. <\/p>\n\n\n\n<h2 class=\"wp-block-heading\">Programa<\/h2>\n\n\n\n<p><strong>10.00-10.05 Bienvenida<\/strong><\/p>\n\n\n\n<p><strong>10.05-10.45 Presentaci\u00f3n de los resultados del Proyecto WEL<\/strong><\/p>\n\n\n\n<p><strong>10.45-11.15 Visita de la Facultad y pausa de caf\u00e9<\/strong><\/p>\n\n\n\n<p><strong>11.15-12.00 Micro abierto: pr\u00f3ximos pasos<\/strong><\/p>\n\n\n\n<p>Puedes descargarte el programa en <a href=\"https:\/\/webs.uab.cat\/wel\/wp-content\/uploads\/sites\/514\/2025\/02\/Programa-2025-Jornada-local-del-Proyecto-WEL.pdf\">este enlace<\/a>.<\/p>\n\n\n\n<div class=\"wp-block-buttons is-content-justification-right is-layout-flex wp-container-core-buttons-is-layout-765c4724 wp-block-buttons-is-layout-flex\">\n<div class=\"wp-block-button\"><a class=\"wp-block-button__link wp-element-button\" href=\"https:\/\/webs.uab.cat\/wel\/wp-content\/uploads\/sites\/514\/2025\/02\/Programa-2025-Jornada-local-del-Proyecto-WEL.pdf\">DescargaR<\/a><\/div>\n<\/div>\n\n\n\n<p><strong>Con el soporte de<\/strong>:<\/p>\n\n\n\n<div class=\"wp-block-columns is-layout-flex wp-container-core-columns-is-layout-9d6595d7 wp-block-columns-is-layout-flex\">\n<div class=\"wp-block-column is-layout-flow wp-block-column-is-layout-flow\"><div class=\"wp-block-image\">\n<figure class=\"aligncenter size-large\"><img loading=\"lazy\" decoding=\"async\" width=\"1024\" height=\"463\" src=\"https:\/\/webs.uab.cat\/wel\/wp-content\/uploads\/sites\/514\/2023\/11\/logo-ministerio-1024x463.jpg\" alt=\"\" class=\"wp-image-33\" srcset=\"https:\/\/webs.uab.cat\/wel\/wp-content\/uploads\/sites\/514\/2023\/11\/logo-ministerio-1024x463.jpg 1024w, https:\/\/webs.uab.cat\/wel\/wp-content\/uploads\/sites\/514\/2023\/11\/logo-ministerio-300x136.jpg 300w, https:\/\/webs.uab.cat\/wel\/wp-content\/uploads\/sites\/514\/2023\/11\/logo-ministerio-768x347.jpg 768w, https:\/\/webs.uab.cat\/wel\/wp-content\/uploads\/sites\/514\/2023\/11\/logo-ministerio-1200x542.jpg 1200w, https:\/\/webs.uab.cat\/wel\/wp-content\/uploads\/sites\/514\/2023\/11\/logo-ministerio.jpg 1376w\" sizes=\"auto, (max-width: 1024px) 100vw, 1024px\" \/><\/figure>\n<\/div><\/div>\n\n\n\n<div class=\"wp-block-column is-layout-flow wp-block-column-is-layout-flow\"><div class=\"wp-block-image\">\n<figure class=\"aligncenter size-full\"><img loading=\"lazy\" decoding=\"async\" width=\"570\" height=\"626\" src=\"https:\/\/webs.uab.cat\/wel\/wp-content\/uploads\/sites\/514\/2023\/11\/logo-UE.jpg\" alt=\"\" class=\"wp-image-30\" srcset=\"https:\/\/webs.uab.cat\/wel\/wp-content\/uploads\/sites\/514\/2023\/11\/logo-UE.jpg 570w, https:\/\/webs.uab.cat\/wel\/wp-content\/uploads\/sites\/514\/2023\/11\/logo-UE-273x300.jpg 273w\" sizes=\"auto, (max-width: 570px) 100vw, 570px\" \/><\/figure>\n<\/div><\/div>\n\n\n\n<div class=\"wp-block-column is-layout-flow wp-block-column-is-layout-flow\"><div class=\"wp-block-image\">\n<figure class=\"aligncenter size-full is-resized\"><img loading=\"lazy\" decoding=\"async\" width=\"439\" height=\"653\" src=\"https:\/\/webs.uab.cat\/wel\/wp-content\/uploads\/sites\/514\/2023\/11\/logo-AE.jpg\" alt=\"\" class=\"wp-image-27\" style=\"width:107px;height:auto\" srcset=\"https:\/\/webs.uab.cat\/wel\/wp-content\/uploads\/sites\/514\/2023\/11\/logo-AE.jpg 439w, https:\/\/webs.uab.cat\/wel\/wp-content\/uploads\/sites\/514\/2023\/11\/logo-AE-202x300.jpg 202w\" sizes=\"auto, (max-width: 439px) 100vw, 439px\" \/><\/figure>\n<\/div><\/div>\n\n\n\n<div class=\"wp-block-column is-layout-flow wp-block-column-is-layout-flow\"><div class=\"wp-block-image\">\n<figure class=\"aligncenter size-full is-resized\"><img loading=\"lazy\" decoding=\"async\" width=\"708\" height=\"708\" src=\"https:\/\/webs.uab.cat\/wel\/wp-content\/uploads\/sites\/514\/2023\/11\/logo-transmedia-c.gif\" alt=\"Transmedia Catalonia\" class=\"wp-image-24\" style=\"width:128px;height:auto\" \/><\/figure>\n<\/div><\/div>\n<\/div>\n\n\n<div class=\"wp-block-image\">\n<figure class=\"aligncenter size-large is-resized\"><img loading=\"lazy\" decoding=\"async\" width=\"1024\" height=\"453\" src=\"https:\/\/webs.uab.cat\/wel\/wp-content\/uploads\/sites\/514\/2023\/11\/Logo-DTIEAO-2023-1-1024x453.jpg\" alt=\"\" class=\"wp-image-125\" style=\"width:232px;height:auto\" srcset=\"https:\/\/webs.uab.cat\/wel\/wp-content\/uploads\/sites\/514\/2023\/11\/Logo-DTIEAO-2023-1-1024x453.jpg 1024w, https:\/\/webs.uab.cat\/wel\/wp-content\/uploads\/sites\/514\/2023\/11\/Logo-DTIEAO-2023-1-300x133.jpg 300w, https:\/\/webs.uab.cat\/wel\/wp-content\/uploads\/sites\/514\/2023\/11\/Logo-DTIEAO-2023-1-768x340.jpg 768w, https:\/\/webs.uab.cat\/wel\/wp-content\/uploads\/sites\/514\/2023\/11\/Logo-DTIEAO-2023-1-1200x531.jpg 1200w, https:\/\/webs.uab.cat\/wel\/wp-content\/uploads\/sites\/514\/2023\/11\/Logo-DTIEAO-2023-1.jpg 1255w\" sizes=\"auto, (max-width: 1024px) 100vw, 1024px\" \/><\/figure>\n<\/div>","protected":false},"excerpt":{"rendered":"<p>Jornada local del Proyecto WEL Compartimos experiencias El pr\u00f3ximo lunes 16 de junio de 2025 tendremos la oportunidad de compartir experiencias y resultados sobre el proyecto WEL en la jornada local. Esta jornada nos permitir\u00e1 conocer de primera mano los avances, resultados e impacto de los estudios llevados a cabo y abrir un espacio para [&hellip;]<\/p>\n","protected":false},"author":103,"featured_media":0,"parent":0,"menu_order":0,"comment_status":"closed","ping_status":"closed","template":"","meta":{"footnotes":""},"class_list":["post-585","page","type-page","status-publish","hentry"],"_links":{"self":[{"href":"https:\/\/webs.uab.cat\/wel\/es\/wp-json\/wp\/v2\/pages\/585","targetHints":{"allow":["GET"]}}],"collection":[{"href":"https:\/\/webs.uab.cat\/wel\/es\/wp-json\/wp\/v2\/pages"}],"about":[{"href":"https:\/\/webs.uab.cat\/wel\/es\/wp-json\/wp\/v2\/types\/page"}],"author":[{"embeddable":true,"href":"https:\/\/webs.uab.cat\/wel\/es\/wp-json\/wp\/v2\/users\/103"}],"replies":[{"embeddable":true,"href":"https:\/\/webs.uab.cat\/wel\/es\/wp-json\/wp\/v2\/comments?post=585"}],"version-history":[{"count":8,"href":"https:\/\/webs.uab.cat\/wel\/es\/wp-json\/wp\/v2\/pages\/585\/revisions"}],"predecessor-version":[{"id":716,"href":"https:\/\/webs.uab.cat\/wel\/es\/wp-json\/wp\/v2\/pages\/585\/revisions\/716"}],"wp:attachment":[{"href":"https:\/\/webs.uab.cat\/wel\/es\/wp-json\/wp\/v2\/media?parent=585"}],"curies":[{"name":"wp","href":"https:\/\/api.w.org\/{rel}","templated":true}]}}

<h2 class="wp-block-heading">Jornada local del Proyecto WEL</h2>



<p><strong>Compartimos experiencias</strong></p>



<ul class="wp-block-list">
<li><strong>Fecha</strong>: 16 junio 2025</li>



<li><strong>Hora</strong>: 10.00-12.00</li>



<li><strong>Lugar</strong>: Sala Jordi Arbonès, Facultat de Traducció i Interpretació (UAB) (<a href="https://maps.app.goo.gl/4JyWGtS2otaWDtn88">cómo llegar</a>)</li>



<li><strong>Inscripción</strong>: La inscripción és gratis pero es necesario inscribirse (inscripción cerrada)</li>
</ul>



<p>El próximo lunes 16 de junio de 2025 tendremos la oportunidad de compartir experiencias y resultados sobre el proyecto WEL en la jornada local. Esta jornada nos permitirá conocer de primera mano los avances, resultados e impacto de los estudios llevados a cabo y abrir un espacio para hablar de los próximos pasos. </p>



<h2 class="wp-block-heading">Programa</h2>



<p><strong>10.00-10.05 Bienvenida</strong></p>



<p><strong>10.05-10.45 Presentación de los resultados del Proyecto WEL</strong></p>



<p><strong>10.45-11.15 Visita de la Facultad y pausa de café</strong></p>



<p><strong>11.15-12.00 Micro abierto: próximos pasos</strong></p>



<p>Puedes descargarte el programa en <a href="https://webs.uab.cat/wel/wp-content/uploads/sites/514/2025/02/Programa-2025-Jornada-local-del-Proyecto-WEL.pdf">este enlace</a>.</p>



<div class="wp-block-buttons is-content-justification-right is-layout-flex wp-container-core-buttons-is-layout-765c4724 wp-block-buttons-is-layout-flex">
<div class="wp-block-button"><a class="wp-block-button__link wp-element-button" href="https://webs.uab.cat/wel/wp-content/uploads/sites/514/2025/02/Programa-2025-Jornada-local-del-Proyecto-WEL.pdf">DescargaR</a></div>
</div>



<p><strong>Con el soporte de</strong>:</p>



<div class="wp-block-columns is-layout-flex wp-container-core-columns-is-layout-9d6595d7 wp-block-columns-is-layout-flex">
<div class="wp-block-column is-layout-flow wp-block-column-is-layout-flow"><div class="wp-block-image">
<figure class="aligncenter size-large"><img loading="lazy" decoding="async" width="1024" height="463" src="https://webs.uab.cat/wel/wp-content/uploads/sites/514/2023/11/logo-ministerio-1024x463.jpg" alt="" class="wp-image-33" srcset="https://webs.uab.cat/wel/wp-content/uploads/sites/514/2023/11/logo-ministerio-1024x463.jpg 1024w, https://webs.uab.cat/wel/wp-content/uploads/sites/514/2023/11/logo-ministerio-300x136.jpg 300w, https://webs.uab.cat/wel/wp-content/uploads/sites/514/2023/11/logo-ministerio-768x347.jpg 768w, https://webs.uab.cat/wel/wp-content/uploads/sites/514/2023/11/logo-ministerio-1200x542.jpg 1200w, https://webs.uab.cat/wel/wp-content/uploads/sites/514/2023/11/logo-ministerio.jpg 1376w" sizes="auto, (max-width: 1024px) 100vw, 1024px" /></figure>
</div></div>



<div class="wp-block-column is-layout-flow wp-block-column-is-layout-flow"><div class="wp-block-image">
<figure class="aligncenter size-full"><img loading="lazy" decoding="async" width="570" height="626" src="https://webs.uab.cat/wel/wp-content/uploads/sites/514/2023/11/logo-UE.jpg" alt="" class="wp-image-30" srcset="https://webs.uab.cat/wel/wp-content/uploads/sites/514/2023/11/logo-UE.jpg 570w, https://webs.uab.cat/wel/wp-content/uploads/sites/514/2023/11/logo-UE-273x300.jpg 273w" sizes="auto, (max-width: 570px) 100vw, 570px" /></figure>
</div></div>



<div class="wp-block-column is-layout-flow wp-block-column-is-layout-flow"><div class="wp-block-image">
<figure class="aligncenter size-full is-resized"><img loading="lazy" decoding="async" width="439" height="653" src="https://webs.uab.cat/wel/wp-content/uploads/sites/514/2023/11/logo-AE.jpg" alt="" class="wp-image-27" style="width:107px;height:auto" srcset="https://webs.uab.cat/wel/wp-content/uploads/sites/514/2023/11/logo-AE.jpg 439w, https://webs.uab.cat/wel/wp-content/uploads/sites/514/2023/11/logo-AE-202x300.jpg 202w" sizes="auto, (max-width: 439px) 100vw, 439px" /></figure>
</div></div>



<div class="wp-block-column is-layout-flow wp-block-column-is-layout-flow"><div class="wp-block-image">
<figure class="aligncenter size-full is-resized"><img loading="lazy" decoding="async" width="708" height="708" src="https://webs.uab.cat/wel/wp-content/uploads/sites/514/2023/11/logo-transmedia-c.gif" alt="Transmedia Catalonia" class="wp-image-24" style="width:128px;height:auto" /></figure>
</div></div>
</div>


<div class="wp-block-image">
<figure class="aligncenter size-large is-resized"><img loading="lazy" decoding="async" width="1024" height="453" src="https://webs.uab.cat/wel/wp-content/uploads/sites/514/2023/11/Logo-DTIEAO-2023-1-1024x453.jpg" alt="" class="wp-image-125" style="width:232px;height:auto" srcset="https://webs.uab.cat/wel/wp-content/uploads/sites/514/2023/11/Logo-DTIEAO-2023-1-1024x453.jpg 1024w, https://webs.uab.cat/wel/wp-content/uploads/sites/514/2023/11/Logo-DTIEAO-2023-1-300x133.jpg 300w, https://webs.uab.cat/wel/wp-content/uploads/sites/514/2023/11/Logo-DTIEAO-2023-1-768x340.jpg 768w, https://webs.uab.cat/wel/wp-content/uploads/sites/514/2023/11/Logo-DTIEAO-2023-1-1200x531.jpg 1200w, https://webs.uab.cat/wel/wp-content/uploads/sites/514/2023/11/Logo-DTIEAO-2023-1.jpg 1255w" sizes="auto, (max-width: 1024px) 100vw, 1024px" /></figure>
</div>

<p>Jornada local del Proyecto WEL Compartimos experiencias El próximo lunes 16 de junio de 2025 tendremos la oportunidad de compartir experiencias y resultados sobre el proyecto WEL en la jornada local. Esta jornada nos permitirá conocer de primera mano los avances, resultados e impacto de los estudios llevados a cabo y abrir un espacio para [&hellip;]</p>
