{"id":745,"date":"2011-06-10T09:34:40","date_gmt":"2011-06-10T07:34:40","guid":{"rendered":"https:\/\/webs.uab.cat\/workshopmrama\/thursday\/"},"modified":"2026-04-24T13:41:46","modified_gmt":"2026-04-24T11:41:46","slug":"thursday","status":"publish","type":"page","link":"https:\/\/webs.uab.cat\/workshopmrama\/en\/thursday\/","title":{"rendered":"Thursday 26th \u2013 Thanksgiving day"},"content":{"rendered":"\n<p>9-9:15 a.m. Breakfast<\/p>\n\n\n\n<p>9:15-11:55 a.m. <a href=\"https:\/\/webs.uab.cat\/workshopmrama\/en\/laboratory-sessions\" target=\"_blank\" rel=\"noreferrer noopener\">2<sup>nd<\/sup> laboratory session<\/a><\/p>\n\n\n\n<p>9:15-11:55 a.m. <a href=\"https:\/\/webs.uab.cat\/workshopmrama\/en\/demonstrations\/\" target=\"_blank\" rel=\"noreferrer noopener\">Demonstrations<\/a>:<\/p>\n\n\n\n<p><strong>\u2022<\/strong>&nbsp;<em>Food quality and safety: how to move from reactive approach to proactive risk management<\/em> (<a href=\"https:\/\/www.biomerieux.com\/\" target=\"_blank\" rel=\"noreferrer noopener\"><strong>bioM\u00e9rieux Iberia<\/strong><\/a>)<\/p>\n\n\n\n<p><strong>\u2022<\/strong>&nbsp;<em>Deviations related to microbiological control in the food industry: management, corrective actions, and preventive measures<\/em> (<a href=\"https:\/\/www.en.aenor.com\/\" target=\"_blank\" rel=\"noreferrer noopener\"><strong>AENOR<\/strong><\/a>)<\/p>\n\n\n\n<p>11:55 a.m.-12:05 p.m. Break<\/p>\n\n\n\n<p>12:05-12:50 p.m.&nbsp;<strong><a href=\"https:\/\/webs.uab.cat\/workshopmrama\/en\/profiles\/\" target=\"_blank\" rel=\"noreferrer noopener\">Dr. Nathalie Gnanou Besse<\/a><\/strong> (French Agency for Food, Environmental and Occupational Health &amp; Safety \u2013ANSES\u2013, Maisons\u2010Alfort, France):<\/p>\n\n\n\n<p><strong>\u2022<\/strong>&nbsp;<em>Impact of false positives, atypical strains, and new <\/em>Listeria <em>species on results of <\/em>Listeria monocytogenes<em> analyses<\/em><\/p>\n\n\n\n<p>1-1:10 p.m. <a href=\"https:\/\/ddd.uab.cat\/record\/101794?ln=en\" target=\"_blank\" rel=\"noreferrer noopener\">Group photo<\/a>, by&nbsp;<a href=\"https:\/\/www.pixelker.com\/\" target=\"_blank\" rel=\"noreferrer noopener\">Pixelker<\/a> (and T-shirts by <a href=\"https:\/\/www.isonaimatge.com\/\" target=\"_blank\" rel=\"noreferrer noopener\">Isona Imatge i Protecci\u00f3<\/a>)<\/p>\n\n\n\n<p>1:10-2:10&nbsp;p.m. Lunch<\/p>\n\n\n\n<p>2:10-5:05&nbsp;p.m. <a href=\"https:\/\/webs.uab.cat\/workshopmrama\/en\/exhibition\/\" target=\"_blank\" rel=\"noreferrer noopener\">Microbiology companies \u00b7 exhibition<\/a>&nbsp;(<em><a href=\"https:\/\/webs.uab.cat\/workshopmrama\/en\/dr-fung-corner\/\" target=\"_blank\" rel=\"noreferrer noopener\">Fung<\/a><\/em> group):<\/p>\n\n\n\n<p><strong>\u2022<\/strong>&nbsp;<em>Confidence in rapid microbiology: role of proficiency testing<\/em>&nbsp;(<strong><a href=\"https:\/\/labnovasl.com\/programa-de-ensayos-de-aptitud-ecuante\/\" target=\"_blank\" rel=\"noreferrer noopener\">Ecuante Ensayos de Aptitud<\/a><\/strong>)<\/p>\n\n\n\n<p><strong>\u2022<\/strong>&nbsp;<em>Revolutionize your enviromental monitoring program and indicators organism testing in one platform<\/em> (<a href=\"https:\/\/www.hygiena.com\/\" target=\"_blank\" rel=\"noreferrer noopener\"><strong>Hygiena<\/strong><\/a>)<\/p>\n\n\n\n<p><strong>\u2022<\/strong>&nbsp;<em>Revolutionizing food safety with next generation sequencing<\/em> (<strong><a href=\"https:\/\/www.illumina.com\" target=\"_blank\" rel=\"noopener\">Illumina Productos Espa\u00f1a<\/a><\/strong>)<\/p>\n\n\n\n<p><strong>\u2022<\/strong> (<strong><a href=\"https:\/\/www.kersia-group.com\/\" target=\"_blank\" rel=\"noreferrer noopener\">Kersia Ib\u00e9rica<\/a><\/strong>)<\/p>\n\n\n\n<p><strong>\u2022<\/strong>&nbsp;<em>Food safety and food protection: a global perspective<\/em>&nbsp;(<strong><a href=\"https:\/\/www.thermofisher.com\/es\/en\/home\/industrial\/microbiology.html\" target=\"_blank\" rel=\"noopener\">Thermo Fisher Scientific<\/a><\/strong>)<\/p>\n\n\n\n<p>5:05-5:15 p.m. Break<\/p>\n\n\n\n<p>5:15-6 p.m. <strong>Dr. Montse Vila Brugalla <\/strong>and <strong>Mr. Samuel Porta\u00f1a Tudela<\/strong> (Barcelona Public Health Agency \u2013ASPB\u2013, Barcelona):<\/p>\n\n\n\n<p><strong>\u2022<\/strong>&nbsp;<em>Studies on safe shelf-life of ready-to-eat meals<\/em><\/p>\n\n\n\n<p>6-6:30 p.m. Open discussion about instrumentation in food microbiology, world trade trends, and other current topics. Conclusions. Participants:<\/p>\n\n\n\n<p><strong>\u2022<\/strong>&nbsp;Chairman: <strong><a href=\"https:\/\/webs.uab.cat\/workshopmrama\/en\/profiles\/\" target=\"_blank\" rel=\"noreferrer noopener\">Dr. Jos\u00e9 Juan Rodr\u00edguez Jerez<\/a><\/strong> (<em>Universitat Aut\u00f2noma de Barcelona<\/em>, Bellaterra \u2013Cerdanyola del Vall\u00e8s\u2013, Barcelona)<\/p>\n\n\n\n<p><strong>\u2022 Dr. Montse Vila Brugalla<\/strong><\/p>\n\n\n\n<p><strong>\u2022 <a href=\"https:\/\/webs.uab.cat\/workshopmrama\/en\/profiles\/\" target=\"_blank\" rel=\"noreferrer noopener\">Mr. David Tom\u00e1s Forn\u00e9s<\/a><\/strong> (Working Group on Standardisation in food chain microbiology, Valencia)<\/p>\n\n\n\n<p><strong>\u2022<\/strong>&nbsp;<strong>Ms. Itz\u00edar Olea Garc\u00eda<\/strong> (Thermo Fisher Scientific, Madrid)<\/p>\n\n\n\n<p><strong>\u2022<\/strong>&nbsp;<strong>Mr. Rub\u00e9n Melgarejo Ib\u00e1\u00f1ez<\/strong>&nbsp;(Illumina Productos Espa\u00f1a, Madrid)<\/p>\n\n\n\n<p><strong>\u2022<\/strong>&nbsp;<strong>Ms. Montserrat Enjuto Grijalba<\/strong> (Werfen, L&#8217;Hospitalet de Llobregat, Barcelona)<\/p>\n\n\n\n<p>6:30 p.m. Official adjournment of the workshop: celebration<\/p>\n\n\n\n<p><a href=\"https:\/\/webs.uab.cat\/workshopmrama\/en\/wednesday\/\">Wednesday, 25<sup>th<\/sup>&nbsp;November<\/a> \/ <a href=\"https:\/\/webs.uab.cat\/workshopmrama\/en\/friday\/\">Friday, 27<sup>th<\/sup> November<\/a><\/p>\n","protected":false},"excerpt":{"rendered":"<p>9-9:15 a.m. Breakfast 9:15-11:55 a.m. 2nd laboratory session 9:15-11:55 a.m. Demonstrations: \u2022&nbsp;Food quality and safety: how to move from reactive approach to proactive risk management (bioM\u00e9rieux Iberia) \u2022&nbsp;Deviations related to microbiological control in the food industry: management, corrective actions, and preventive measures (AENOR) 11:55 a.m.-12:05 p.m. Break 12:05-12:50 p.m.&nbsp;Dr. Nathalie Gnanou Besse (French Agency for [&hellip;]<\/p>\n","protected":false},"author":20,"featured_media":0,"parent":0,"menu_order":0,"comment_status":"closed","ping_status":"closed","template":"","meta":{"footnotes":""},"class_list":["post-745","page","type-page","status-publish","hentry"],"_links":{"self":[{"href":"https:\/\/webs.uab.cat\/workshopmrama\/en\/wp-json\/wp\/v2\/pages\/745","targetHints":{"allow":["GET"]}}],"collection":[{"href":"https:\/\/webs.uab.cat\/workshopmrama\/en\/wp-json\/wp\/v2\/pages"}],"about":[{"href":"https:\/\/webs.uab.cat\/workshopmrama\/en\/wp-json\/wp\/v2\/types\/page"}],"author":[{"embeddable":true,"href":"https:\/\/webs.uab.cat\/workshopmrama\/en\/wp-json\/wp\/v2\/users\/20"}],"replies":[{"embeddable":true,"href":"https:\/\/webs.uab.cat\/workshopmrama\/en\/wp-json\/wp\/v2\/comments?post=745"}],"version-history":[{"count":89,"href":"https:\/\/webs.uab.cat\/workshopmrama\/en\/wp-json\/wp\/v2\/pages\/745\/revisions"}],"predecessor-version":[{"id":8224,"href":"https:\/\/webs.uab.cat\/workshopmrama\/en\/wp-json\/wp\/v2\/pages\/745\/revisions\/8224"}],"wp:attachment":[{"href":"https:\/\/webs.uab.cat\/workshopmrama\/en\/wp-json\/wp\/v2\/media?parent=745"}],"curies":[{"name":"wp","href":"https:\/\/api.w.org\/{rel}","templated":true}]}}

<p>9-9:15 a.m. Breakfast</p>



<p>9:15-11:55 a.m. <a href="https://webs.uab.cat/workshopmrama/en/laboratory-sessions" target="_blank" rel="noreferrer noopener">2<sup>nd</sup> laboratory session</a></p>



<p>9:15-11:55 a.m. <a href="https://webs.uab.cat/workshopmrama/en/demonstrations/" target="_blank" rel="noreferrer noopener">Demonstrations</a>:</p>



<p><strong>•</strong>&nbsp;<em>Food quality and safety: how to move from reactive approach to proactive risk management</em> (<a href="https://www.biomerieux.com/" target="_blank" rel="noreferrer noopener"><strong>bioMérieux Iberia</strong></a>)</p>



<p><strong>•</strong>&nbsp;<em>Deviations related to microbiological control in the food industry: management, corrective actions, and preventive measures</em> (<a href="https://www.en.aenor.com/" target="_blank" rel="noreferrer noopener"><strong>AENOR</strong></a>)</p>



<p>11:55 a.m.-12:05 p.m. Break</p>



<p>12:05-12:50 p.m.&nbsp;<strong><a href="https://webs.uab.cat/workshopmrama/en/profiles/" target="_blank" rel="noreferrer noopener">Dr. Nathalie Gnanou Besse</a></strong> (French Agency for Food, Environmental and Occupational Health &amp; Safety –ANSES–, Maisons‐Alfort, France):</p>



<p><strong>•</strong>&nbsp;<em>Impact of false positives, atypical strains, and new </em>Listeria <em>species on results of </em>Listeria monocytogenes<em> analyses</em></p>



<p>1-1:10 p.m. <a href="https://ddd.uab.cat/record/101794?ln=en" target="_blank" rel="noreferrer noopener">Group photo</a>, by&nbsp;<a href="https://www.pixelker.com/" target="_blank" rel="noreferrer noopener">Pixelker</a> (and T-shirts by <a href="https://www.isonaimatge.com/" target="_blank" rel="noreferrer noopener">Isona Imatge i Protecció</a>)</p>



<p>1:10-2:10&nbsp;p.m. Lunch</p>



<p>2:10-5:05&nbsp;p.m. <a href="https://webs.uab.cat/workshopmrama/en/exhibition/" target="_blank" rel="noreferrer noopener">Microbiology companies · exhibition</a>&nbsp;(<em><a href="https://webs.uab.cat/workshopmrama/en/dr-fung-corner/" target="_blank" rel="noreferrer noopener">Fung</a></em> group):</p>



<p><strong>•</strong>&nbsp;<em>Confidence in rapid microbiology: role of proficiency testing</em>&nbsp;(<strong><a href="https://labnovasl.com/programa-de-ensayos-de-aptitud-ecuante/" target="_blank" rel="noreferrer noopener">Ecuante Ensayos de Aptitud</a></strong>)</p>



<p><strong>•</strong>&nbsp;<em>Revolutionize your enviromental monitoring program and indicators organism testing in one platform</em> (<a href="https://www.hygiena.com/" target="_blank" rel="noreferrer noopener"><strong>Hygiena</strong></a>)</p>



<p><strong>•</strong>&nbsp;<em>Revolutionizing food safety with next generation sequencing</em> (<strong><a href="https://www.illumina.com" target="_blank" rel="noopener">Illumina Productos España</a></strong>)</p>



<p><strong>•</strong> (<strong><a href="https://www.kersia-group.com/" target="_blank" rel="noreferrer noopener">Kersia Ibérica</a></strong>)</p>



<p><strong>•</strong>&nbsp;<em>Food safety and food protection: a global perspective</em>&nbsp;(<strong><a href="https://www.thermofisher.com/es/en/home/industrial/microbiology.html" target="_blank" rel="noopener">Thermo Fisher Scientific</a></strong>)</p>



<p>5:05-5:15 p.m. Break</p>



<p>5:15-6 p.m. <strong>Dr. Montse Vila Brugalla </strong>and <strong>Mr. Samuel Portaña Tudela</strong> (Barcelona Public Health Agency –ASPB–, Barcelona):</p>



<p><strong>•</strong>&nbsp;<em>Studies on safe shelf-life of ready-to-eat meals</em></p>



<p>6-6:30 p.m. Open discussion about instrumentation in food microbiology, world trade trends, and other current topics. Conclusions. Participants:</p>



<p><strong>•</strong>&nbsp;Chairman: <strong><a href="https://webs.uab.cat/workshopmrama/en/profiles/" target="_blank" rel="noreferrer noopener">Dr. José Juan Rodríguez Jerez</a></strong> (<em>Universitat Autònoma de Barcelona</em>, Bellaterra –Cerdanyola del Vallès–, Barcelona)</p>



<p><strong>• Dr. Montse Vila Brugalla</strong></p>



<p><strong>• <a href="https://webs.uab.cat/workshopmrama/en/profiles/" target="_blank" rel="noreferrer noopener">Mr. David Tomás Fornés</a></strong> (Working Group on Standardisation in food chain microbiology, Valencia)</p>



<p><strong>•</strong>&nbsp;<strong>Ms. Itzíar Olea García</strong> (Thermo Fisher Scientific, Madrid)</p>



<p><strong>•</strong>&nbsp;<strong>Mr. Rubén Melgarejo Ibáñez</strong>&nbsp;(Illumina Productos España, Madrid)</p>



<p><strong>•</strong>&nbsp;<strong>Ms. Montserrat Enjuto Grijalba</strong> (Werfen, L&#8217;Hospitalet de Llobregat, Barcelona)</p>



<p>6:30 p.m. Official adjournment of the workshop: celebration</p>



<p><a href="https://webs.uab.cat/workshopmrama/en/wednesday/">Wednesday, 25<sup>th</sup>&nbsp;November</a> / <a href="https://webs.uab.cat/workshopmrama/en/friday/">Friday, 27<sup>th</sup> November</a></p>

<p>9-9:15 a.m. Breakfast 9:15-11:55 a.m. 2nd laboratory session 9:15-11:55 a.m. Demonstrations: •&nbsp;Food quality and safety: how to move from reactive approach to proactive risk management (bioMérieux Iberia) •&nbsp;Deviations related to microbiological control in the food industry: management, corrective actions, and preventive measures (AENOR) 11:55 a.m.-12:05 p.m. Break 12:05-12:50 p.m.&nbsp;Dr. Nathalie Gnanou Besse (French Agency for [&hellip;]</p>
