{"id":104,"date":"2011-06-09T13:22:37","date_gmt":"2011-06-09T11:22:37","guid":{"rendered":"https:\/\/webs.uab.cat\/workshopmrama\/exhibiciones\/"},"modified":"2026-04-24T13:38:30","modified_gmt":"2026-04-24T11:38:30","slug":"exhibiciones","status":"publish","type":"page","link":"https:\/\/webs.uab.cat\/workshopmrama\/exhibiciones\/","title":{"rendered":"Exhibiciones"},"content":{"rendered":"<p><span style=\"font-size: revert;letter-spacing: 0.05rem\">Las empresas muestran y explican el funcionamiento de sus productos y sus servicios.<\/span><\/p>\n<p><span style=\"color: #7030a0\"><u>Martes, 24 de noviembre \u00b7 14:35-17:30 h<\/u>\u00a0(grupos <em><a style=\"color: #7030a0\" href=\"https:\/\/webs.uab.cat\/workshopmrama\/wp-content\/uploads\/sites\/312\/2011\/06\/Pasteur.pdf\" target=\"_blank\" rel=\"noopener\">Pasteur<\/a><\/em>, <em><a style=\"color: #7030a0\" href=\"https:\/\/webs.uab.cat\/workshopmrama\/rincon-dr-fung\/\" target=\"_blank\" rel=\"noopener\">Fung<\/a><\/em>, <em><a style=\"color: #7030a0\" href=\"https:\/\/es.wikipedia.org\/wiki\/Alice_Catherine_Evans\" target=\"_blank\" rel=\"noopener\">Evans<\/a><\/em>\u00a0y <em><a style=\"color: #7030a0\" href=\"https:\/\/es.wikipedia.org\/wiki\/Lynn_Margulis\" target=\"_blank\" rel=\"noopener\">Margulis<\/a><\/em>)<\/span><\/p>\n<p><strong>\u2022 Arquea Biological Innovations<\/strong>: <em>De 24 horas a menos de 60 minutos: detecci\u00f3n de <\/em>Listeria <em>directamente en planta, con fiabilidad equivalente a los m\u00e9todos acreditados<\/em><\/p>\n<p><strong>\u2022<\/strong> <strong>BisDetection<\/strong>: <em>BioDtex: inspecci\u00f3n UV-A para dejar de muestrear a ciegas y mejorar la validaci\u00f3n de limpieza<\/em><\/p>\n<p><strong>\u2022<\/strong> <strong>Deltalab member of SCGP<\/strong>: <a href=\"https:\/\/webs.uab.cat\/workshopmrama\/wp-content\/uploads\/sites\/312\/2025\/12\/deltalab.pdf\" target=\"_blank\" rel=\"noopener\"><em>Seguridad alimentaria: soluciones moleculares para al\u00e9rgenos, fraude y pat\u00f3genos emergentes<\/em><\/a><\/p>\n<p><strong>\u2022<\/strong> <strong>Interscience<\/strong>: <a href=\"https:\/\/webs.uab.cat\/workshopmrama\/wp-content\/uploads\/sites\/312\/2025\/11\/interscience.pdf\" target=\"_blank\" rel=\"noopener\"><em>Automatic colony counters: accuracy, repeatability and data integrity guaranteed<\/em><\/a><\/p>\n<p><strong>\u2022<\/strong> <strong>Werfen<\/strong>: <a href=\"https:\/\/webs.uab.cat\/workshopmrama\/wp-content\/uploads\/sites\/312\/2025\/11\/werfen.pdf\" target=\"_blank\" rel=\"noopener\"><em>Check &amp; Trace Salmonella 2.0: innovaci\u00f3n en el control de <\/em>Salmonella<em>\u00a0en la producci\u00f3n de prote\u00ednas animales<\/em><\/a><\/p>\n<p><span style=\"color: #7030a0\"><u>Mi\u00e9rcoles, 25 de noviembre \u00b7 <\/u><u>14:10-17:05 h<\/u> (grupos <em><a style=\"color: #7030a0\" href=\"https:\/\/webs.uab.cat\/workshopmrama\/wp-content\/uploads\/sites\/312\/2011\/06\/Pasteur.pdf\" target=\"_blank\" rel=\"noopener\">Pasteur<\/a><\/em>, <em><a style=\"color: #7030a0\" href=\"https:\/\/webs.uab.cat\/workshopmrama\/rincon-dr-fung\/\" target=\"_blank\" rel=\"noopener\">Fung<\/a><\/em>, <em><a style=\"color: #7030a0\" href=\"https:\/\/es.wikipedia.org\/wiki\/Alice_Catherine_Evans\" target=\"_blank\" rel=\"noopener\">Evans<\/a><\/em>\u00a0y <em><a style=\"color: #7030a0\" href=\"https:\/\/es.wikipedia.org\/wiki\/Lynn_Margulis\" target=\"_blank\" rel=\"noopener\">Margulis<\/a><\/em>)<\/span><\/p>\n<p><strong>\u2022<\/strong> <strong>LGC Standards<\/strong>: <a href=\"https:\/\/webs.uab.cat\/workshopmrama\/wp-content\/uploads\/sites\/312\/2025\/12\/lgc_standards.pdf\" target=\"_blank\" rel=\"noopener\"><em>Interlaboratorios: impulsando la calidad y la mejora continua en microbiolog\u00eda alimentaria<\/em><\/a><\/p>\n<p><strong>\u2022<\/strong> <strong>MicroPlanet Laboratorios<\/strong>: <em>Dime con qu\u00e9 muestreas y te dir\u00e9 qui\u00e9n eres<\/em><\/p>\n<p><strong>\u2022<\/strong> <strong>Neogen<\/strong> \/ <strong>Bioser<\/strong>: <a href=\"https:\/\/webs.uab.cat\/workshopmrama\/wp-content\/uploads\/sites\/312\/2025\/12\/neogen.pdf\" target=\"_blank\" rel=\"noopener\"><em>Controla hoy, evita problemas ma\u00f1ana. Superficies limpias, producci\u00f3n segura<\/em><\/a><\/p>\n<p><strong>\u2022<\/strong> <strong>oloBion<\/strong>: <em>Espectrometr\u00eda de masas aplicada a la multi\u00f3mica: maximiza la informaci\u00f3n obtenida de tus muestras<\/em><\/p>\n<p><strong>\u2022<\/strong> <strong>Quimivita<\/strong>: <a href=\"https:\/\/webs.uab.cat\/workshopmrama\/wp-content\/uploads\/sites\/312\/2025\/12\/quimivita.pdf\" target=\"_blank\" rel=\"noopener\"><em>Preparaci\u00f3n, a temperatura ambiente, de salsas y gelatinas mediante mezcladora de alto cizallamiento: c\u00f3mo formular con un menor contenido en espesante, reduciendo el coste de materias primas y el tiempo de mezclado<\/em><\/a><\/p>\n<p><span style=\"color: #7030a0\"><u>Jueves, 26 de noviembre \u2013 <em>Thanksgiving day<\/em> \u00b7 <\/u><u>14:10-17:05 h<\/u> (grupos <em><a style=\"color: #7030a0\" href=\"https:\/\/webs.uab.cat\/workshopmrama\/wp-content\/uploads\/sites\/312\/2011\/06\/Pasteur.pdf\" target=\"_blank\" rel=\"noopener\">Pasteur<\/a><\/em>, <em><a style=\"color: #7030a0\" href=\"https:\/\/webs.uab.cat\/workshopmrama\/rincon-dr-fung\/\" target=\"_blank\" rel=\"noopener\">Fung<\/a><\/em>, <em><a style=\"color: #7030a0\" href=\"https:\/\/es.wikipedia.org\/wiki\/Alice_Catherine_Evans\" target=\"_blank\" rel=\"noopener\">Evans<\/a><\/em>\u00a0y <em><a style=\"color: #7030a0\" href=\"https:\/\/es.wikipedia.org\/wiki\/Lynn_Margulis\" target=\"_blank\" rel=\"noopener\">Margulis<\/a><\/em>)<\/span><\/p>\n<p><strong>\u2022<\/strong> <strong>Ecuante Ensayos de Aptitud<\/strong>: <em>Confianza en la microbiolog\u00eda r\u00e1pida: el papel de los ensayos de aptitud<\/em><\/p>\n<p><strong>\u2022<\/strong> <strong>Hygiena<\/strong>: <a href=\"https:\/\/webs.uab.cat\/workshopmrama\/wp-content\/uploads\/sites\/312\/2025\/12\/hygiena.pdf\" target=\"_blank\" rel=\"noopener\"><em>Revolucione su programa de monitoreo ambiental y sus tests de microorganismos con una sola plataforma digital<\/em><\/a><\/p>\n<p><strong>\u2022<\/strong> <strong>Illumina Productos Espa\u00f1a<\/strong>: <a href=\"https:\/\/webs.uab.cat\/workshopmrama\/wp-content\/uploads\/sites\/312\/2025\/12\/illumina.pdf\" target=\"_blank\" rel=\"noopener\"><em>Revolucionando la seguridad alimentaria con secuenciaci\u00f3n de nueva generaci\u00f3n<\/em><\/a><\/p>\n<p><strong>\u2022<\/strong> <strong>Kersia Ib\u00e9rica<\/strong>:<\/p>\n<p><strong>\u2022<\/strong> <strong>Thermo Fisher Scientific<\/strong>: <a href=\"https:\/\/webs.uab.cat\/workshopmrama\/wp-content\/uploads\/sites\/312\/2025\/12\/thermo_fisher_scientific.pdf\" target=\"_blank\" rel=\"noopener\"><em>Seguridad y protecci\u00f3n alimentarias: perspectiva global<\/em><\/a><\/p>\n<p><span style=\"color: #7030a0\"><span style=\"text-decoration: underline\">GRUPOS<\/span>:<\/span><\/p>\n<p><span style=\"color: #7030a0\"><strong>Grupo <em><a style=\"color: #7030a0\" href=\"https:\/\/webs.uab.cat\/workshopmrama\/wp-content\/uploads\/sites\/312\/2011\/06\/Pasteur.pdf\" target=\"_blank\" rel=\"noopener\">Pasteur<\/a><\/em> (tardes)<\/strong><\/span><\/p>\n<p>\u2022 [&#8230;]<br \/>\n\u2022 <strong>[&#8230;] (gu\u00eda de grupo)<\/strong><\/p>\n<p><span style=\"color: #7030a0\"><strong>Grupo <em><a style=\"color: #7030a0\" href=\"https:\/\/webs.uab.cat\/workshopmrama\/rincon-dr-fung\/\" target=\"_blank\" rel=\"noopener\">Fung<\/a><\/em>\u00a0(tardes)<\/strong><\/span><\/p>\n<p>\u2022 [&#8230;]<br \/>\n\u2022 <strong>[&#8230;] (gu\u00eda de grupo)<\/strong><\/p>\n<p><span style=\"color: #7030a0\"><strong>Grupo <em><a style=\"color: #7030a0\" href=\"https:\/\/es.wikipedia.org\/wiki\/Alice_Catherine_Evans\" target=\"_blank\" rel=\"noopener\">Evans <\/a><\/em>(tarde martes 25, ma\u00f1anas mi\u00e9rcoles 26 y jueves 27)<\/strong><\/span><\/p>\n<p>\u2022 [&#8230;]<br \/>\n\u2022 <strong>[&#8230;] (gu\u00eda de grupo)<\/strong><\/p>\n<p><span style=\"color: #7030a0\"><strong>Grupo <em><a style=\"color: #7030a0\" href=\"https:\/\/es.wikipedia.org\/wiki\/Lynn_Margulis\" target=\"_blank\" rel=\"noopener\">Margulis<\/a><\/em> (tarde martes 25, ma\u00f1anas mi\u00e9rcoles 26 y jueves 27)<\/strong><\/span><\/p>\n<p>\u2022 [&#8230;]<br \/>\n\u2022 <strong>[&#8230;] (gu\u00eda de grupo)<\/strong><\/p>\n","protected":false},"excerpt":{"rendered":"<p>Las empresas muestran y explican el funcionamiento de sus productos y sus servicios. Martes, 24 de noviembre \u00b7 14:35-17:30 h\u00a0(grupos Pasteur, Fung, Evans\u00a0y Margulis) \u2022 Arquea Biological Innovations: De 24 horas a menos de 60 minutos: detecci\u00f3n de Listeria directamente en planta, con fiabilidad equivalente a los m\u00e9todos acreditados \u2022 BisDetection: BioDtex: inspecci\u00f3n UV-A para [&hellip;]<\/p>\n","protected":false},"author":20,"featured_media":0,"parent":0,"menu_order":0,"comment_status":"closed","ping_status":"closed","template":"","meta":{"footnotes":""},"class_list":["post-104","page","type-page","status-publish","hentry"],"_links":{"self":[{"href":"https:\/\/webs.uab.cat\/workshopmrama\/wp-json\/wp\/v2\/pages\/104","targetHints":{"allow":["GET"]}}],"collection":[{"href":"https:\/\/webs.uab.cat\/workshopmrama\/wp-json\/wp\/v2\/pages"}],"about":[{"href":"https:\/\/webs.uab.cat\/workshopmrama\/wp-json\/wp\/v2\/types\/page"}],"author":[{"embeddable":true,"href":"https:\/\/webs.uab.cat\/workshopmrama\/wp-json\/wp\/v2\/users\/20"}],"replies":[{"embeddable":true,"href":"https:\/\/webs.uab.cat\/workshopmrama\/wp-json\/wp\/v2\/comments?post=104"}],"version-history":[{"count":99,"href":"https:\/\/webs.uab.cat\/workshopmrama\/wp-json\/wp\/v2\/pages\/104\/revisions"}],"predecessor-version":[{"id":8220,"href":"https:\/\/webs.uab.cat\/workshopmrama\/wp-json\/wp\/v2\/pages\/104\/revisions\/8220"}],"wp:attachment":[{"href":"https:\/\/webs.uab.cat\/workshopmrama\/wp-json\/wp\/v2\/media?parent=104"}],"curies":[{"name":"wp","href":"https:\/\/api.w.org\/{rel}","templated":true}]}}