{"id":1311,"date":"2011-09-23T21:53:17","date_gmt":"2011-09-23T19:53:17","guid":{"rendered":"https:\/\/webs.uab.cat\/workshopmrama\/microplanet-laboratorios\/"},"modified":"2024-07-24T11:31:12","modified_gmt":"2024-07-24T09:31:12","slug":"microplanet-laboratorios","status":"publish","type":"page","link":"https:\/\/webs.uab.cat\/workshopmrama\/microplanet-laboratorios\/","title":{"rendered":""},"content":{"rendered":"\n<p><a href=\"http:\/\/www.microplanet-psl.com\/es\" target=\"_blank\" rel=\"noopener\"><strong>MicroPlanet Laboratorios<\/strong><\/a><\/p>\n\n\n\n<ul class=\"wp-block-list\">\n<li><a href=\"https:\/\/webs.uab.cat\/workshopmrama\/wp-content\/uploads\/sites\/312\/2021\/06\/microbiologia_industrial.pdf\" data-type=\"attachment\" data-id=\"1322\" target=\"_blank\" rel=\"noreferrer noopener\">Microbiolog\u00eda industrial<\/a><\/li>\n\n\n\n<li><a href=\"https:\/\/webs.uab.cat\/workshopmrama\/wp-content\/uploads\/sites\/312\/2021\/06\/control_superficies.pdf\" data-type=\"attachment\" data-id=\"1316\" target=\"_blank\" rel=\"noreferrer noopener\">Control de superficies<\/a><\/li>\n\n\n\n<li><a href=\"https:\/\/webs.uab.cat\/workshopmrama\/wp-content\/uploads\/sites\/312\/2021\/06\/enviromax_plus.pdf\" data-type=\"attachment\" data-id=\"1320\" target=\"_blank\" rel=\"noreferrer noopener\"><em>EnviroMax Plus<\/em><\/a><\/li>\n\n\n\n<li><a href=\"https:\/\/webs.uab.cat\/workshopmrama\/wp-content\/uploads\/sites\/312\/2021\/06\/hygiene_control_environmental_monitoring.pdf\" data-type=\"attachment\" data-id=\"1360\" target=\"_blank\" rel=\"noreferrer noopener\"><em>Transwab<\/em>, <em>Steriswab<\/em>, <em>Dryswab<\/em>, <em>Polywipes<\/em>\u00a0y\u00a0<em>Flexiswab<\/em><\/a><\/li>\n\n\n\n<li><a href=\"https:\/\/webs.uab.cat\/workshopmrama\/wp-content\/uploads\/sites\/312\/2021\/06\/compact_dry.pdf\" data-type=\"attachment\" data-id=\"1314\" target=\"_blank\" rel=\"noreferrer noopener\">Placas <em>Compact-Dry<\/em><\/a><\/li>\n\n\n\n<li><a href=\"https:\/\/webs.uab.cat\/workshopmrama\/wp-content\/uploads\/sites\/312\/2021\/06\/qga.pdf\" data-type=\"attachment\" data-id=\"1324\" target=\"_blank\" rel=\"noreferrer noopener\"><em>QGA<\/em><\/a><\/li>\n\n\n\n<li><a href=\"https:\/\/webs.uab.cat\/workshopmrama\/wp-content\/uploads\/sites\/312\/2022\/02\/microplanet_laboratorios.pdf\" data-type=\"attachment\" data-id=\"151\" target=\"_blank\" rel=\"noreferrer noopener\">An\u00e1lisis microbiol\u00f3gicos, placas miniaturizadas (presentaci\u00f3n multimedia)<\/a><\/li>\n<\/ul>\n","protected":false},"excerpt":{"rendered":"<p>MicroPlanet Laboratorios<\/p>\n","protected":false},"author":20,"featured_media":0,"parent":0,"menu_order":0,"comment_status":"closed","ping_status":"closed","template":"","meta":{"footnotes":""},"class_list":["post-1311","page","type-page","status-publish","hentry"],"_links":{"self":[{"href":"https:\/\/webs.uab.cat\/workshopmrama\/wp-json\/wp\/v2\/pages\/1311","targetHints":{"allow":["GET"]}}],"collection":[{"href":"https:\/\/webs.uab.cat\/workshopmrama\/wp-json\/wp\/v2\/pages"}],"about":[{"href":"https:\/\/webs.uab.cat\/workshopmrama\/wp-json\/wp\/v2\/types\/page"}],"author":[{"embeddable":true,"href":"https:\/\/webs.uab.cat\/workshopmrama\/wp-json\/wp\/v2\/users\/20"}],"replies":[{"embeddable":true,"href":"https:\/\/webs.uab.cat\/workshopmrama\/wp-json\/wp\/v2\/comments?post=1311"}],"version-history":[{"count":5,"href":"https:\/\/webs.uab.cat\/workshopmrama\/wp-json\/wp\/v2\/pages\/1311\/revisions"}],"predecessor-version":[{"id":5615,"href":"https:\/\/webs.uab.cat\/workshopmrama\/wp-json\/wp\/v2\/pages\/1311\/revisions\/5615"}],"wp:attachment":[{"href":"https:\/\/webs.uab.cat\/workshopmrama\/wp-json\/wp\/v2\/media?parent=1311"}],"curies":[{"name":"wp","href":"https:\/\/api.w.org\/{rel}","templated":true}]}}