{"id":1685,"date":"2019-11-23T09:04:28","date_gmt":"2019-11-23T07:04:28","guid":{"rendered":"https:\/\/webs.uab.cat\/workshopmrama\/himedia-laboratories\/"},"modified":"2023-05-08T11:48:12","modified_gmt":"2023-05-08T09:48:12","slug":"himedia-laboratories","status":"publish","type":"page","link":"https:\/\/webs.uab.cat\/workshopmrama\/himedia-laboratories\/","title":{"rendered":""},"content":{"rendered":"\n<p><a href=\"http:\/\/www.himedialabs.com\/HML\/Pages\/default.aspx\" target=\"_blank\" rel=\"noopener\">HiMedia Laboratories<\/a>: distribuido por&nbsp;<a href=\"http:\/\/geno-chem.com\" target=\"_blank\" rel=\"noopener\">GenoChem World<\/a><\/p>\n\n\n\n<ul class=\"wp-block-list\"><li><a href=\"https:\/\/webs.uab.cat\/workshopmrama\/wp-content\/uploads\/sites\/312\/2019\/11\/hitouch_flexiplate.pdf\" data-type=\"attachment\" data-id=\"1697\" target=\"_blank\" rel=\"noreferrer noopener\"><em>HiTouch <\/em>Flexi<em>Plate<\/em><\/a><\/li><li><a href=\"https:\/\/webs.uab.cat\/workshopmrama\/wp-content\/uploads\/sites\/312\/2019\/11\/hicrome.pdf\" data-type=\"attachment\" data-id=\"1691\" target=\"_blank\" rel=\"noreferrer noopener\">Hi<em>Crome<\/em><\/a><\/li><li><a rel=\"noopener\" href=\"http:\/\/jornades.uab.cat\/workshopmrama\/sites\/jornades.uab.cat.workshopmrama\/files\/cca.pdf\" target=\"_blank\"><em>Agar C<\/em><\/a><em><a href=\"https:\/\/webs.uab.cat\/workshopmrama\/wp-content\/uploads\/sites\/312\/2019\/11\/cca.pdf\" data-type=\"attachment\" data-id=\"1705\" target=\"_blank\" rel=\"noreferrer noopener\">r<\/a><\/em><a rel=\"noopener\" href=\"http:\/\/jornades.uab.cat\/workshopmrama\/sites\/jornades.uab.cat.workshopmrama\/files\/cca.pdf\" target=\"_blank\"><em>omog\u00e9nico para Coliformes<\/em> Hi<em>Crome<\/em><\/a><\/li><li><a href=\"https:\/\/webs.uab.cat\/workshopmrama\/wp-content\/uploads\/sites\/312\/2019\/11\/hifill_hiveg_media.pdf\" data-type=\"attachment\" data-id=\"1693\" target=\"_blank\" rel=\"noreferrer noopener\">Medios de cultivo <em>HiFill HiVeg<\/em><\/a><\/li><li><a href=\"https:\/\/webs.uab.cat\/workshopmrama\/wp-content\/uploads\/sites\/312\/2019\/11\/water_testing_kits.pdf\" data-type=\"attachment\" data-id=\"1703\" target=\"_blank\" rel=\"noreferrer noopener\"><em>Kits<\/em> para an\u00e1lisis de aguas<\/a><\/li><li><em><a href=\"https:\/\/webs.uab.cat\/workshopmrama\/wp-content\/uploads\/sites\/312\/2019\/11\/hibio_id.pdf\" data-type=\"attachment\" data-id=\"1689\" target=\"_blank\" rel=\"noreferrer noopener\">Hibio-ID<\/a><\/em><\/li><li><a href=\"https:\/\/webs.uab.cat\/workshopmrama\/wp-content\/uploads\/sites\/312\/2019\/11\/bacteriological_differentiation_discs.pdf\" data-type=\"attachment\" data-id=\"1687\" target=\"_blank\" rel=\"noreferrer noopener\">Discos de diferenciaci\u00f3n bacteriol\u00f3gica<\/a><\/li><li><a href=\"https:\/\/webs.uab.cat\/workshopmrama\/wp-content\/uploads\/sites\/312\/2019\/11\/microbiological_stain_kits.pdf\" data-type=\"attachment\" data-id=\"1701\" target=\"_blank\" rel=\"noreferrer noopener\"><em>Kits<\/em> para tinciones microbiol\u00f3gicas<\/a><\/li><li><a href=\"https:\/\/webs.uab.cat\/workshopmrama\/wp-content\/uploads\/sites\/312\/2019\/11\/hirapid_test_kits.pdf\" data-type=\"attachment\" data-id=\"1695\" target=\"_blank\" rel=\"noreferrer noopener\"><em>HiRapid Test kits<\/em><\/a><\/li><li><a href=\"https:\/\/webs.uab.cat\/workshopmrama\/wp-content\/uploads\/sites\/312\/2019\/11\/insta_q96_q48.pdf\" data-type=\"attachment\" data-id=\"1699\" target=\"_blank\" rel=\"noreferrer noopener\"><em>Insta Q96<\/em> e <em>Insta Q48<\/em><\/a><\/li><li><a href=\"https:\/\/webs.uab.cat\/workshopmrama\/wp-content\/uploads\/sites\/312\/2019\/11\/genochem_world_himedia_laboratories.pdf\" data-type=\"attachment\" data-id=\"1683\" target=\"_blank\" rel=\"noreferrer noopener\">Nueva aproximaci\u00f3n de microbiolog\u00eda industrial (presentaci\u00f3n multimedia)<\/a><\/li><\/ul>\n","protected":false},"excerpt":{"rendered":"<p>HiMedia Laboratories: distribuido por&nbsp;GenoChem World HiTouch FlexiPlate HiCrome Agar Cromog\u00e9nico para Coliformes HiCrome Medios de cultivo HiFill HiVeg Kits para an\u00e1lisis de aguas Hibio-ID Discos de diferenciaci\u00f3n bacteriol\u00f3gica Kits para tinciones microbiol\u00f3gicas HiRapid Test kits Insta Q96 e Insta Q48 Nueva aproximaci\u00f3n de microbiolog\u00eda industrial (presentaci\u00f3n multimedia)<\/p>\n","protected":false},"author":20,"featured_media":0,"parent":0,"menu_order":0,"comment_status":"closed","ping_status":"closed","template":"","meta":{"footnotes":""},"class_list":["post-1685","page","type-page","status-publish","hentry"],"_links":{"self":[{"href":"https:\/\/webs.uab.cat\/workshopmrama\/wp-json\/wp\/v2\/pages\/1685","targetHints":{"allow":["GET"]}}],"collection":[{"href":"https:\/\/webs.uab.cat\/workshopmrama\/wp-json\/wp\/v2\/pages"}],"about":[{"href":"https:\/\/webs.uab.cat\/workshopmrama\/wp-json\/wp\/v2\/types\/page"}],"author":[{"embeddable":true,"href":"https:\/\/webs.uab.cat\/workshopmrama\/wp-json\/wp\/v2\/users\/20"}],"replies":[{"embeddable":true,"href":"https:\/\/webs.uab.cat\/workshopmrama\/wp-json\/wp\/v2\/comments?post=1685"}],"version-history":[{"count":3,"href":"https:\/\/webs.uab.cat\/workshopmrama\/wp-json\/wp\/v2\/pages\/1685\/revisions"}],"predecessor-version":[{"id":3502,"href":"https:\/\/webs.uab.cat\/workshopmrama\/wp-json\/wp\/v2\/pages\/1685\/revisions\/3502"}],"wp:attachment":[{"href":"https:\/\/webs.uab.cat\/workshopmrama\/wp-json\/wp\/v2\/media?parent=1685"}],"curies":[{"name":"wp","href":"https:\/\/api.w.org\/{rel}","templated":true}]}}