{"id":1741,"date":"2011-06-29T12:20:26","date_gmt":"2011-06-29T10:20:26","guid":{"rendered":"https:\/\/webs.uab.cat\/workshopmrama\/idiomas\/"},"modified":"2024-10-22T12:09:19","modified_gmt":"2024-10-22T10:09:19","slug":"idiomas","status":"publish","type":"page","link":"https:\/\/webs.uab.cat\/workshopmrama\/idiomas\/","title":{"rendered":"Idiomas"},"content":{"rendered":"\n<p>El <em>workshop<\/em>\u00a0se imparte en espa\u00f1ol.<\/p>\n\n\n\n<p>Traducci\u00f3n simult\u00e1nea (no disponible este a\u00f1o), a cargo de:<\/p>\n\n\n<div class=\"wp-block-image\">\n<figure class=\"aligncenter is-resized\"><a href=\"https:\/\/www.teclat.com\/es\" target=\"_blank\" rel=\"noopener\"><img loading=\"lazy\" decoding=\"async\" width=\"350\" height=\"70\" src=\"https:\/\/webs.uab.cat\/workshopmrama\/wp-content\/uploads\/sites\/312\/2011\/06\/teclat.jpg\" alt=\"\" class=\"wp-image-1250\" style=\"width:149px;height:30px\" title=\"\" srcset=\"https:\/\/webs.uab.cat\/workshopmrama\/wp-content\/uploads\/sites\/312\/2011\/06\/teclat.jpg 350w, https:\/\/webs.uab.cat\/workshopmrama\/wp-content\/uploads\/sites\/312\/2011\/06\/teclat-300x60.jpg 300w\" sizes=\"auto, (max-width: 350px) 100vw, 350px\" \/><\/a><\/figure>\n<\/div>\n\n\n<p class=\"has-text-align-center\"><\/p>\n","protected":false},"excerpt":{"rendered":"<p>El workshop\u00a0se imparte en espa\u00f1ol. Traducci\u00f3n simult\u00e1nea (no disponible este a\u00f1o), a cargo de:<\/p>\n","protected":false},"author":20,"featured_media":0,"parent":0,"menu_order":0,"comment_status":"closed","ping_status":"closed","template":"","meta":{"footnotes":""},"class_list":["post-1741","page","type-page","status-publish","hentry"],"_links":{"self":[{"href":"https:\/\/webs.uab.cat\/workshopmrama\/wp-json\/wp\/v2\/pages\/1741","targetHints":{"allow":["GET"]}}],"collection":[{"href":"https:\/\/webs.uab.cat\/workshopmrama\/wp-json\/wp\/v2\/pages"}],"about":[{"href":"https:\/\/webs.uab.cat\/workshopmrama\/wp-json\/wp\/v2\/types\/page"}],"author":[{"embeddable":true,"href":"https:\/\/webs.uab.cat\/workshopmrama\/wp-json\/wp\/v2\/users\/20"}],"replies":[{"embeddable":true,"href":"https:\/\/webs.uab.cat\/workshopmrama\/wp-json\/wp\/v2\/comments?post=1741"}],"version-history":[{"count":8,"href":"https:\/\/webs.uab.cat\/workshopmrama\/wp-json\/wp\/v2\/pages\/1741\/revisions"}],"predecessor-version":[{"id":5858,"href":"https:\/\/webs.uab.cat\/workshopmrama\/wp-json\/wp\/v2\/pages\/1741\/revisions\/5858"}],"wp:attachment":[{"href":"https:\/\/webs.uab.cat\/workshopmrama\/wp-json\/wp\/v2\/media?parent=1741"}],"curies":[{"name":"wp","href":"https:\/\/api.w.org\/{rel}","templated":true}]}}